{"id":751571,"date":"2025-08-28T04:52:42","date_gmt":"2025-08-28T01:52:42","guid":{"rendered":"https:\/\/roveyayinevi.com.tr\/index.php\/urun\/gardenya\/"},"modified":"2026-04-16T03:04:49","modified_gmt":"2026-04-16T00:04:49","slug":"gardenya","status":"publish","type":"product","link":"https:\/\/roveyayinevi.com.tr\/index.php\/urun\/gardenya\/","title":{"rendered":"Gardenya"},"content":{"rendered":"<p>Uzakla\u015ft\u0131klar\u0131m ile hi\u00e7 yak\u0131n\u0131na ula\u015famad\u0131klar\u0131m i\u00e7in derin bir sessizli\u011fe ba\u011fl\u0131 kayg\u0131lar\u0131mdan kaynaklanan \u00fcz\u00fcnt\u00fclerime bulamad\u0131\u011f\u0131m \u00e7arelerin benden \u00e7ok uzakta oldu\u011funu bildik\u00e7e, \u00e7aresizli\u011fin ve giden ile hi\u00e7 gelmeyecek olan\u0131n kavgas\u0131 aras\u0131nda ge\u00e7mi\u015fe \u00f6zlem duyarak ve gelecekten hem gelmesini bekleyerek hem de ondan korkarak ya\u015famak, bu narin bedenimin i\u00e7ine hapsolmu\u015f duygusal ruhumu sanki bir mengene i\u00e7erisinde s\u0131k\u0131\u015ft\u0131r\u0131yormu\u015f\u00e7as\u0131na ac\u0131t\u0131yor&#8230; <\/p>\n","protected":false},"excerpt":{"rendered":"<p>Uzakla\u015ft\u0131klar\u0131m ile hi\u00e7 yak\u0131n\u0131na ula\u015famad\u0131klar\u0131m i\u00e7in derin bir sessizli\u011fe ba\u011fl\u0131 kayg\u0131lar\u0131mdan kaynaklanan \u00fcz\u00fcnt\u00fclerime bulamad\u0131\u011f\u0131m \u00e7arelerin benden \u00e7ok uzakta oldu\u011funu bildik\u00e7e, \u00e7aresizli\u011fin ve giden ile hi\u00e7 gelmeyecek<span class=\"excerpt-hellip\"> [\u2026]<\/span><\/p>\n","protected":false},"featured_media":0,"template":"","meta":{"_monsterinsights_skip_tracking":false,"_monsterinsights_sitenote_active":false,"_monsterinsights_sitenote_note":"","_monsterinsights_sitenote_category":0},"product_brand":[],"product_cat":[12291,12509],"product_tag":[],"class_list":{"0":"post-751571","1":"product","2":"type-product","3":"status-publish","5":"product_cat-edebiyat","6":"product_cat-siir","7":"pa_cilt-ciltsiz","8":"pa_tur-kitap","9":"pa_yayinevi-gulnar-yayinlari","10":"pa_yazar-konur-alp-demir","12":"first","13":"instock","14":"sale","15":"shipping-taxable","16":"purchasable","17":"product-type-simple"},"_links":{"self":[{"href":"https:\/\/roveyayinevi.com.tr\/index.php\/wp-json\/wp\/v2\/product\/751571","targetHints":{"allow":["GET"]}}],"collection":[{"href":"https:\/\/roveyayinevi.com.tr\/index.php\/wp-json\/wp\/v2\/product"}],"about":[{"href":"https:\/\/roveyayinevi.com.tr\/index.php\/wp-json\/wp\/v2\/types\/product"}],"wp:attachment":[{"href":"https:\/\/roveyayinevi.com.tr\/index.php\/wp-json\/wp\/v2\/media?parent=751571"}],"wp:term":[{"taxonomy":"product_brand","embeddable":true,"href":"https:\/\/roveyayinevi.com.tr\/index.php\/wp-json\/wp\/v2\/product_brand?post=751571"},{"taxonomy":"product_cat","embeddable":true,"href":"https:\/\/roveyayinevi.com.tr\/index.php\/wp-json\/wp\/v2\/product_cat?post=751571"},{"taxonomy":"product_tag","embeddable":true,"href":"https:\/\/roveyayinevi.com.tr\/index.php\/wp-json\/wp\/v2\/product_tag?post=751571"}],"curies":[{"name":"wp","href":"https:\/\/api.w.org\/{rel}","templated":true}]}}