{"id":751569,"date":"2025-08-28T04:52:38","date_gmt":"2025-08-28T01:52:38","guid":{"rendered":"https:\/\/roveyayinevi.com.tr\/index.php\/urun\/bir-roman-kadar-uzun\/"},"modified":"2026-04-16T03:04:49","modified_gmt":"2026-04-16T00:04:49","slug":"bir-roman-kadar-uzun","status":"publish","type":"product","link":"https:\/\/roveyayinevi.com.tr\/index.php\/urun\/bir-roman-kadar-uzun\/","title":{"rendered":"Bir Roman Kadar Uzun"},"content":{"rendered":"<p>Elimin de\u011fdi\u011fi, bir zamanlar elinin de\u011fdi\u011fi her belge \u201cEski Sokak\u201da g\u00f6t\u00fcr\u00fcyor beni. K\u00f6m\u00fcr faturalar\u0131, do\u011fup b\u00fcy\u00fcd\u00fc\u011f\u00fcm ah\u015fap evin oturma odas\u0131na, \u00fczerinde eski bir \u00e7aydanl\u0131\u011f\u0131n fokurdad\u0131\u011f\u0131 sobaya, yanan odun k\u00f6m\u00fcr\u00fcn \u00e7\u0131t\u0131rt\u0131lar\u0131n\u0131 dinleyerek uykuya dal\u0131\u015flar\u0131ma; Pencere oyununun taslaklar\u0131, hep ayn\u0131 pencerenin \u00f6n\u00fcnde oturup sokaktan gelip ge\u00e7enleri izleyerek g\u00fcnleri t\u00fcketen fel\u00e7li anneanneme; okul defterlerimizin bir y\u00fcz\u00fc bo\u015f kalan sayfalar\u0131na not ald\u0131\u011f\u0131n dizeler, soka\u011f\u0131n devam\u0131ndaki ilkokuluma, o sokakta neler ya\u015fand\u0131ysa hepsine\u2026    Bir Roman Kadar Uzun, ba\u015far\u0131l\u0131 bir yazar\u0131n hayat\u0131na de\u011fmi\u015f isimlerden olu\u015fan, s\u0131ralamas\u0131 kar\u0131\u015f\u0131k bir s\u00f6zl\u00fck asl\u0131nda. Beh\u00e7et Necatigil\u2019in tertemiz an\u0131s\u0131yla ba\u015flay\u0131p \u015fairin evine konuk olan edebiyat\u00e7\u0131lar\u0131n aras\u0131na kat\u0131l\u0131yor, orta halli bir memur\/yazar ailesinin m\u00fctevaz\u0131 ya\u015fam ve g\u00fczellik u\u011fra\u015f\u0131n\u0131 hayranl\u0131kla okuyoruz. Sonra ba\u015fka yazarlar giriyor hayat\u0131m\u0131za. K\u00e2muran \u015eipal\u2019den Sait Faik\u2019e, Adalet A\u011fao\u011flu\u2019ndan Siegfried Lenz\u2019e uzanan an\u0131lar, tan\u0131kl\u0131klar, a\u015fina oldu\u011fumuz ya da hi\u00e7 bilmedi\u011fimiz hayatlar.   G\u00fclten Ak\u0131n\u2019\u0131n dedi\u011fi gibi biraz: \u201cBir roman kadar uzun bu t\u00fcmce \/ Sonra i\u015fte ya\u015fland\u0131m.\u201d   Elinizdeki kitap, \u201cEski Sokak\u201dtan d\u00fcnyaya do\u011fru geni\u015fleyen bir harita. Bir yazar\u0131 yazar yapan \u015fairler, yazarlar, arkada\u015flar\u2026 hepsi haritada bir noktada bize g\u00fcl\u00fcms\u00fcyor. <\/p>\n","protected":false},"excerpt":{"rendered":"<p>Elimin de\u011fdi\u011fi, bir zamanlar elinin de\u011fdi\u011fi her belge \u201cEski Sokak\u201da g\u00f6t\u00fcr\u00fcyor beni. K\u00f6m\u00fcr faturalar\u0131, do\u011fup b\u00fcy\u00fcd\u00fc\u011f\u00fcm ah\u015fap evin oturma odas\u0131na, \u00fczerinde eski bir \u00e7aydanl\u0131\u011f\u0131n fokurdad\u0131\u011f\u0131 sobaya,<span class=\"excerpt-hellip\"> [\u2026]<\/span><\/p>\n","protected":false},"featured_media":0,"template":"","meta":{"_monsterinsights_skip_tracking":false,"_monsterinsights_sitenote_active":false,"_monsterinsights_sitenote_note":"","_monsterinsights_sitenote_category":0},"product_brand":[],"product_cat":[13701,12291],"product_tag":[],"class_list":{"0":"post-751569","1":"product","2":"type-product","3":"status-publish","5":"product_cat-ani-mektup-gunluk","6":"product_cat-edebiyat","7":"pa_cilt-ciltsiz","8":"pa_tur-kitap","9":"pa_yayinevi-can-yayinlari","10":"pa_yazar-ayse-sarisayin","12":"first","13":"instock","14":"sale","15":"shipping-taxable","16":"purchasable","17":"product-type-simple"},"_links":{"self":[{"href":"https:\/\/roveyayinevi.com.tr\/index.php\/wp-json\/wp\/v2\/product\/751569","targetHints":{"allow":["GET"]}}],"collection":[{"href":"https:\/\/roveyayinevi.com.tr\/index.php\/wp-json\/wp\/v2\/product"}],"about":[{"href":"https:\/\/roveyayinevi.com.tr\/index.php\/wp-json\/wp\/v2\/types\/product"}],"wp:attachment":[{"href":"https:\/\/roveyayinevi.com.tr\/index.php\/wp-json\/wp\/v2\/media?parent=751569"}],"wp:term":[{"taxonomy":"product_brand","embeddable":true,"href":"https:\/\/roveyayinevi.com.tr\/index.php\/wp-json\/wp\/v2\/product_brand?post=751569"},{"taxonomy":"product_cat","embeddable":true,"href":"https:\/\/roveyayinevi.com.tr\/index.php\/wp-json\/wp\/v2\/product_cat?post=751569"},{"taxonomy":"product_tag","embeddable":true,"href":"https:\/\/roveyayinevi.com.tr\/index.php\/wp-json\/wp\/v2\/product_tag?post=751569"}],"curies":[{"name":"wp","href":"https:\/\/api.w.org\/{rel}","templated":true}]}}