{"id":751564,"date":"2025-08-28T04:52:29","date_gmt":"2025-08-28T01:52:29","guid":{"rendered":"https:\/\/roveyayinevi.com.tr\/index.php\/urun\/varligin-gizemi\/"},"modified":"2025-11-13T09:14:38","modified_gmt":"2025-11-13T06:14:38","slug":"varligin-gizemi","status":"publish","type":"product","link":"https:\/\/roveyayinevi.com.tr\/index.php\/urun\/varligin-gizemi\/","title":{"rendered":"Varl\u0131\u011f\u0131n Gizemi"},"content":{"rendered":"<p>John Kaag, evlili\u011finde ve kariyerinde yolunu kaybetmi\u015f gen\u00e7 bir filozofken New Hampshire\u2019\u0131n i\u00e7 b\u00f6lgelerinde, \u00fcnl\u00fc Harvard filozofu William Ernest Hocking\u2019e ait West Wind malik\u00e2nesine denk gelir. Hocking, felsefenin dev isimlerinin sonuncusudur. Amerikan felsefesi ve psikolojisinin kurucusu William James\u2019in ak\u0131m\u0131na aittir. Kaag, William James\u2019e kar\u015f\u0131 b\u00fcy\u00fck bir yak\u0131nl\u0131k hissetmektedir. Bu inan\u0131lmaz kitap, James\u2019in \u201cHayat ya\u015famaya de\u011fer mi?\u201d sorusuna cevap aramaktad\u0131r.       Kaag\u2019\u0131n Hocking k\u00fct\u00fcphanesinde ke\u015ffetti\u011fi kitaplar k\u00fcf tutmu\u015ftur. Fakat Kaag bu kitaplar\u0131n \u00f6nemini fark edince onlar\u0131 kurtarmaya karar verir. West Wind k\u00fct\u00fcphanesinde Whitman\u2019\u0131n el yazmalar\u0131 ve Frost\u2019un notlar\u0131 d\u0131\u015f\u0131nda Hobbes, Descartes ve Kant\u2019a ait birinci bask\u0131lar da bulunmaktad\u0131r. Kaag bu paha bi\u00e7ilmez ciltleri okumaya ba\u015flay\u0131nca \u00e7\u0131kt\u0131\u011f\u0131 yolculuk onu felsefenin hayatla dolu prensiplerini \u2013kendine yetebilme, pragmatizm ve y\u00fccelik\u2013 ke\u015ffetmesini sa\u011flar ve zeki, gen\u00e7 bir Kant\u00e7\u0131 ile Hocking kitaplar\u0131n\u0131 restore eder.       Yar\u0131 entelekt\u00fcel tarih, yar\u0131 otobiyografi olan Varl\u0131\u011f\u0131n Gizemi a\u015fk, \u00f6zg\u00fcrl\u00fck ve bilgeli\u011fin insan\u0131n hayat\u0131na y\u00f6n vermede oynayabilece\u011fi rol \u00fczerine yaz\u0131lm\u0131\u015ft\u0131r. <\/p>\n","protected":false},"excerpt":{"rendered":"<p>John Kaag, evlili\u011finde ve kariyerinde yolunu kaybetmi\u015f gen\u00e7 bir filozofken New Hampshire\u2019\u0131n i\u00e7 b\u00f6lgelerinde, \u00fcnl\u00fc Harvard filozofu William Ernest Hocking\u2019e ait West Wind malik\u00e2nesine denk gelir.<span class=\"excerpt-hellip\"> [\u2026]<\/span><\/p>\n","protected":false},"featured_media":0,"template":"","meta":{"_monsterinsights_skip_tracking":false,"_monsterinsights_sitenote_active":false,"_monsterinsights_sitenote_note":"","_monsterinsights_sitenote_category":0},"product_brand":[],"product_cat":[12364,12376],"product_tag":[],"class_list":{"0":"post-751564","1":"product","2":"type-product","3":"status-publish","5":"product_cat-genel-konular","6":"product_cat-kisisel-gelisim","7":"pa_cilt-ciltsiz","8":"pa_tur-kitap","9":"pa_yayinevi-ren-kitap","10":"pa_yazar-john-kaag","12":"first","13":"instock","14":"sale","15":"shipping-taxable","16":"purchasable","17":"product-type-simple"},"_links":{"self":[{"href":"https:\/\/roveyayinevi.com.tr\/index.php\/wp-json\/wp\/v2\/product\/751564","targetHints":{"allow":["GET"]}}],"collection":[{"href":"https:\/\/roveyayinevi.com.tr\/index.php\/wp-json\/wp\/v2\/product"}],"about":[{"href":"https:\/\/roveyayinevi.com.tr\/index.php\/wp-json\/wp\/v2\/types\/product"}],"wp:attachment":[{"href":"https:\/\/roveyayinevi.com.tr\/index.php\/wp-json\/wp\/v2\/media?parent=751564"}],"wp:term":[{"taxonomy":"product_brand","embeddable":true,"href":"https:\/\/roveyayinevi.com.tr\/index.php\/wp-json\/wp\/v2\/product_brand?post=751564"},{"taxonomy":"product_cat","embeddable":true,"href":"https:\/\/roveyayinevi.com.tr\/index.php\/wp-json\/wp\/v2\/product_cat?post=751564"},{"taxonomy":"product_tag","embeddable":true,"href":"https:\/\/roveyayinevi.com.tr\/index.php\/wp-json\/wp\/v2\/product_tag?post=751564"}],"curies":[{"name":"wp","href":"https:\/\/api.w.org\/{rel}","templated":true}]}}