{"id":751554,"date":"2025-08-28T04:52:15","date_gmt":"2025-08-28T01:52:15","guid":{"rendered":"https:\/\/roveyayinevi.com.tr\/index.php\/urun\/elma-burunlu-kardan-adam\/"},"modified":"2026-04-16T03:04:49","modified_gmt":"2026-04-16T00:04:49","slug":"elma-burunlu-kardan-adam","status":"publish","type":"product","link":"https:\/\/roveyayinevi.com.tr\/index.php\/urun\/elma-burunlu-kardan-adam\/","title":{"rendered":"Elma Burunlu Kardan Adam"},"content":{"rendered":"<p>Sizin yolunuz, hi\u00e7 kaybolmu\u015f bir kardan adam ile kesi\u015fti mi? \u00dcstelik her zaman s\u0131cak olan Darika\u2019da? *** Lili, \u00c7a\u00e7a ve Leo; hayatlar\u0131 boyunca hi\u00e7 kar g\u00f6rmemi\u015fti. Hatta d\u00fcnya \u00f6yle yorgundu ki, mevsimler kar\u0131\u015fm\u0131\u015f, d\u00fczensizle\u015fmi\u015fti. K\u0131\u015f mevsimini de, kardan adamlar\u0131 da sadece b\u00fcy\u00fckannelerinin anlatt\u0131\u011f\u0131 masallardan biliyorlard\u0131.   Ta ki Karbi ile tan\u0131\u015fana kadar! \u0130\u015fte \u015fimdi, b\u00fcy\u00fck bir g\u00f6rev onlar\u0131 bekliyordu: Kaybolmu\u015f Kardan Adam Karbi\u2019yi evine g\u00f6t\u00fcrmek! \u00dcstelik erimesine engel olarak! Kim bilir! Bu macera ile belki de yorgun d\u00fcnyan\u0131n da g\u00f6nl\u00fcn\u00fc alabilirlerdi&#8230; *** \u201cBiraz daha anlat b\u00fcy\u00fckanne. Ger\u00e7ekten her yer bembeyaz m\u0131 olurdu?\u201d<\/p>\n","protected":false},"excerpt":{"rendered":"<p>Sizin yolunuz, hi\u00e7 kaybolmu\u015f bir kardan adam ile kesi\u015fti mi? \u00dcstelik her zaman s\u0131cak olan Darika\u2019da? *** Lili, \u00c7a\u00e7a ve Leo; hayatlar\u0131 boyunca hi\u00e7 kar g\u00f6rmemi\u015fti.<span class=\"excerpt-hellip\"> [\u2026]<\/span><\/p>\n","protected":false},"featured_media":0,"template":"","meta":{"_monsterinsights_skip_tracking":false,"_monsterinsights_sitenote_active":false,"_monsterinsights_sitenote_note":"","_monsterinsights_sitenote_category":0},"product_brand":[],"product_cat":[12274,12284],"product_tag":[],"class_list":{"0":"post-751554","1":"product","2":"type-product","3":"status-publish","5":"product_cat-cocuk-ve-genclik-kitaplari","6":"product_cat-hikayeler","7":"pa_cilt-ciltsiz","8":"pa_tur-kitap","9":"pa_yayinevi-luna-cocuk-yayinlari","10":"pa_yazar-pinar-ozer-bas","12":"first","13":"instock","14":"sale","15":"shipping-taxable","16":"purchasable","17":"product-type-simple"},"_links":{"self":[{"href":"https:\/\/roveyayinevi.com.tr\/index.php\/wp-json\/wp\/v2\/product\/751554","targetHints":{"allow":["GET"]}}],"collection":[{"href":"https:\/\/roveyayinevi.com.tr\/index.php\/wp-json\/wp\/v2\/product"}],"about":[{"href":"https:\/\/roveyayinevi.com.tr\/index.php\/wp-json\/wp\/v2\/types\/product"}],"wp:attachment":[{"href":"https:\/\/roveyayinevi.com.tr\/index.php\/wp-json\/wp\/v2\/media?parent=751554"}],"wp:term":[{"taxonomy":"product_brand","embeddable":true,"href":"https:\/\/roveyayinevi.com.tr\/index.php\/wp-json\/wp\/v2\/product_brand?post=751554"},{"taxonomy":"product_cat","embeddable":true,"href":"https:\/\/roveyayinevi.com.tr\/index.php\/wp-json\/wp\/v2\/product_cat?post=751554"},{"taxonomy":"product_tag","embeddable":true,"href":"https:\/\/roveyayinevi.com.tr\/index.php\/wp-json\/wp\/v2\/product_tag?post=751554"}],"curies":[{"name":"wp","href":"https:\/\/api.w.org\/{rel}","templated":true}]}}