{"id":751545,"date":"2025-08-28T04:52:00","date_gmt":"2025-08-28T01:52:00","guid":{"rendered":"https:\/\/roveyayinevi.com.tr\/index.php\/urun\/kimsenin-olmedigi-bir-cinayet-oykusu\/"},"modified":"2026-04-16T03:04:48","modified_gmt":"2026-04-16T00:04:48","slug":"kimsenin-olmedigi-bir-cinayet-oykusu","status":"publish","type":"product","link":"https:\/\/roveyayinevi.com.tr\/index.php\/urun\/kimsenin-olmedigi-bir-cinayet-oykusu\/","title":{"rendered":"Kimsenin O\u0308lmedig\u0306i Bir Cinayet O\u0308yku\u0308s\u00fc"},"content":{"rendered":"<p>Ekmek yanarsa ku\u0308l, bozulursa ku\u0308f kokar. Her s\u0327ey bozuldug\u0306u gibi kar\u0131s\u0327\u0131r havaya. Her s\u0327ey gittig\u0306i gibi kal\u0131r. Annemin kokusu o\u0308nce u\u0308stu\u0308mu\u0308zden gitti; sonra bu hal\u0131lardan, rengini sadece babam\u0131n sevdig\u0306i koltuklardan, mutfaktaki bezlerden, es\u0327ikteki paspaslardan, tu\u0308l perdelerden. Dolapta elbise b\u0131raksayd\u0131 oradan kolay kolay gitmezdi kokusu ama elbiselerinin hepsini kendiyle go\u0308tu\u0308rdu\u0308. I\u0307nsan bir parc\u0327a elbisesini bilerek de olsa b\u0131rakmaz m\u0131 giderken? Ka\u0302inata s\u0131g\u0306mayan annem bir valize s\u0131g\u0306\u0131p gitti. Nereden c\u0327\u0131karsa c\u0327\u0131ks\u0131n mutfaktan c\u0327\u0131kmazd\u0131 kokusu derdim. Oradan da gitti. Benzeri go\u0308ru\u0308lmemis\u0327 bir cinayet sorus\u0327turmas\u0131. Olaylar\u0131n tam ortas\u0131nda meczup u\u0308c\u0327 kardes\u0327: Nizam, I\u0307lhan ve C\u0327etin. Babalar\u0131na go\u0308re, dog\u0306arken amel defterleri kapal\u0131ym\u0131s\u0327 gariplerin, eksik dog\u0306mus\u0327lar&#8230; Anneleri Gu\u0308lizar ise s\u0131rra kadem basm\u0131s\u0327. Gidis\u0327i hem derin bir yara hem de koca bir muamma&#8230; Ali I\u0307pek, Kimsenin O\u0308lmedig\u0306i Bir Cinayet O\u0308yku\u0308su\u0308\u2019nde gerc\u0327eg\u0306i herkesin bilmesine rag\u0306men susmay\u0131 tercih ettig\u0306i bir hika\u0302ye anlat\u0131yor. Ama gerc\u0327eklerin er ya da gec\u0327 ortaya c\u0327\u0131kmak gibi bir huyu oldug\u0306unu hat\u0131rlatarak&#8230;<\/p>\n","protected":false},"excerpt":{"rendered":"<p>Ekmek yanarsa ku\u0308l, bozulursa ku\u0308f kokar. Her s\u0327ey bozuldug\u0306u gibi kar\u0131s\u0327\u0131r havaya. Her s\u0327ey gittig\u0306i gibi kal\u0131r. Annemin kokusu o\u0308nce u\u0308stu\u0308mu\u0308zden gitti; sonra bu hal\u0131lardan, rengini<span class=\"excerpt-hellip\"> [\u2026]<\/span><\/p>\n","protected":false},"featured_media":0,"template":"","meta":{"_monsterinsights_skip_tracking":false,"_monsterinsights_sitenote_active":false,"_monsterinsights_sitenote_note":"","_monsterinsights_sitenote_category":0},"product_brand":[],"product_cat":[12291,12711],"product_tag":[],"class_list":{"0":"post-751545","1":"product","2":"type-product","3":"status-publish","5":"product_cat-edebiyat","6":"product_cat-roman-oyku","7":"pa_cilt-ciltsiz","8":"pa_tur-kitap","9":"pa_yayinevi-iletisim-yayinlari","10":"pa_yazar-ali-ipek","12":"first","13":"instock","14":"sale","15":"shipping-taxable","16":"purchasable","17":"product-type-simple"},"_links":{"self":[{"href":"https:\/\/roveyayinevi.com.tr\/index.php\/wp-json\/wp\/v2\/product\/751545","targetHints":{"allow":["GET"]}}],"collection":[{"href":"https:\/\/roveyayinevi.com.tr\/index.php\/wp-json\/wp\/v2\/product"}],"about":[{"href":"https:\/\/roveyayinevi.com.tr\/index.php\/wp-json\/wp\/v2\/types\/product"}],"wp:attachment":[{"href":"https:\/\/roveyayinevi.com.tr\/index.php\/wp-json\/wp\/v2\/media?parent=751545"}],"wp:term":[{"taxonomy":"product_brand","embeddable":true,"href":"https:\/\/roveyayinevi.com.tr\/index.php\/wp-json\/wp\/v2\/product_brand?post=751545"},{"taxonomy":"product_cat","embeddable":true,"href":"https:\/\/roveyayinevi.com.tr\/index.php\/wp-json\/wp\/v2\/product_cat?post=751545"},{"taxonomy":"product_tag","embeddable":true,"href":"https:\/\/roveyayinevi.com.tr\/index.php\/wp-json\/wp\/v2\/product_tag?post=751545"}],"curies":[{"name":"wp","href":"https:\/\/api.w.org\/{rel}","templated":true}]}}