{"id":751543,"date":"2025-08-28T04:51:57","date_gmt":"2025-08-28T01:51:57","guid":{"rendered":"https:\/\/roveyayinevi.com.tr\/index.php\/urun\/duz-dunyacilar\/"},"modified":"2026-04-13T03:10:40","modified_gmt":"2026-04-13T00:10:40","slug":"duz-dunyacilar","status":"publish","type":"product","link":"https:\/\/roveyayinevi.com.tr\/index.php\/urun\/duz-dunyacilar\/","title":{"rendered":"D\u00fcz D\u00fcnyac\u0131lar"},"content":{"rendered":"<p>\u201cKendi kars\u0327\u0131s\u0131na c\u0327\u0131k\u0131verse kendi de kendinden korkard\u0131; c\u0327ok iriydi bir kere, go\u0308rdu\u0308g\u0306u\u0308n go\u0308receg\u0306in en iri ko\u0308peg\u0306i bununla mukayese et, o ince belli c\u0327ay bardag\u0306\u0131ysa bu on sekiz bardakl\u0131k semaverdi, o\u0308yle bir iri, o\u0308yle bir iri. Bir h\u0131rlas\u0131n, elli kiloluk hiltiyle asfalt deliyormus\u0327, bir havlas\u0131n, go\u0308k gu\u0308rlemis\u0327 sesi c\u0327\u0131kar\u0131rd\u0131. (&#8230;) Korkunc\u0327tu, bunu kabul ediyordu, ama s\u0327unu da kabul ediyordu, go\u0308rdu\u0308g\u0306u\u0308 onca eziyete rag\u0306men ne insan ne hayvan, kimseye bir kast\u0131 olmam\u0131s\u0327t\u0131. (&#8230;) Fenal\u0131k etmekten \u0131srarla c\u0327ekinir, mecbur kalmad\u0131kc\u0327a insan olsun hayvan olsun kimseye ilis\u0327mez, b\u0131rak ilis\u0327meyi, yan go\u0308zle bile bakmazd\u0131.\u201d \u00dc\u00e7 ko\u0308peg\u0306in, arafta bir merhumun, bir du\u0308z du\u0308nyac\u0131 meleg\u0306in, bir de apartman sakinlerinin hika\u0302yesi bu. Ko\u0308peklerden biri \u201cnas\u0131l temiz, nas\u0131l saf, nas\u0131l gu\u0308zel avanak\u201d bir kara azman&#8230; Biri Angara\u2019n\u0131n cello bello tak\u0131m\u0131ndan bir beyaz&#8230; Biri yu\u0308rek yakan bir a\u0302fet. Bo\u0308yle bir u\u0308c\u0327lu\u0308 c\u0327ete. Araftakinin du\u0308nyas\u0131 ahireti birbirine dolanm\u0131s\u0327, feleg\u0306ini s\u0327as\u0327\u0131rm\u0131s\u0327. Apartman sakinleri ve dahi mahalle halk\u0131, \u201crecm s\u0327ehvetine\u201d kap\u0131lm\u0131s\u0327, \u201citlaf ekibi\u201d duas\u0131na c\u0327\u0131km\u0131s\u0327c\u0327as\u0131na ko\u0308pek tas\u0327l\u0131yor. Du\u0308z du\u0308nyac\u0131 melek, \u201ckurt c\u0327akal bir, bo\u0308rtu\u0308 bo\u0308cek bir, c\u0327al\u0131 c\u0327ic\u0327ek bir, dal budak bir, ag\u0306ac\u0327 orman bir, orman insan bir, her s\u0327eyin bir\u201d oldug\u0306unu anlat\u0131yor sab\u0131rla. Bu\u0308tu\u0308n bunlar\u0131n birbiriyle ne alakas\u0131 var peki? I\u0307s\u0327te, du\u0308z du\u0308nya hikmeti.<\/p>\n","protected":false},"excerpt":{"rendered":"<p>\u201cKendi kars\u0327\u0131s\u0131na c\u0327\u0131k\u0131verse kendi de kendinden korkard\u0131; c\u0327ok iriydi bir kere, go\u0308rdu\u0308g\u0306u\u0308n go\u0308receg\u0306in en iri ko\u0308peg\u0306i bununla mukayese et, o ince belli c\u0327ay bardag\u0306\u0131ysa bu on<span class=\"excerpt-hellip\"> [\u2026]<\/span><\/p>\n","protected":false},"featured_media":0,"template":"","meta":{"_monsterinsights_skip_tracking":false,"_monsterinsights_sitenote_active":false,"_monsterinsights_sitenote_note":"","_monsterinsights_sitenote_category":0},"product_brand":[],"product_cat":[12291,12711],"product_tag":[],"class_list":{"0":"post-751543","1":"product","2":"type-product","3":"status-publish","5":"product_cat-edebiyat","6":"product_cat-roman-oyku","7":"pa_cilt-ciltsiz","8":"pa_tur-kitap","9":"pa_yayinevi-iletisim-yayinlari","10":"pa_yazar-sezgin-kaymaz","12":"first","13":"instock","14":"sale","15":"shipping-taxable","16":"purchasable","17":"product-type-simple"},"_links":{"self":[{"href":"https:\/\/roveyayinevi.com.tr\/index.php\/wp-json\/wp\/v2\/product\/751543","targetHints":{"allow":["GET"]}}],"collection":[{"href":"https:\/\/roveyayinevi.com.tr\/index.php\/wp-json\/wp\/v2\/product"}],"about":[{"href":"https:\/\/roveyayinevi.com.tr\/index.php\/wp-json\/wp\/v2\/types\/product"}],"wp:attachment":[{"href":"https:\/\/roveyayinevi.com.tr\/index.php\/wp-json\/wp\/v2\/media?parent=751543"}],"wp:term":[{"taxonomy":"product_brand","embeddable":true,"href":"https:\/\/roveyayinevi.com.tr\/index.php\/wp-json\/wp\/v2\/product_brand?post=751543"},{"taxonomy":"product_cat","embeddable":true,"href":"https:\/\/roveyayinevi.com.tr\/index.php\/wp-json\/wp\/v2\/product_cat?post=751543"},{"taxonomy":"product_tag","embeddable":true,"href":"https:\/\/roveyayinevi.com.tr\/index.php\/wp-json\/wp\/v2\/product_tag?post=751543"}],"curies":[{"name":"wp","href":"https:\/\/api.w.org\/{rel}","templated":true}]}}