{"id":751539,"date":"2025-08-28T04:51:52","date_gmt":"2025-08-28T01:51:52","guid":{"rendered":"https:\/\/roveyayinevi.com.tr\/index.php\/urun\/bilginin-baslangici\/"},"modified":"2026-04-16T03:04:48","modified_gmt":"2026-04-16T00:04:48","slug":"bilginin-baslangici","status":"publish","type":"product","link":"https:\/\/roveyayinevi.com.tr\/index.php\/urun\/bilginin-baslangici\/","title":{"rendered":"Bilginin Ba\u015flang\u0131c\u0131"},"content":{"rendered":"<p>Bu kitap, Gadamer\u2019in Presokratikler \u00fczerine daha \u00f6nce yay\u0131mlanm\u0131\u015f ancak (Almanca ve \u0130ngilizceye) hi\u00e7 \u00e7evrilmemi\u015f makalelerinin tamam\u0131n\u0131 bir araya getirmektedir. Herakleitos fragmanlar\u0131n\u0131n hermen\u00f6tik ve filolojik incelemesiyle ba\u015flayan Gadamer, daha sonra Yunan Atomcular\u0131 ve Presokratik kozmologlar \u00fczerine bir tart\u0131\u015fmaya ge\u00e7er. Son iki makalesinde Gadamer, modern bilimsel d\u00fc\u015f\u00fcncenin Yunan felsefe gelene\u011fine olan derin borcunu ayr\u0131nt\u0131l\u0131 bir \u015fekilde ele al\u0131r. <\/p>\n","protected":false},"excerpt":{"rendered":"<p>Bu kitap, Gadamer\u2019in Presokratikler \u00fczerine daha \u00f6nce yay\u0131mlanm\u0131\u015f ancak (Almanca ve \u0130ngilizceye) hi\u00e7 \u00e7evrilmemi\u015f makalelerinin tamam\u0131n\u0131 bir araya getirmektedir. Herakleitos fragmanlar\u0131n\u0131n hermen\u00f6tik ve filolojik incelemesiyle ba\u015flayan<span class=\"excerpt-hellip\"> [\u2026]<\/span><\/p>\n","protected":false},"featured_media":0,"template":"","meta":{"_monsterinsights_skip_tracking":false,"_monsterinsights_sitenote_active":false,"_monsterinsights_sitenote_note":"","_monsterinsights_sitenote_category":0},"product_brand":[],"product_cat":[13005,15998],"product_tag":[],"class_list":{"0":"post-751539","1":"product","2":"type-product","3":"status-publish","5":"product_cat-bilim-muhendislik","6":"product_cat-bilim-tarihi","7":"pa_cilt-ciltsiz","8":"pa_tur-kitap","9":"pa_yayinevi-albaraka-yayinlari","10":"pa_yazar-hans-georg-gadamer","12":"first","13":"instock","14":"sale","15":"shipping-taxable","16":"purchasable","17":"product-type-simple"},"_links":{"self":[{"href":"https:\/\/roveyayinevi.com.tr\/index.php\/wp-json\/wp\/v2\/product\/751539","targetHints":{"allow":["GET"]}}],"collection":[{"href":"https:\/\/roveyayinevi.com.tr\/index.php\/wp-json\/wp\/v2\/product"}],"about":[{"href":"https:\/\/roveyayinevi.com.tr\/index.php\/wp-json\/wp\/v2\/types\/product"}],"wp:attachment":[{"href":"https:\/\/roveyayinevi.com.tr\/index.php\/wp-json\/wp\/v2\/media?parent=751539"}],"wp:term":[{"taxonomy":"product_brand","embeddable":true,"href":"https:\/\/roveyayinevi.com.tr\/index.php\/wp-json\/wp\/v2\/product_brand?post=751539"},{"taxonomy":"product_cat","embeddable":true,"href":"https:\/\/roveyayinevi.com.tr\/index.php\/wp-json\/wp\/v2\/product_cat?post=751539"},{"taxonomy":"product_tag","embeddable":true,"href":"https:\/\/roveyayinevi.com.tr\/index.php\/wp-json\/wp\/v2\/product_tag?post=751539"}],"curies":[{"name":"wp","href":"https:\/\/api.w.org\/{rel}","templated":true}]}}