{"id":751536,"date":"2025-08-28T04:51:48","date_gmt":"2025-08-28T01:51:48","guid":{"rendered":"https:\/\/roveyayinevi.com.tr\/index.php\/urun\/seyahat-mektuplari-1877-1914\/"},"modified":"2026-04-16T03:04:48","modified_gmt":"2026-04-16T00:04:48","slug":"seyahat-mektuplari-1877-1914","status":"publish","type":"product","link":"https:\/\/roveyayinevi.com.tr\/index.php\/urun\/seyahat-mektuplari-1877-1914\/","title":{"rendered":"Seyahat Mektuplar\u0131 1877-1914"},"content":{"rendered":"<p>Seyahat Mektuplar\u0131 sizi Max Weber\u2019in ihti\u015faml\u0131 d\u00fcnyas\u0131na \u00e7a\u011f\u0131r\u0131yor. Weber\u2019in s\u00f6z konusu mektuplar\u0131 farkl\u0131 \u00fclkelerdeki say\u0131s\u0131z k\u00fclt\u00fcrel kar\u015f\u0131la\u015fmay\u0131 kaps\u0131yor. Bu samimi ve dokunakl\u0131 mektuplar arac\u0131l\u0131\u011f\u0131yla okuyucular, Weber\u2019le birlikte e\u011flenceli ve bilgilendirici bir ke\u015fif yolculu\u011funa \u00e7\u0131k\u0131yor. Bu kitap sadece Weber\u2019in keskin g\u00f6zlemlerini ve i\u00e7g\u00f6r\u00fclerini de\u011fil, ayn\u0131 zamanda onun ki\u015fisel d\u00fcnyas\u0131n\u0131 da sunuyor. Bu \u00f6zel yaz\u0131\u015fmalar, Weber\u2019in akademik ki\u015fili\u011finin gizledi\u011fi i\u00e7 d\u00fcnyas\u0131n\u0131 ve insani y\u00f6n\u00fcn\u00fc ayd\u0131nlat\u0131yor. Seyahat Mektuplar\u0131 Weber\u2019in \u00e7ocuklu\u011fundan itibaren s\u0131n\u0131rs\u0131z g\u00f6zlem g\u00fcc\u00fcn\u00fcn ve merak\u0131n\u0131n bir kan\u0131t\u0131n\u0131 olu\u015fturuyor. \u0130ster bir sosyoloji \u00f6\u011frencisi ister hevesli bir gezgin ya da sadece merakl\u0131 bir okuyucu olun, Seyahat Mektuplar\u0131 sizi tarihin en etkili sosyal d\u00fc\u015f\u00fcn\u00fcrlerinden birinin d\u00fcnyas\u0131na bir ke\u015fif gezisine davet ediyor.<\/p>\n","protected":false},"excerpt":{"rendered":"<p>Seyahat Mektuplar\u0131 sizi Max Weber\u2019in ihti\u015faml\u0131 d\u00fcnyas\u0131na \u00e7a\u011f\u0131r\u0131yor. Weber\u2019in s\u00f6z konusu mektuplar\u0131 farkl\u0131 \u00fclkelerdeki say\u0131s\u0131z k\u00fclt\u00fcrel kar\u015f\u0131la\u015fmay\u0131 kaps\u0131yor. Bu samimi ve dokunakl\u0131 mektuplar arac\u0131l\u0131\u011f\u0131yla okuyucular, Weber\u2019le<span class=\"excerpt-hellip\"> [\u2026]<\/span><\/p>\n","protected":false},"featured_media":0,"template":"","meta":{"_monsterinsights_skip_tracking":false,"_monsterinsights_sitenote_active":false,"_monsterinsights_sitenote_note":"","_monsterinsights_sitenote_category":0},"product_brand":[],"product_cat":[12324],"product_tag":[],"class_list":{"0":"post-751536","1":"product","2":"type-product","3":"status-publish","5":"product_cat-sosyoloji","6":"pa_cilt-ciltsiz","7":"pa_tur-kitap","8":"pa_yayinevi-albaraka-yayinlari","9":"pa_yazar-max-weber","11":"first","12":"instock","13":"sale","14":"shipping-taxable","15":"purchasable","16":"product-type-simple"},"_links":{"self":[{"href":"https:\/\/roveyayinevi.com.tr\/index.php\/wp-json\/wp\/v2\/product\/751536","targetHints":{"allow":["GET"]}}],"collection":[{"href":"https:\/\/roveyayinevi.com.tr\/index.php\/wp-json\/wp\/v2\/product"}],"about":[{"href":"https:\/\/roveyayinevi.com.tr\/index.php\/wp-json\/wp\/v2\/types\/product"}],"wp:attachment":[{"href":"https:\/\/roveyayinevi.com.tr\/index.php\/wp-json\/wp\/v2\/media?parent=751536"}],"wp:term":[{"taxonomy":"product_brand","embeddable":true,"href":"https:\/\/roveyayinevi.com.tr\/index.php\/wp-json\/wp\/v2\/product_brand?post=751536"},{"taxonomy":"product_cat","embeddable":true,"href":"https:\/\/roveyayinevi.com.tr\/index.php\/wp-json\/wp\/v2\/product_cat?post=751536"},{"taxonomy":"product_tag","embeddable":true,"href":"https:\/\/roveyayinevi.com.tr\/index.php\/wp-json\/wp\/v2\/product_tag?post=751536"}],"curies":[{"name":"wp","href":"https:\/\/api.w.org\/{rel}","templated":true}]}}