{"id":751529,"date":"2025-08-28T04:51:39","date_gmt":"2025-08-28T01:51:39","guid":{"rendered":"https:\/\/roveyayinevi.com.tr\/index.php\/urun\/halk-hekimlerinin-hazinesi\/"},"modified":"2026-04-16T03:04:48","modified_gmt":"2026-04-16T00:04:48","slug":"halk-hekimlerinin-hazinesi","status":"publish","type":"product","link":"https:\/\/roveyayinevi.com.tr\/index.php\/urun\/halk-hekimlerinin-hazinesi\/","title":{"rendered":"Halk Hekimlerinin Hazinesi"},"content":{"rendered":"<p>1695 farkl\u0131 bitkinin halk hekimli\u011finde kullan\u0131\u015f\u0131 Bilimsel Referanslar I\u015f\u0131\u011f\u0131nda Anadolu Halk \u0130la\u00e7lar\u0131 Envanteri   G\u00fcn\u00fcm\u00fcz ila\u00e7 ve tedavi uygulamalar\u0131n\u0131n bilinmedi\u011fi d\u00f6nemlerde t\u00fcm d\u00fcnyada insanlar, geleneksel tedavi sistemlerinden yararlanm\u0131\u015ft\u0131r.   T\u00fcrkiye, \u00fc\u00e7 farkl\u0131 floristik ku\u015fa\u011f\u0131n (Kuzeyde Avrupa-Sibirya; Bat\u0131 ve G\u00fcneyde Akdeniz; \u0130\u00e7 ve Do\u011fuda \u0130ran-Turan) kesi\u015fme noktas\u0131ndad\u0131r. Bunun sonucu olarak, \u015fimdiye kadar te\u015fhisi tamamlanan 12.000\u2019e yakla\u015fan takson say\u0131s\u0131 ile d\u00fcnyan\u0131n en zengin floras\u0131na sahip \u00fclkeleri aras\u0131nda yer almaktad\u0131r.   Anadolu, co\u011frafi konumu ile tarih boyunca y\u00fczlerce kavim ve k\u00fclt\u00fcr\u00fcn y\u00f6netiminde kalm\u0131\u015ft\u0131r. Osmanl\u0131 \u0130mparatorlu\u011fu d\u00f6neminde \u00fc\u00e7 k\u0131tada s\u00fcren 600 y\u0131ll\u0131k h\u00fck\u00fcmranl\u0131k sayesinde Anadolu\u2019da zengin bir tedavi k\u00fclt\u00fcr\u00fc olu\u015fmu\u015ftur. Unani T\u0131bb\u0131n ve \u0130slami T\u0131bb\u0131n kayna\u011f\u0131, Anadolu\u2019nun da dahil oldu\u011fu co\u011frafya i\u00e7erisinden \u00e7\u0131km\u0131\u015ft\u0131r.   Sa\u011fl\u0131k hizmetinin ula\u015ft\u0131r\u0131lamad\u0131\u011f\u0131 yerlerde ise Halk Hekimleri \u00f6n plana \u00e7\u0131kmaktad\u0131r. Halk Hekimleri, \u0130slami T\u0131bb\u0131n yan\u0131 s\u0131ra yerel bitkilerle ilgili deneyimlerini kullanmaktayd\u0131. \u2018Halk \u0130lac\u0131\u2019 kavram\u0131 i\u00e7erisinde \u00e7evrede yeti\u015fen veya yeti\u015ftirilen bitkilerden haz\u0131rlanan form\u00fcller yer almaktad\u0131r. Ne yaz\u0131k ki, Anadolu\u2019da bitkilerin ne kadar\u0131n\u0131n halk ilac\u0131 olarak kullan\u0131ld\u0131\u011f\u0131 tam olarak bilinmemektedir. Bu bilgiler usta-\u00e7\u0131rak gelene\u011fi ile devam etmi\u015f ve Anadolu\u2019nun zengin tedavi k\u00fclt\u00fcr\u00fc kay\u0131t alt\u0131na al\u0131namad\u0131\u011f\u0131ndan kaybolmaya y\u00fcz tutmu\u015ftur.   \u00dclkemizde bilimsel anlamda sistemik ilk Etnobotanik saha \u00e7al\u0131\u015fmalar\u0131, 1986-1998 y\u0131llar\u0131 aras\u0131nda Prof. Dr. Erdem Ye\u015filada\u2019n\u0131n da i\u00e7inde bulundu\u011fu bir \u00e7al\u0131\u015fma grubu taraf\u0131ndan y\u00fcr\u00fct\u00fclm\u00fc\u015ft\u00fcr. T\u00fcm Anadolu\u2019da il ve il\u00e7eler baz\u0131nda, do\u011fru bilgilerin al\u0131nabilece\u011fi en uzak yerle\u015fim yerlerinde saha \u00e7al\u0131\u015fmalar\u0131 yap\u0131lm\u0131\u015f, ki\u015filerden al\u0131nan bilgiler do\u011frultusunda bitkiler toplanarak botanik isimlendirmesi yap\u0131lm\u0131\u015ft\u0131r. Takip eden s\u00fcre\u00e7 Prof. Dr. Erdem Ye\u015filada ve arkada\u015flar\u0131n\u0131n y\u00fcr\u00fctt\u00fc\u011f\u00fc Etnofarmakolojik ara\u015ft\u0131rmalar ile saha \u00e7al\u0131\u015fmalar\u0131nda tespit edilen baz\u0131 halk ila\u00e7lar\u0131n\u0131n etkinlik ve g\u00fcvenilirlikleri ortaya konmu\u015ftur.   Bu kitapta baz\u0131 \u00f6n de\u011ferlendirme parametreleri g\u00f6z \u00f6n\u00fcne al\u0131narak se\u00e7ilen ve ula\u015f\u0131labilen kaynaklarda yer alan bilgilere dayan\u0131larak, Anadolu Halk \u0130la\u00e7lar\u0131 k\u00fclt\u00fcr\u00fcnde insan sa\u011fl\u0131\u011f\u0131na y\u00f6nelik olarak kullan\u0131lan bitkilere yer verilmi\u015ftir.   Halk Hekimlerinin Hazinesi asl\u0131nda Anadolu\u2019da y\u00fczlerce y\u0131ld\u0131r halk ilac\u0131 olarak kullan\u0131lan bitkilere ait kaybolmaya y\u00fcz tutan kadim bilgilerin kay\u0131t alt\u0131na al\u0131nmas\u0131na y\u00f6nelik \u00e7ok \u00f6nemli bir kaynakt\u0131r! <\/p>\n","protected":false},"excerpt":{"rendered":"<p>1695 farkl\u0131 bitkinin halk hekimli\u011finde kullan\u0131\u015f\u0131 Bilimsel Referanslar I\u015f\u0131\u011f\u0131nda Anadolu Halk \u0130la\u00e7lar\u0131 Envanteri G\u00fcn\u00fcm\u00fcz ila\u00e7 ve tedavi uygulamalar\u0131n\u0131n bilinmedi\u011fi d\u00f6nemlerde t\u00fcm d\u00fcnyada insanlar, geleneksel tedavi sistemlerinden<span class=\"excerpt-hellip\"> [\u2026]<\/span><\/p>\n","protected":false},"featured_media":0,"template":"","meta":{"_monsterinsights_skip_tracking":false,"_monsterinsights_sitenote_active":false,"_monsterinsights_sitenote_note":"","_monsterinsights_sitenote_category":0},"product_brand":[],"product_cat":[13397,13365],"product_tag":[],"class_list":{"0":"post-751529","1":"product","2":"type-product","3":"status-publish","5":"product_cat-alternatif-tip-sifali-bitkiler","6":"product_cat-saglik","7":"pa_cilt-ciltsiz","8":"pa_tur-kitap","9":"pa_yayinevi-hayykitap","10":"pa_yazar-erdem-yesilada","12":"first","13":"instock","14":"sale","15":"shipping-taxable","16":"purchasable","17":"product-type-simple"},"_links":{"self":[{"href":"https:\/\/roveyayinevi.com.tr\/index.php\/wp-json\/wp\/v2\/product\/751529","targetHints":{"allow":["GET"]}}],"collection":[{"href":"https:\/\/roveyayinevi.com.tr\/index.php\/wp-json\/wp\/v2\/product"}],"about":[{"href":"https:\/\/roveyayinevi.com.tr\/index.php\/wp-json\/wp\/v2\/types\/product"}],"wp:attachment":[{"href":"https:\/\/roveyayinevi.com.tr\/index.php\/wp-json\/wp\/v2\/media?parent=751529"}],"wp:term":[{"taxonomy":"product_brand","embeddable":true,"href":"https:\/\/roveyayinevi.com.tr\/index.php\/wp-json\/wp\/v2\/product_brand?post=751529"},{"taxonomy":"product_cat","embeddable":true,"href":"https:\/\/roveyayinevi.com.tr\/index.php\/wp-json\/wp\/v2\/product_cat?post=751529"},{"taxonomy":"product_tag","embeddable":true,"href":"https:\/\/roveyayinevi.com.tr\/index.php\/wp-json\/wp\/v2\/product_tag?post=751529"}],"curies":[{"name":"wp","href":"https:\/\/api.w.org\/{rel}","templated":true}]}}