{"id":751524,"date":"2025-08-28T04:51:30","date_gmt":"2025-08-28T01:51:30","guid":{"rendered":"https:\/\/roveyayinevi.com.tr\/index.php\/urun\/gezgin-cambazlar-2\/"},"modified":"2026-04-16T03:04:48","modified_gmt":"2026-04-16T00:04:48","slug":"gezgin-cambazlar-2","status":"publish","type":"product","link":"https:\/\/roveyayinevi.com.tr\/index.php\/urun\/gezgin-cambazlar-2\/","title":{"rendered":"Gezgin Cambazlar"},"content":{"rendered":"<p>Bir zamanlar Fransa\u2019dan Amerika\u2019ya g\u00f6\u00e7 etmi\u015f olan ve ya\u015famlar\u0131n\u0131 sirk g\u00f6sterileri yaparak kazanan Cascabel ailesi y\u0131llar sonra Fransa\u2019ya kal\u0131c\u0131 olarak d\u00f6nmek ister. Ancak bu yolculuk hi\u00e7 de Cascabellerin d\u00fc\u015f\u00fcnd\u00fc\u011f\u00fc kadar kolay olmayacakt\u0131r. Memleketlerine d\u00f6nebilmek i\u00e7in zorlu yollar\u0131 a\u015fmalar\u0131, haydutlarla m\u00fccadele etmeleri, K\u0131z\u0131lderililerle anla\u015fmalar\u0131 gerekecektir. Fakat bu zorluklar onlara paha bi\u00e7ilmez dostluklar ve tecr\u00fcbeler kazand\u0131racak ve hayallerinin \u00f6tesinde bir ya\u015fam\u0131n kap\u0131lar\u0131n\u0131 aralayacakt\u0131r. <\/p>\n","protected":false},"excerpt":{"rendered":"<p>Bir zamanlar Fransa\u2019dan Amerika\u2019ya g\u00f6\u00e7 etmi\u015f olan ve ya\u015famlar\u0131n\u0131 sirk g\u00f6sterileri yaparak kazanan Cascabel ailesi y\u0131llar sonra Fransa\u2019ya kal\u0131c\u0131 olarak d\u00f6nmek ister. Ancak bu yolculuk hi\u00e7<span class=\"excerpt-hellip\"> [\u2026]<\/span><\/p>\n","protected":false},"featured_media":0,"template":"","meta":{"_monsterinsights_skip_tracking":false,"_monsterinsights_sitenote_active":false,"_monsterinsights_sitenote_note":"","_monsterinsights_sitenote_category":0},"product_brand":[],"product_cat":[12291,12711],"product_tag":[],"class_list":{"0":"post-751524","1":"product","2":"type-product","3":"status-publish","5":"product_cat-edebiyat","6":"product_cat-roman-oyku","7":"pa_cilt-ciltsiz","8":"pa_tur-kitap","9":"pa_yayinevi-fark-yayinlari","10":"pa_yazar-jules-verne","12":"first","13":"instock","14":"sale","15":"shipping-taxable","16":"purchasable","17":"product-type-simple"},"_links":{"self":[{"href":"https:\/\/roveyayinevi.com.tr\/index.php\/wp-json\/wp\/v2\/product\/751524","targetHints":{"allow":["GET"]}}],"collection":[{"href":"https:\/\/roveyayinevi.com.tr\/index.php\/wp-json\/wp\/v2\/product"}],"about":[{"href":"https:\/\/roveyayinevi.com.tr\/index.php\/wp-json\/wp\/v2\/types\/product"}],"wp:attachment":[{"href":"https:\/\/roveyayinevi.com.tr\/index.php\/wp-json\/wp\/v2\/media?parent=751524"}],"wp:term":[{"taxonomy":"product_brand","embeddable":true,"href":"https:\/\/roveyayinevi.com.tr\/index.php\/wp-json\/wp\/v2\/product_brand?post=751524"},{"taxonomy":"product_cat","embeddable":true,"href":"https:\/\/roveyayinevi.com.tr\/index.php\/wp-json\/wp\/v2\/product_cat?post=751524"},{"taxonomy":"product_tag","embeddable":true,"href":"https:\/\/roveyayinevi.com.tr\/index.php\/wp-json\/wp\/v2\/product_tag?post=751524"}],"curies":[{"name":"wp","href":"https:\/\/api.w.org\/{rel}","templated":true}]}}