{"id":751522,"date":"2025-08-28T04:51:26","date_gmt":"2025-08-28T01:51:26","guid":{"rendered":"https:\/\/roveyayinevi.com.tr\/index.php\/urun\/daglarin-efsanesi-eskiya-deli-collog\/"},"modified":"2026-04-16T03:04:48","modified_gmt":"2026-04-16T00:04:48","slug":"daglarin-efsanesi-eskiya-deli-collog","status":"publish","type":"product","link":"https:\/\/roveyayinevi.com.tr\/index.php\/urun\/daglarin-efsanesi-eskiya-deli-collog\/","title":{"rendered":"Da\u011flar\u0131n Efsanesi E\u015fk\u0131ya Deli \u00c7\u00f6llo\u011f"},"content":{"rendered":"<p>A\u015fireti delisi kendisi Av\u015far, At\u0131yla karl\u0131 da\u011flar\u0131 a\u015far, G\u00f6renler \u00c7\u00f6llo\u011fun fendine \u015fa\u015far, Av\u015far&#8217;\u0131n aslan\u0131 sen misin \u00c7\u00f6llo\u011f \u0130likli heybeyi terkiye ast\u0131 Papaz\u0131n k\u0131z\u0131n\u0131n sa\u00e7\u0131n\u0131 kesti G\u00fc\u00e7\u00e7\u00fck Hasan&#8217;la Yozgat&#8217;\u0131 bast\u0131 Tan\u0131maz bir can\u0131 bir adam \u00c7\u00f6llo\u011f \u00c7\u00f6llo\u011fun meskeni fakirin yurdu Fakir fukaraya ihsan\u0131 vard\u0131 Ermeni&#8217;den ald\u0131 yoksula verdi Kutnudan kuma\u015f\u0131n harman\u0131 \u00c7\u00f6llo\u011f Kayseri yurduna bir cenk kuruldu Cem oldu ahali orda derildi A\u011fz\u0131 a\u00e7\u0131k d\u00f6rt zaptiye vuruldu G\u00f6renler seyretsin al kan\u0131 \u00c7\u00f6llo\u011f Erciyes da\u011f\u0131n\u0131 kantar m\u0131 tartar Tartar\u0131m diyenin belas\u0131 artar Gel \u00c7\u00f6llo\u011f \u015fimdicik yakay\u0131 kurtar Fakirin atas\u0131 sen misin \u00c7\u00f6llo\u011f <\/p>\n","protected":false},"excerpt":{"rendered":"<p>A\u015fireti delisi kendisi Av\u015far, At\u0131yla karl\u0131 da\u011flar\u0131 a\u015far, G\u00f6renler \u00c7\u00f6llo\u011fun fendine \u015fa\u015far, Av\u015far&#8217;\u0131n aslan\u0131 sen misin \u00c7\u00f6llo\u011f \u0130likli heybeyi terkiye ast\u0131 Papaz\u0131n k\u0131z\u0131n\u0131n sa\u00e7\u0131n\u0131 kesti G\u00fc\u00e7\u00e7\u00fck<span class=\"excerpt-hellip\"> [\u2026]<\/span><\/p>\n","protected":false},"featured_media":0,"template":"","meta":{"_monsterinsights_skip_tracking":false,"_monsterinsights_sitenote_active":false,"_monsterinsights_sitenote_note":"","_monsterinsights_sitenote_category":0},"product_brand":[],"product_cat":[12291,12745],"product_tag":[],"class_list":{"0":"post-751522","1":"product","2":"type-product","3":"status-publish","5":"product_cat-edebiyat","6":"product_cat-tarihi-roman","7":"pa_cilt-ciltsiz","8":"pa_tur-kitap","9":"pa_yayinevi-gulnar-yayinlari","10":"pa_yazar-ziya-sahin","12":"first","13":"instock","14":"sale","15":"shipping-taxable","16":"purchasable","17":"product-type-simple"},"_links":{"self":[{"href":"https:\/\/roveyayinevi.com.tr\/index.php\/wp-json\/wp\/v2\/product\/751522","targetHints":{"allow":["GET"]}}],"collection":[{"href":"https:\/\/roveyayinevi.com.tr\/index.php\/wp-json\/wp\/v2\/product"}],"about":[{"href":"https:\/\/roveyayinevi.com.tr\/index.php\/wp-json\/wp\/v2\/types\/product"}],"wp:attachment":[{"href":"https:\/\/roveyayinevi.com.tr\/index.php\/wp-json\/wp\/v2\/media?parent=751522"}],"wp:term":[{"taxonomy":"product_brand","embeddable":true,"href":"https:\/\/roveyayinevi.com.tr\/index.php\/wp-json\/wp\/v2\/product_brand?post=751522"},{"taxonomy":"product_cat","embeddable":true,"href":"https:\/\/roveyayinevi.com.tr\/index.php\/wp-json\/wp\/v2\/product_cat?post=751522"},{"taxonomy":"product_tag","embeddable":true,"href":"https:\/\/roveyayinevi.com.tr\/index.php\/wp-json\/wp\/v2\/product_tag?post=751522"}],"curies":[{"name":"wp","href":"https:\/\/api.w.org\/{rel}","templated":true}]}}