{"id":751521,"date":"2025-08-28T04:51:24","date_gmt":"2025-08-28T01:51:24","guid":{"rendered":"https:\/\/roveyayinevi.com.tr\/index.php\/urun\/uzak-ormanda-olen\/"},"modified":"2026-04-16T03:04:48","modified_gmt":"2026-04-16T00:04:48","slug":"uzak-ormanda-olen","status":"publish","type":"product","link":"https:\/\/roveyayinevi.com.tr\/index.php\/urun\/uzak-ormanda-olen\/","title":{"rendered":"Uzak Ormanda \u00d6len"},"content":{"rendered":"<p>Uzak Ormanda \u00d6len, Do\u011fan \u00d6z\u2019\u00fcn 1968-1977 y\u0131llar\u0131 aras\u0131nda yazd\u0131\u011f\u0131 \u015fiirlerden olu\u015fuyor. Muzaffer \u0130lhan Erdost\u2019un da ifade etti\u011fi gibi, \u201ckimi bir sigara kapa\u011f\u0131na, kimi bir lokantan\u0131n sipari\u015f pusulas\u0131na, kimi bir sand\u0131k se\u00e7men listesi k\u00e2\u011f\u0131d\u0131n\u0131n bo\u015f yerlerine, kimi kitaplar\u0131n kapak i\u00e7lerine, b\u00fcy\u00fckl\u00fc k\u00fc\u00e7\u00fckl\u00fc, pelur, teksir, bloknot k\u00e2\u011f\u0131tlar\u0131na, kur\u015fun kalemle, t\u00fckenmezle, dolmakalemle yaz\u0131lm\u0131\u015f ve baz\u0131lar\u0131 de\u011fi\u015fik kalemle d\u00fczeltilmi\u015f, baz\u0131lar\u0131 ilk yaz\u0131ld\u0131klar\u0131 gibi b\u0131rak\u0131lm\u0131\u015f, \u015fiir olarak ortaya \u00e7\u0131kmay\u0131 umursamaz bir i\u00e7tenlikle y\u00fckl\u00fc\u201d kay\u0131tlard\u0131r bunlar. Hemen her \u015fiir, g\u00f6rev yapt\u0131\u011f\u0131 Anadolu co\u011frafyas\u0131ndan, insanlar\u0131ndan ve ya\u015famlar\u0131ndan somut izler ta\u015f\u0131r. Kimi \u0130zmir\u2019de bir \u00f6\u011fle \u00fczeri Hasan Tahsin\u2019i hat\u0131rlarken not edilmi\u015f, kimi F\u0131rat boylar\u0131nda Keban alt\u0131ndaki Behri k\u00f6y\u00fcne bakarken yaz\u0131lm\u0131\u015ft\u0131r. Ezilenlerin, yoksullar\u0131n dert ve tasalar\u0131na duyarl\u0131, \u015fiddet dolu bir d\u00f6nemden ge\u00e7erken e\u015fitlik ve adalet u\u011fruna \u201cuzak ormanda \u00f6len\u201dlerin hik\u00e2yesinden kesitler aktaran, g\u00f6steri\u015fsiz, yal\u0131n ve somut \u015fiirler. <\/p>\n","protected":false},"excerpt":{"rendered":"<p>Uzak Ormanda \u00d6len, Do\u011fan \u00d6z\u2019\u00fcn 1968-1977 y\u0131llar\u0131 aras\u0131nda yazd\u0131\u011f\u0131 \u015fiirlerden olu\u015fuyor. Muzaffer \u0130lhan Erdost\u2019un da ifade etti\u011fi gibi, \u201ckimi bir sigara kapa\u011f\u0131na, kimi bir lokantan\u0131n sipari\u015f<span class=\"excerpt-hellip\"> [\u2026]<\/span><\/p>\n","protected":false},"featured_media":0,"template":"","meta":{"_monsterinsights_skip_tracking":false,"_monsterinsights_sitenote_active":false,"_monsterinsights_sitenote_note":"","_monsterinsights_sitenote_category":0},"product_brand":[],"product_cat":[12291,12509],"product_tag":[],"class_list":{"0":"post-751521","1":"product","2":"type-product","3":"status-publish","5":"product_cat-edebiyat","6":"product_cat-siir","7":"pa_cilt-ciltsiz","8":"pa_tur-kitap","9":"pa_yayinevi-ayrinti-yayinlari","10":"pa_yazar-dogan-oz","12":"first","13":"instock","14":"sale","15":"shipping-taxable","16":"purchasable","17":"product-type-simple"},"_links":{"self":[{"href":"https:\/\/roveyayinevi.com.tr\/index.php\/wp-json\/wp\/v2\/product\/751521","targetHints":{"allow":["GET"]}}],"collection":[{"href":"https:\/\/roveyayinevi.com.tr\/index.php\/wp-json\/wp\/v2\/product"}],"about":[{"href":"https:\/\/roveyayinevi.com.tr\/index.php\/wp-json\/wp\/v2\/types\/product"}],"wp:attachment":[{"href":"https:\/\/roveyayinevi.com.tr\/index.php\/wp-json\/wp\/v2\/media?parent=751521"}],"wp:term":[{"taxonomy":"product_brand","embeddable":true,"href":"https:\/\/roveyayinevi.com.tr\/index.php\/wp-json\/wp\/v2\/product_brand?post=751521"},{"taxonomy":"product_cat","embeddable":true,"href":"https:\/\/roveyayinevi.com.tr\/index.php\/wp-json\/wp\/v2\/product_cat?post=751521"},{"taxonomy":"product_tag","embeddable":true,"href":"https:\/\/roveyayinevi.com.tr\/index.php\/wp-json\/wp\/v2\/product_tag?post=751521"}],"curies":[{"name":"wp","href":"https:\/\/api.w.org\/{rel}","templated":true}]}}