{"id":751503,"date":"2025-08-28T04:50:55","date_gmt":"2025-08-28T01:50:55","guid":{"rendered":"https:\/\/roveyayinevi.com.tr\/index.php\/urun\/evine-donemeyen-adam\/"},"modified":"2026-04-16T03:04:47","modified_gmt":"2026-04-16T00:04:47","slug":"evine-donemeyen-adam","status":"publish","type":"product","link":"https:\/\/roveyayinevi.com.tr\/index.php\/urun\/evine-donemeyen-adam\/","title":{"rendered":"Evine D\u00f6nemeyen Adam"},"content":{"rendered":"<p>\u201cLimon Ya\u011fmuru\u201d (2014), \u201cAnlatam\u0131yorum\u201d (2017) kitaplar\u0131yla ad\u0131n\u0131 duyuran Emrah \u00d6zt\u00fcrk\u2019\u00fcn \u00fc\u00e7\u00fcnc\u00fc \u00f6yk\u00fc kitab\u0131 \u201cEvine D\u00f6nemeyen Adam\u201d.   Ki\u015fileri \u00e7evreleyen zamanla mek\u00e2n\u0131n, eylemleri belirleyen e\u015fyayla do\u011fan\u0131n g\u00fc\u00e7l\u00fc anlat\u0131m\u0131 g\u00f6ze \u00e7arp\u0131yor \u00f6yk\u00fclerde. \u00d6zellikle \u201cR\u00fcya Han\u0131m\u2019\u0131n G\u00fcnl\u00fc\u011f\u00fc\u201d \u00f6yk\u00fcs\u00fcnde mutluluk, \u00f6zg\u00fcrl\u00fck ve benlik aray\u0131\u015f\u0131n\u0131 zehirleyen ihanet ve su\u00e7luluk duygusu \u00f6ne \u00e7\u0131k\u0131yor. Karabasanlar, gerilimler, hesapla\u015fmalar ve \u00f6de\u015fmeler bir korku filminin sisli havas\u0131 i\u00e7inde veriliyor.   Sessizlikteki dostlukla g\u00fcr\u00fclt\u00fcdeki d\u00fc\u015fmanl\u0131k aras\u0131nda derinle\u015fen, bireysel arzularla toplumsal dayatmalar aras\u0131nda g\u00f6z ard\u0131 edilmi\u015f duyarl\u0131klar\u0131 incelikle i\u015fleyen bir kitap, \u201cEvine D\u00f6nemeyen Adam\u201d.   \u201cT\u00fcketici bir karanl\u0131k kaplam\u0131\u015ft\u0131 ruhumu. \u00dcstelik her \u015fey, her \u015fey m\u00fcthi\u015f bir sessizlik i\u00e7indeydi; bo\u011fulmama kar\u015f\u0131 kay\u0131ts\u0131zd\u0131 her \u015fey. Buna raz\u0131 gelmi\u015f gibiydiler. Veya sanki beni bo\u011fanla ayn\u0131 fikirdeydiler&#8230; Gelip beni kurtaracak, bu duruma dur diyecek, m\u00fcdahale edecek kimse yoktu ortal\u0131kta. Unutulmu\u015f, daha do\u011frusu g\u00f6z ard\u0131 edilmi\u015ftim. Kimileri b\u00f6yle bir durum kar\u015f\u0131s\u0131nda hemen teslim bayra\u011f\u0131n\u0131 \u00e7eker, kendisini bekleyen kadere boyun e\u011fer. Yani direnmez, yani \u015fu s\u00f6z konusu de\u011fersizlik hissiyle hemen bar\u0131\u015f\u0131r. Tamam, der. Benden bu kadar, der. Fakat ben \u00f6yle demiyordum. \u00c7\u0131rp\u0131n\u0131yordum. Sa\u011f kalmaktan ziyade de\u011ferli oldu\u011fumu ispat etmek i\u00e7in \u00e7\u0131rp\u0131n\u0131yordum.\u201d <\/p>\n","protected":false},"excerpt":{"rendered":"<p>\u201cLimon Ya\u011fmuru\u201d (2014), \u201cAnlatam\u0131yorum\u201d (2017) kitaplar\u0131yla ad\u0131n\u0131 duyuran Emrah \u00d6zt\u00fcrk\u2019\u00fcn \u00fc\u00e7\u00fcnc\u00fc \u00f6yk\u00fc kitab\u0131 \u201cEvine D\u00f6nemeyen Adam\u201d. Ki\u015fileri \u00e7evreleyen zamanla mek\u00e2n\u0131n, eylemleri belirleyen e\u015fyayla do\u011fan\u0131n g\u00fc\u00e7l\u00fc anlat\u0131m\u0131<span class=\"excerpt-hellip\"> [\u2026]<\/span><\/p>\n","protected":false},"featured_media":0,"template":"","meta":{"_monsterinsights_skip_tracking":false,"_monsterinsights_sitenote_active":false,"_monsterinsights_sitenote_note":"","_monsterinsights_sitenote_category":0},"product_brand":[],"product_cat":[12291,12711],"product_tag":[],"class_list":{"0":"post-751503","1":"product","2":"type-product","3":"status-publish","5":"product_cat-edebiyat","6":"product_cat-roman-oyku","7":"pa_cilt-ciltsiz","8":"pa_tur-kitap","9":"pa_yayinevi-yapi-kredi-yayinlari","10":"pa_yazar-emrah-ozturk","12":"first","13":"instock","14":"sale","15":"shipping-taxable","16":"purchasable","17":"product-type-simple"},"_links":{"self":[{"href":"https:\/\/roveyayinevi.com.tr\/index.php\/wp-json\/wp\/v2\/product\/751503","targetHints":{"allow":["GET"]}}],"collection":[{"href":"https:\/\/roveyayinevi.com.tr\/index.php\/wp-json\/wp\/v2\/product"}],"about":[{"href":"https:\/\/roveyayinevi.com.tr\/index.php\/wp-json\/wp\/v2\/types\/product"}],"wp:attachment":[{"href":"https:\/\/roveyayinevi.com.tr\/index.php\/wp-json\/wp\/v2\/media?parent=751503"}],"wp:term":[{"taxonomy":"product_brand","embeddable":true,"href":"https:\/\/roveyayinevi.com.tr\/index.php\/wp-json\/wp\/v2\/product_brand?post=751503"},{"taxonomy":"product_cat","embeddable":true,"href":"https:\/\/roveyayinevi.com.tr\/index.php\/wp-json\/wp\/v2\/product_cat?post=751503"},{"taxonomy":"product_tag","embeddable":true,"href":"https:\/\/roveyayinevi.com.tr\/index.php\/wp-json\/wp\/v2\/product_tag?post=751503"}],"curies":[{"name":"wp","href":"https:\/\/api.w.org\/{rel}","templated":true}]}}