{"id":751495,"date":"2025-08-28T04:50:42","date_gmt":"2025-08-28T01:50:42","guid":{"rendered":"https:\/\/roveyayinevi.com.tr\/index.php\/urun\/buyuk-matematik-problemleri\/"},"modified":"2025-12-30T11:10:44","modified_gmt":"2025-12-30T08:10:44","slug":"buyuk-matematik-problemleri","status":"publish","type":"product","link":"https:\/\/roveyayinevi.com.tr\/index.php\/urun\/buyuk-matematik-problemleri\/","title":{"rendered":"B\u00fcy\u00fck Matematik Problemleri"},"content":{"rendered":"<p>Bu kitap, 350 y\u0131ld\u0131r ispatlanamayan Fermat teoremini y\u0131llarca u\u011fra\u015farak \u00e7\u00f6zen Andrew Wiles\u2019\u0131n \u00f6yk\u00fcs\u00fcnden, Poincar\u00e9 varsay\u0131m\u0131 kan\u0131t\u0131yla milyon dolarl\u0131k \u00f6d\u00fcl kazanan, ama \u00f6d\u00fcl\u00fc reddeden eksantrik d\u00e2hi Grigori Perelman\u2019\u0131n \u00e7al\u0131\u015fmalar\u0131 \u00fczerinden matematik tarihinin en \u00f6nemli problemlerini anlat\u0131yor. Matematik tarihinin kimi zaman binlerce y\u0131l \u00f6ncesine giden zor problemlerini, matematik\u00e7ilerin ya\u015fam \u00f6yk\u00fcleriyle harmanlayarak e\u011flenceli bir \u015fekilde aktaran Stewart, bu problemlerin gelece\u011fin bilimini nas\u0131l \u015fekillendirdi\u011fini de g\u00f6zler \u00f6n\u00fcne seriyor.   \u201cStewart \u00e7ok zor fikirleri \u00e7ok kolay ayd\u0131nlatarak, matematik merakl\u0131lar\u0131n\u0131 oldu\u011fu kadar konuyla yak\u0131ndan ilgilenen okurlar\u0131 da b\u00fcy\u00fcl\u00fcyor.\u201d \u2013 Kirkus Reviews   \u201cB\u00fcy\u00fck Matematik Problemleri hem e\u011flenceli  hem de anla\u015f\u0131labilir.\u201d \u2013 Robert Schaefer, New York Journal of Books   \u201c\u00dcretken yazar Stewart matemati\u011fi o kadar g\u00fczel anlat\u0131yor ki, az bilenlere bile kolay geliyor.\u201d \u2013 Fred Bortz, The Dallas Morning <\/p>\n","protected":false},"excerpt":{"rendered":"<p>Bu kitap, 350 y\u0131ld\u0131r ispatlanamayan Fermat teoremini y\u0131llarca u\u011fra\u015farak \u00e7\u00f6zen Andrew Wiles\u2019\u0131n \u00f6yk\u00fcs\u00fcnden, Poincar\u00e9 varsay\u0131m\u0131 kan\u0131t\u0131yla milyon dolarl\u0131k \u00f6d\u00fcl kazanan, ama \u00f6d\u00fcl\u00fc reddeden eksantrik d\u00e2hi Grigori<span class=\"excerpt-hellip\"> [\u2026]<\/span><\/p>\n","protected":false},"featured_media":0,"template":"","meta":{"_monsterinsights_skip_tracking":false,"_monsterinsights_sitenote_active":false,"_monsterinsights_sitenote_note":"","_monsterinsights_sitenote_category":0},"product_brand":[],"product_cat":[13005,16724],"product_tag":[],"class_list":{"0":"post-751495","1":"product","2":"type-product","3":"status-publish","5":"product_cat-bilim-muhendislik","6":"product_cat-matematik","7":"pa_cilt-ciltsiz","8":"pa_tur-kitap","9":"pa_yayinevi-alfa-yayinlari","10":"pa_yazar-ian-stewart","12":"first","13":"instock","14":"sale","15":"shipping-taxable","16":"purchasable","17":"product-type-simple"},"_links":{"self":[{"href":"https:\/\/roveyayinevi.com.tr\/index.php\/wp-json\/wp\/v2\/product\/751495","targetHints":{"allow":["GET"]}}],"collection":[{"href":"https:\/\/roveyayinevi.com.tr\/index.php\/wp-json\/wp\/v2\/product"}],"about":[{"href":"https:\/\/roveyayinevi.com.tr\/index.php\/wp-json\/wp\/v2\/types\/product"}],"wp:attachment":[{"href":"https:\/\/roveyayinevi.com.tr\/index.php\/wp-json\/wp\/v2\/media?parent=751495"}],"wp:term":[{"taxonomy":"product_brand","embeddable":true,"href":"https:\/\/roveyayinevi.com.tr\/index.php\/wp-json\/wp\/v2\/product_brand?post=751495"},{"taxonomy":"product_cat","embeddable":true,"href":"https:\/\/roveyayinevi.com.tr\/index.php\/wp-json\/wp\/v2\/product_cat?post=751495"},{"taxonomy":"product_tag","embeddable":true,"href":"https:\/\/roveyayinevi.com.tr\/index.php\/wp-json\/wp\/v2\/product_tag?post=751495"}],"curies":[{"name":"wp","href":"https:\/\/api.w.org\/{rel}","templated":true}]}}