{"id":751483,"date":"2025-08-28T04:50:21","date_gmt":"2025-08-28T01:50:21","guid":{"rendered":"https:\/\/roveyayinevi.com.tr\/index.php\/urun\/cocuklar-icin-sherlock-holmes-iz-pesinde\/"},"modified":"2026-04-16T03:04:47","modified_gmt":"2026-04-16T00:04:47","slug":"cocuklar-icin-sherlock-holmes-iz-pesinde","status":"publish","type":"product","link":"https:\/\/roveyayinevi.com.tr\/index.php\/urun\/cocuklar-icin-sherlock-holmes-iz-pesinde\/","title":{"rendered":"\u00c7ocuklar \u0130\u00e7in Sherlock Holmes \u2013 \u0130z Pe\u015finde"},"content":{"rendered":"<p>\u00c7ocuklar\u0131n hayal g\u00fcc\u00fcn\u00fc ve zihnini geli\u015ftirecek polisiye hikayeler\u2026 Sherlock Holmes\u2019un tuhaf ve s\u0131rda d\u0131\u015f\u0131 hikayelerinin topland\u0131\u011f\u0131 bu kitap;olaylar\u0131 farkl\u0131 bak\u0131\u015f a\u00e7\u0131s\u0131yla sorgulayarak \u00e7\u00f6\u00fcmlemeyi sa\u011fl\u0131yor.Efsane dedektif Sherlock Holmes\u2019un k\u0131vrak zekas\u0131 ve g\u00f6zlem yetene\u011fiyle \u00e7\u00f6zd\u00fc\u00fc olaylar\u0131n ele al\u0131nd\u0131\u011f\u0131 bu kitapta, Holmes\u2019\u0131n muhte\u015fem dikkatli ve g\u00f6zlemiyle en ince ayr\u0131nt\u0131lar\u0131 ve ipu\u00e7lar\u0131n\u0131 bularak olaylar\u0131 ayd\u0131nlat\u0131yor. \u00c7ocuklar i\u00e7in haz\u0131rlanan bu kitap; \u00e7ocuklar\u0131n\u0131za farkl\u0131 bak\u0131\u015f a\u00e7\u0131lar\u0131 kazand\u0131r\u0131rken onlar\u0131 ayn\u0131 zamanda merak ve heyecan dolu soluksuz bir maceraya davet ediyor. <\/p>\n","protected":false},"excerpt":{"rendered":"<p>\u00c7ocuklar\u0131n hayal g\u00fcc\u00fcn\u00fc ve zihnini geli\u015ftirecek polisiye hikayeler\u2026 Sherlock Holmes\u2019un tuhaf ve s\u0131rda d\u0131\u015f\u0131 hikayelerinin topland\u0131\u011f\u0131 bu kitap;olaylar\u0131 farkl\u0131 bak\u0131\u015f a\u00e7\u0131s\u0131yla sorgulayarak \u00e7\u00f6\u00fcmlemeyi sa\u011fl\u0131yor.Efsane dedektif Sherlock<span class=\"excerpt-hellip\"> [\u2026]<\/span><\/p>\n","protected":false},"featured_media":0,"template":"","meta":{"_monsterinsights_skip_tracking":false,"_monsterinsights_sitenote_active":false,"_monsterinsights_sitenote_note":"","_monsterinsights_sitenote_category":0},"product_brand":[],"product_cat":[12274],"product_tag":[],"class_list":{"0":"post-751483","1":"product","2":"type-product","3":"status-publish","5":"product_cat-cocuk-ve-genclik-kitaplari","6":"pa_cilt-ciltsiz","7":"pa_tur-kitap","8":"pa_yayinevi-bookalemun-yayinevi","9":"pa_yazar-sir-arthur-conan-doyle","11":"first","12":"instock","13":"sale","14":"shipping-taxable","15":"purchasable","16":"product-type-simple"},"_links":{"self":[{"href":"https:\/\/roveyayinevi.com.tr\/index.php\/wp-json\/wp\/v2\/product\/751483","targetHints":{"allow":["GET"]}}],"collection":[{"href":"https:\/\/roveyayinevi.com.tr\/index.php\/wp-json\/wp\/v2\/product"}],"about":[{"href":"https:\/\/roveyayinevi.com.tr\/index.php\/wp-json\/wp\/v2\/types\/product"}],"wp:attachment":[{"href":"https:\/\/roveyayinevi.com.tr\/index.php\/wp-json\/wp\/v2\/media?parent=751483"}],"wp:term":[{"taxonomy":"product_brand","embeddable":true,"href":"https:\/\/roveyayinevi.com.tr\/index.php\/wp-json\/wp\/v2\/product_brand?post=751483"},{"taxonomy":"product_cat","embeddable":true,"href":"https:\/\/roveyayinevi.com.tr\/index.php\/wp-json\/wp\/v2\/product_cat?post=751483"},{"taxonomy":"product_tag","embeddable":true,"href":"https:\/\/roveyayinevi.com.tr\/index.php\/wp-json\/wp\/v2\/product_tag?post=751483"}],"curies":[{"name":"wp","href":"https:\/\/api.w.org\/{rel}","templated":true}]}}