{"id":751463,"date":"2025-08-28T04:49:50","date_gmt":"2025-08-28T01:49:50","guid":{"rendered":"https:\/\/roveyayinevi.com.tr\/index.php\/urun\/ic-konusmalar-ruhun-olumsuzlugu-uzerine\/"},"modified":"2026-04-16T03:04:46","modified_gmt":"2026-04-16T00:04:46","slug":"ic-konusmalar-ruhun-olumsuzlugu-uzerine","status":"publish","type":"product","link":"https:\/\/roveyayinevi.com.tr\/index.php\/urun\/ic-konusmalar-ruhun-olumsuzlugu-uzerine\/","title":{"rendered":"\u0130\u00e7 Konu\u015fmalar &amp; Ruhun \u00d6l\u00fcms\u00fczl\u00fc\u011f\u00fc \u00dczerine"},"content":{"rendered":"<p>\u0130tiraflar\u2019da Tanr\u0131ya do\u011frudan hitap eden, Bat\u0131 edebiyat\u0131 ve felsefesinde etkisi her zaman hissedilen bir \u201cben\u201din g\u00fc\u00e7l\u00fc sesi vard\u0131r. Augustinus\u2019un ilk eserlerinden biri olan \u0130\u00e7 Konu\u015fmalar ve metnin devam\u0131 niteli\u011findeki Ruhun \u00d6l\u00fcms\u00fczl\u00fc\u011f\u00fc \u00dczerine\u2019de ise H\u0131ristiyan filozofun \u201ci\u00e7 sesi\u201d geni\u015f bir yer kaplar. Ruhumuzu ne derece tan\u0131yor ve onun \u00f6l\u00fcms\u00fczl\u00fc\u011f\u00fcne dair ne biliyoruz? Ki\u015fi kendisiyle ba\u015f ba\u015fa kal\u0131p sohbete dald\u0131\u011f\u0131nda, benli\u011finde yank\u0131 bulan bu tarz sorular, \u00f6z\u00fcnde derin bir bo\u015flu\u011fu kapatmak isteyecek, i\u00e7sel hayat\u0131n s\u00fcreklili\u011fi i\u00e7in tatmin edici yan\u0131tlar\u0131n pe\u015fine d\u00fc\u015fecektir. Augustinus\u2019un eserine \u00f6zg\u00fcnl\u00fck katan y\u00f6n ise, diyaloglar halinde ve ak\u0131l y\u00fcr\u00fctmelerle ilerleyen bir i\u00e7 konu\u015fman\u0131n ilk parlak \u00f6rneklerden birini kaleme alm\u0131\u015f olmas\u0131d\u0131r. \u00c7al\u0131\u015fmas\u0131n\u0131 \u015f\u00f6yle niteler Augustinus: \u201cKendi ba\u011fl\u0131l\u0131\u011f\u0131m\u0131 ve arzumu takip ederek, bilhassa bilmek istedi\u011fim \u015feylerle ilgili olarak hakikati ara\u015ft\u0131rmak amac\u0131yla, yaln\u0131z olmama kar\u015f\u0131n sanki iki ki\u015fi (ben ve ak\u0131l) varm\u0131\u015f gibi soru sorup cevap verdi\u011fim iki kitap (b\u00f6l\u00fcm) yazd\u0131m. Bu sebeple s\u00f6z konusu \u00e7al\u0131\u015fmaya Soliloquies (\u0130\u00e7 Konu\u015fmalar) ad\u0131n\u0131 verdim.\u201d <\/p>\n","protected":false},"excerpt":{"rendered":"<p>\u0130tiraflar\u2019da Tanr\u0131ya do\u011frudan hitap eden, Bat\u0131 edebiyat\u0131 ve felsefesinde etkisi her zaman hissedilen bir \u201cben\u201din g\u00fc\u00e7l\u00fc sesi vard\u0131r. Augustinus\u2019un ilk eserlerinden biri olan \u0130\u00e7 Konu\u015fmalar ve<span class=\"excerpt-hellip\"> [\u2026]<\/span><\/p>\n","protected":false},"featured_media":0,"template":"","meta":{"_monsterinsights_skip_tracking":false,"_monsterinsights_sitenote_active":false,"_monsterinsights_sitenote_note":"","_monsterinsights_sitenote_category":0},"product_brand":[],"product_cat":[12388],"product_tag":[],"class_list":{"0":"post-751463","1":"product","2":"type-product","3":"status-publish","5":"product_cat-felsefe","6":"pa_cilt-ciltsiz","7":"pa_tur-kitap","8":"pa_yayinevi-dogu-bati-yayinlari","9":"pa_yazar-augustinus","11":"first","12":"instock","13":"sale","14":"shipping-taxable","15":"purchasable","16":"product-type-simple"},"_links":{"self":[{"href":"https:\/\/roveyayinevi.com.tr\/index.php\/wp-json\/wp\/v2\/product\/751463","targetHints":{"allow":["GET"]}}],"collection":[{"href":"https:\/\/roveyayinevi.com.tr\/index.php\/wp-json\/wp\/v2\/product"}],"about":[{"href":"https:\/\/roveyayinevi.com.tr\/index.php\/wp-json\/wp\/v2\/types\/product"}],"wp:attachment":[{"href":"https:\/\/roveyayinevi.com.tr\/index.php\/wp-json\/wp\/v2\/media?parent=751463"}],"wp:term":[{"taxonomy":"product_brand","embeddable":true,"href":"https:\/\/roveyayinevi.com.tr\/index.php\/wp-json\/wp\/v2\/product_brand?post=751463"},{"taxonomy":"product_cat","embeddable":true,"href":"https:\/\/roveyayinevi.com.tr\/index.php\/wp-json\/wp\/v2\/product_cat?post=751463"},{"taxonomy":"product_tag","embeddable":true,"href":"https:\/\/roveyayinevi.com.tr\/index.php\/wp-json\/wp\/v2\/product_tag?post=751463"}],"curies":[{"name":"wp","href":"https:\/\/api.w.org\/{rel}","templated":true}]}}