{"id":751433,"date":"2025-08-28T04:49:03","date_gmt":"2025-08-28T01:49:03","guid":{"rendered":"https:\/\/roveyayinevi.com.tr\/index.php\/urun\/brutal-2\/"},"modified":"2026-04-16T03:04:46","modified_gmt":"2026-04-16T00:04:46","slug":"brutal-2","status":"publish","type":"product","link":"https:\/\/roveyayinevi.com.tr\/index.php\/urun\/brutal-2\/","title":{"rendered":"Brutal 2"},"content":{"rendered":"<p>\u0130\u015eLENEN SU\u00c7A HAK ETT\u0130\u011e\u0130 CEZA!   Eski bir polis komiserinin o\u011flu olan ve kariyer basamaklar\u0131n\u0131 h\u0131zla t\u0131rmanan cinayet masas\u0131 dedektifi Hiroki ile tan\u0131\u015ft\u0131n\u0131z de\u011fil mi! Karakterimiz, yasalar\u0131n dokunamad\u0131\u011f\u0131 y\u00fczden fazla insan\u0131n \u00f6ld\u00fcr\u00fclmesinden sorumlu, dedektif kimli\u011fine gizlenmi\u015f bir seri katil. Serinin bu ikinci cildinde Dedektif Hiroki, kendini dokunulmaz sanan su\u00e7lulara yine g\u00f6z a\u00e7t\u0131rm\u0131yor. <\/p>\n","protected":false},"excerpt":{"rendered":"<p>\u0130\u015eLENEN SU\u00c7A HAK ETT\u0130\u011e\u0130 CEZA! Eski bir polis komiserinin o\u011flu olan ve kariyer basamaklar\u0131n\u0131 h\u0131zla t\u0131rmanan cinayet masas\u0131 dedektifi Hiroki ile tan\u0131\u015ft\u0131n\u0131z de\u011fil mi! Karakterimiz, yasalar\u0131n<span class=\"excerpt-hellip\"> [\u2026]<\/span><\/p>\n","protected":false},"featured_media":0,"template":"","meta":{"_monsterinsights_skip_tracking":false,"_monsterinsights_sitenote_active":false,"_monsterinsights_sitenote_note":"","_monsterinsights_sitenote_category":0},"product_brand":[],"product_cat":[12416,12291],"product_tag":[],"class_list":{"0":"post-751433","1":"product","2":"type-product","3":"status-publish","5":"product_cat-cizgi-roman","6":"product_cat-edebiyat","7":"pa_cilt-ciltsiz","8":"pa_tur-kitap","9":"pa_yayinevi-athica-yayinlari","10":"pa_yazar-kei-koga","12":"first","13":"instock","14":"sale","15":"shipping-taxable","16":"purchasable","17":"product-type-simple"},"_links":{"self":[{"href":"https:\/\/roveyayinevi.com.tr\/index.php\/wp-json\/wp\/v2\/product\/751433","targetHints":{"allow":["GET"]}}],"collection":[{"href":"https:\/\/roveyayinevi.com.tr\/index.php\/wp-json\/wp\/v2\/product"}],"about":[{"href":"https:\/\/roveyayinevi.com.tr\/index.php\/wp-json\/wp\/v2\/types\/product"}],"wp:attachment":[{"href":"https:\/\/roveyayinevi.com.tr\/index.php\/wp-json\/wp\/v2\/media?parent=751433"}],"wp:term":[{"taxonomy":"product_brand","embeddable":true,"href":"https:\/\/roveyayinevi.com.tr\/index.php\/wp-json\/wp\/v2\/product_brand?post=751433"},{"taxonomy":"product_cat","embeddable":true,"href":"https:\/\/roveyayinevi.com.tr\/index.php\/wp-json\/wp\/v2\/product_cat?post=751433"},{"taxonomy":"product_tag","embeddable":true,"href":"https:\/\/roveyayinevi.com.tr\/index.php\/wp-json\/wp\/v2\/product_tag?post=751433"}],"curies":[{"name":"wp","href":"https:\/\/api.w.org\/{rel}","templated":true}]}}