{"id":751418,"date":"2025-08-28T04:48:32","date_gmt":"2025-08-28T01:48:32","guid":{"rendered":"https:\/\/roveyayinevi.com.tr\/index.php\/urun\/diyet-ve-fitness-gunlugu\/"},"modified":"2026-04-13T03:10:37","modified_gmt":"2026-04-13T00:10:37","slug":"diyet-ve-fitness-gunlugu","status":"publish","type":"product","link":"https:\/\/roveyayinevi.com.tr\/index.php\/urun\/diyet-ve-fitness-gunlugu\/","title":{"rendered":"Diyet ve Fitness G\u00fcnl\u00fc\u011f\u00fc"},"content":{"rendered":"<p>Hayal Et! \u0130nan ! Vazge\u00e7me ! &#8230; &#8220;Diyet ve fitness g\u00fcnl\u00fc\u011f\u00fc, sa\u011fl\u0131kl\u0131 bir ya\u015fam tarz\u0131na ad\u0131m atman\u0131n kilitidir. G\u00fcnl\u00fck yeme ve egzersiz al\u0131\u015fkanl\u0131klar\u0131n\u0131 kaydederek, hedeflerine ula\u015fman i\u00e7in gereken disiplin ve tutarl\u0131l\u0131\u011f\u0131 sa\u011flar. Ayr\u0131ca, yapt\u0131\u011f\u0131n egzersizlerin ve yedi\u011fin yiyeceklerin etkilerini izleyerek, sa\u011fl\u0131kl\u0131 ve dengeli bir diyet olu\u015fturabilirsin. Diyet ve fitness g\u00fcnl\u00fc\u011f\u00fc sayesinde, sa\u011fl\u0131kl\u0131 kilo verme, kas kazanma veya genel sa\u011fl\u0131k i\u00e7in gereken bilin\u00e7li kararlar\u0131 alabilirsin. Bu g\u00fcnl\u00fck, sa\u011fl\u0131kl\u0131 ve mutlu bir ya\u015fam i\u00e7in gerekli olan her \u015feyi takip etmeni sa\u011flar.&#8221; Y\u00fczlerce yiyece\u011fin kalori miktarlar\u0131 g\u00fcnl\u00fc\u011f\u00fcn sonuna eklenmi\u015ftir. B\u00f6ylece yediklerin saysesinde ne kadar kalori ald\u0131\u011f\u0131n\u0131 kolayca hesaplayabilirsin. Kilosuyla sorunlar\u0131 olanlar, sa\u011fl\u0131kl\u0131 kalmak i\u00e7in d\u00fczenli fitness yapanlar ve m\u00fc\u015fterilerine hediye etmeleri a\u00e7\u0131s\u0131ndan diyetisyenler i\u00e7in m\u00fckemmel bir g\u00fcnl\u00fckt\u00fcr. \u00dcr\u00fcn maliyetin d\u00fc\u015f\u00fcr\u00fclmesi amac\u0131yla enzo roman ka\u011f\u0131d\u0131na renksiz bask\u0131d\u0131r. Planlanabilecek s\u00fcre 8 haftad\u0131r. <\/p>\n","protected":false},"excerpt":{"rendered":"<p>Hayal Et! \u0130nan ! Vazge\u00e7me ! &#8230; &#8220;Diyet ve fitness g\u00fcnl\u00fc\u011f\u00fc, sa\u011fl\u0131kl\u0131 bir ya\u015fam tarz\u0131na ad\u0131m atman\u0131n kilitidir. G\u00fcnl\u00fck yeme ve egzersiz al\u0131\u015fkanl\u0131klar\u0131n\u0131 kaydederek, hedeflerine ula\u015fman<span class=\"excerpt-hellip\"> [\u2026]<\/span><\/p>\n","protected":false},"featured_media":0,"template":"","meta":{"_monsterinsights_skip_tracking":false,"_monsterinsights_sitenote_active":false,"_monsterinsights_sitenote_note":"","_monsterinsights_sitenote_category":0},"product_brand":[],"product_cat":[13402,13365],"product_tag":[],"class_list":{"0":"post-751418","1":"product","2":"type-product","3":"status-publish","5":"product_cat-beslenme-ve-diyet","6":"product_cat-saglik","7":"pa_cilt-ciltsiz","8":"pa_tur-kitap10","9":"pa_yayinevi-fa-yayinlari","10":"pa_yazar-kolektif","12":"first","13":"instock","14":"sale","15":"shipping-taxable","16":"purchasable","17":"product-type-simple"},"_links":{"self":[{"href":"https:\/\/roveyayinevi.com.tr\/index.php\/wp-json\/wp\/v2\/product\/751418","targetHints":{"allow":["GET"]}}],"collection":[{"href":"https:\/\/roveyayinevi.com.tr\/index.php\/wp-json\/wp\/v2\/product"}],"about":[{"href":"https:\/\/roveyayinevi.com.tr\/index.php\/wp-json\/wp\/v2\/types\/product"}],"wp:attachment":[{"href":"https:\/\/roveyayinevi.com.tr\/index.php\/wp-json\/wp\/v2\/media?parent=751418"}],"wp:term":[{"taxonomy":"product_brand","embeddable":true,"href":"https:\/\/roveyayinevi.com.tr\/index.php\/wp-json\/wp\/v2\/product_brand?post=751418"},{"taxonomy":"product_cat","embeddable":true,"href":"https:\/\/roveyayinevi.com.tr\/index.php\/wp-json\/wp\/v2\/product_cat?post=751418"},{"taxonomy":"product_tag","embeddable":true,"href":"https:\/\/roveyayinevi.com.tr\/index.php\/wp-json\/wp\/v2\/product_tag?post=751418"}],"curies":[{"name":"wp","href":"https:\/\/api.w.org\/{rel}","templated":true}]}}