{"id":751394,"date":"2025-08-28T04:47:52","date_gmt":"2025-08-28T01:47:52","guid":{"rendered":"https:\/\/roveyayinevi.com.tr\/index.php\/urun\/double-me-2\/"},"modified":"2026-04-16T03:04:45","modified_gmt":"2026-04-16T00:04:45","slug":"double-me-2","status":"publish","type":"product","link":"https:\/\/roveyayinevi.com.tr\/index.php\/urun\/double-me-2\/","title":{"rendered":"Double Me 2"},"content":{"rendered":"<p>TEK TIKLA \u00d6L\u00dcMS\u00dcZL\u00dcK!   Cho&#8217;nun cesedinin bulunmas\u0131, Eri&#8217;nin \u00f6l\u00fcm\u00fcyle ilgili soru\u015fturmay\u0131 alt \u00fcst edecektir. Eri ve Cho&#8217;nun cinayetleri birbiriyle ba\u011flant\u0131l\u0131 olabilir ve M\u00fcfetti\u015f Watsuki i\u00e7in bir numaral\u0131 \u015f\u00fcpheli Aiko&#8217;dur. Cho cinayetinin \u015fahidi Hitomi&#8217;nin video kayd\u0131 sebebiyle zor durumda olan Aiko olabildi\u011fince zeki davranmak zorundad\u0131r. B\u00fct\u00fcn bu olan bitene ra\u011fmen, Bayan Psiko\u2019nun tek bir amac\u0131 vard\u0131r: Dosan&#8217;\u0131n kalbini fethetmek. <\/p>\n","protected":false},"excerpt":{"rendered":"<p>TEK TIKLA \u00d6L\u00dcMS\u00dcZL\u00dcK! Cho&#8217;nun cesedinin bulunmas\u0131, Eri&#8217;nin \u00f6l\u00fcm\u00fcyle ilgili soru\u015fturmay\u0131 alt \u00fcst edecektir. Eri ve Cho&#8217;nun cinayetleri birbiriyle ba\u011flant\u0131l\u0131 olabilir ve M\u00fcfetti\u015f Watsuki i\u00e7in bir numaral\u0131<span class=\"excerpt-hellip\"> [\u2026]<\/span><\/p>\n","protected":false},"featured_media":0,"template":"","meta":{"_monsterinsights_skip_tracking":false,"_monsterinsights_sitenote_active":false,"_monsterinsights_sitenote_note":"","_monsterinsights_sitenote_category":0},"product_brand":[],"product_cat":[12416,12291],"product_tag":[],"class_list":{"0":"post-751394","1":"product","2":"type-product","3":"status-publish","5":"product_cat-cizgi-roman","6":"product_cat-edebiyat","7":"pa_cilt-ciltsiz","8":"pa_tur-kitap","9":"pa_yayinevi-dex-yayinevi","10":"pa_yazar-miki-makasu-oto-san","12":"first","13":"instock","14":"sale","15":"shipping-taxable","16":"purchasable","17":"product-type-simple"},"_links":{"self":[{"href":"https:\/\/roveyayinevi.com.tr\/index.php\/wp-json\/wp\/v2\/product\/751394","targetHints":{"allow":["GET"]}}],"collection":[{"href":"https:\/\/roveyayinevi.com.tr\/index.php\/wp-json\/wp\/v2\/product"}],"about":[{"href":"https:\/\/roveyayinevi.com.tr\/index.php\/wp-json\/wp\/v2\/types\/product"}],"wp:attachment":[{"href":"https:\/\/roveyayinevi.com.tr\/index.php\/wp-json\/wp\/v2\/media?parent=751394"}],"wp:term":[{"taxonomy":"product_brand","embeddable":true,"href":"https:\/\/roveyayinevi.com.tr\/index.php\/wp-json\/wp\/v2\/product_brand?post=751394"},{"taxonomy":"product_cat","embeddable":true,"href":"https:\/\/roveyayinevi.com.tr\/index.php\/wp-json\/wp\/v2\/product_cat?post=751394"},{"taxonomy":"product_tag","embeddable":true,"href":"https:\/\/roveyayinevi.com.tr\/index.php\/wp-json\/wp\/v2\/product_tag?post=751394"}],"curies":[{"name":"wp","href":"https:\/\/api.w.org\/{rel}","templated":true}]}}