{"id":751388,"date":"2025-08-28T04:47:43","date_gmt":"2025-08-28T01:47:43","guid":{"rendered":"https:\/\/roveyayinevi.com.tr\/index.php\/urun\/double-me-1\/"},"modified":"2026-04-16T03:04:45","modified_gmt":"2026-04-16T00:04:45","slug":"double-me-1","status":"publish","type":"product","link":"https:\/\/roveyayinevi.com.tr\/index.php\/urun\/double-me-1\/","title":{"rendered":"Double Me 1"},"content":{"rendered":"<p>Aiko ve en iyi arkada\u015f\u0131 Eri, t\u00fcm zamanlar\u0131n\u0131 sosyal a\u011f Double.Me\u2019de yaz\u0131\u015farak ge\u00e7irmektedir. Her \u015feyden bahsedilir ama en \u00e7ok da Dosan\u2019dan, iki arkada\u015f\u0131n da \u00e2\u015f\u0131k oldu\u011fu yak\u0131\u015f\u0131kl\u0131 liseliden. Ne yaz\u0131k ki Eri \u00f6l\u00fcr. Arkada\u015f\u0131n\u0131n kayb\u0131ndan derinden etkilenen Aiko, Double Me\u2019nin yeni uygulamas\u0131n\u0131n etkinle\u015fti\u011fini g\u00f6r\u00fcr: Eri\u2019yi taklit eden bir yapay zek\u00e2. B\u00f6ylece Aiko kendini sanal sohbetlerine kapt\u0131r\u0131r, ama nereye kadar?  <\/p>\n","protected":false},"excerpt":{"rendered":"<p>Aiko ve en iyi arkada\u015f\u0131 Eri, t\u00fcm zamanlar\u0131n\u0131 sosyal a\u011f Double.Me\u2019de yaz\u0131\u015farak ge\u00e7irmektedir. Her \u015feyden bahsedilir ama en \u00e7ok da Dosan\u2019dan, iki arkada\u015f\u0131n da \u00e2\u015f\u0131k oldu\u011fu<span class=\"excerpt-hellip\"> [\u2026]<\/span><\/p>\n","protected":false},"featured_media":0,"template":"","meta":{"_monsterinsights_skip_tracking":false,"_monsterinsights_sitenote_active":false,"_monsterinsights_sitenote_note":"","_monsterinsights_sitenote_category":0},"product_brand":[],"product_cat":[12416,12291],"product_tag":[],"class_list":{"0":"post-751388","1":"product","2":"type-product","3":"status-publish","5":"product_cat-cizgi-roman","6":"product_cat-edebiyat","7":"pa_cilt-ciltsiz","8":"pa_tur-kitap","9":"pa_yayinevi-dex-yayinevi","10":"pa_yazar-miki-makasu-oto-san","12":"first","13":"instock","14":"sale","15":"shipping-taxable","16":"purchasable","17":"product-type-simple"},"_links":{"self":[{"href":"https:\/\/roveyayinevi.com.tr\/index.php\/wp-json\/wp\/v2\/product\/751388","targetHints":{"allow":["GET"]}}],"collection":[{"href":"https:\/\/roveyayinevi.com.tr\/index.php\/wp-json\/wp\/v2\/product"}],"about":[{"href":"https:\/\/roveyayinevi.com.tr\/index.php\/wp-json\/wp\/v2\/types\/product"}],"wp:attachment":[{"href":"https:\/\/roveyayinevi.com.tr\/index.php\/wp-json\/wp\/v2\/media?parent=751388"}],"wp:term":[{"taxonomy":"product_brand","embeddable":true,"href":"https:\/\/roveyayinevi.com.tr\/index.php\/wp-json\/wp\/v2\/product_brand?post=751388"},{"taxonomy":"product_cat","embeddable":true,"href":"https:\/\/roveyayinevi.com.tr\/index.php\/wp-json\/wp\/v2\/product_cat?post=751388"},{"taxonomy":"product_tag","embeddable":true,"href":"https:\/\/roveyayinevi.com.tr\/index.php\/wp-json\/wp\/v2\/product_tag?post=751388"}],"curies":[{"name":"wp","href":"https:\/\/api.w.org\/{rel}","templated":true}]}}