{"id":751372,"date":"2025-08-28T04:47:19","date_gmt":"2025-08-28T01:47:19","guid":{"rendered":"https:\/\/roveyayinevi.com.tr\/index.php\/urun\/hayat-oyunu\/"},"modified":"2025-10-01T20:59:52","modified_gmt":"2025-10-01T17:59:52","slug":"hayat-oyunu","status":"publish","type":"product","link":"https:\/\/roveyayinevi.com.tr\/index.php\/urun\/hayat-oyunu\/","title":{"rendered":"Hayat Oyunu"},"content":{"rendered":"<p>\u0130nsan hayat\u0131, d\u00fcnyaya ad\u0131m at\u0131p ilk nefesini ald\u0131\u011f\u0131 andan son nefesini verdi\u011fi ana kadar zorlu bir yolculuk\u2026 Kimi \u201cdo\u011fu\u015ftan \u015fansl\u0131\u201d olurken kimi ayakta kalmak ad\u0131na me\u015fakkatli bir m\u00fccadele veriyor. Yolun ve yolculu\u011fun g\u00fc\u00e7l\u00fc\u011f\u00fc, bazen de insan\u0131n g\u00f6z\u00fcn\u00fc o kadar korkutuyor ki \u201ckestirme bir yol\u201d aray\u0131\u015f\u0131na itiyor. Para, zenginlik, hayat\u0131n g\u00fc\u00e7l\u00fc\u011f\u00fcn\u00fc \u00f6nemli \u00f6l\u00e7\u00fcde gideren en temel enstr\u00fcmanlar. Bunu zahmetsizce kazanman\u0131n bir yolu da \u201cpiyangodan para \u00e7\u0131kmas\u0131\u201d\u2026 \u015eans oyunlar\u0131, piyango, kumar; kolay yoldan para kazand\u0131rmas\u0131n\u0131n yan\u0131nda, \u00e7o\u011fu zaman insan\u0131n elindeki avucundaki her \u015feyi yitirip iflas\u0131na da sebebiyet verebiliyor. Milyonlarca kez, milyonlarca insan taraf\u0131ndan denenmi\u015f ve neredeyse matematiksel kesinlik i\u00e7eren bu ger\u00e7e\u011fe ra\u011fmen, niye h\u00e2l\u00e2 bu se\u00e7ene\u011fe y\u00f6nelir insan? Kumar sadece bir para kazanma arzusu de\u011fil mi yoksa? Ba\u015fka hangi motivasyonlar bu yolu pop\u00fcler h\u00e2le getiriyor? Erol G\u00f6ka, bu kitab\u0131nda insanl\u0131k tarihinin bu en eski \u201ck\u00f6t\u00fc al\u0131\u015fkanl\u0131k\u201dlar\u0131ndan olan kumar, \u015fans oyunlar\u0131 ve piyangonun pop\u00fclerli\u011fine dair esasl\u0131 bir zihin f\u0131rt\u0131nas\u0131 yap\u0131yor. Hem bir psikiyatr ve hem de ayn\u0131 zamanda bir d\u00fc\u015f\u00fcnce adam\u0131 olmas\u0131, ortaya \u00e7\u0131kan sonucu daha da \u00e7arp\u0131c\u0131 h\u00e2le getiriyor\u2026 <\/p>\n","protected":false},"excerpt":{"rendered":"<p>\u0130nsan hayat\u0131, d\u00fcnyaya ad\u0131m at\u0131p ilk nefesini ald\u0131\u011f\u0131 andan son nefesini verdi\u011fi ana kadar zorlu bir yolculuk\u2026 Kimi \u201cdo\u011fu\u015ftan \u015fansl\u0131\u201d olurken kimi ayakta kalmak ad\u0131na me\u015fakkatli<span class=\"excerpt-hellip\"> [\u2026]<\/span><\/p>\n","protected":false},"featured_media":0,"template":"","meta":{"_monsterinsights_skip_tracking":false,"_monsterinsights_sitenote_active":false,"_monsterinsights_sitenote_note":"","_monsterinsights_sitenote_category":0},"product_brand":[],"product_cat":[12357],"product_tag":[],"class_list":{"0":"post-751372","1":"product","2":"type-product","3":"status-publish","5":"product_cat-psikoloji","6":"pa_cilt-ciltsiz","7":"pa_tur-kitap","8":"pa_yayinevi-kapi-yayinlari","9":"pa_yazar-erol-goka","11":"first","12":"instock","13":"sale","14":"shipping-taxable","15":"purchasable","16":"product-type-simple"},"_links":{"self":[{"href":"https:\/\/roveyayinevi.com.tr\/index.php\/wp-json\/wp\/v2\/product\/751372","targetHints":{"allow":["GET"]}}],"collection":[{"href":"https:\/\/roveyayinevi.com.tr\/index.php\/wp-json\/wp\/v2\/product"}],"about":[{"href":"https:\/\/roveyayinevi.com.tr\/index.php\/wp-json\/wp\/v2\/types\/product"}],"wp:attachment":[{"href":"https:\/\/roveyayinevi.com.tr\/index.php\/wp-json\/wp\/v2\/media?parent=751372"}],"wp:term":[{"taxonomy":"product_brand","embeddable":true,"href":"https:\/\/roveyayinevi.com.tr\/index.php\/wp-json\/wp\/v2\/product_brand?post=751372"},{"taxonomy":"product_cat","embeddable":true,"href":"https:\/\/roveyayinevi.com.tr\/index.php\/wp-json\/wp\/v2\/product_cat?post=751372"},{"taxonomy":"product_tag","embeddable":true,"href":"https:\/\/roveyayinevi.com.tr\/index.php\/wp-json\/wp\/v2\/product_tag?post=751372"}],"curies":[{"name":"wp","href":"https:\/\/api.w.org\/{rel}","templated":true}]}}