{"id":751369,"date":"2025-08-28T04:47:15","date_gmt":"2025-08-28T01:47:15","guid":{"rendered":"https:\/\/roveyayinevi.com.tr\/index.php\/urun\/dark-polisiye-besinci-kitap\/"},"modified":"2026-04-16T03:04:44","modified_gmt":"2026-04-16T00:04:44","slug":"dark-polisiye-besinci-kitap","status":"publish","type":"product","link":"https:\/\/roveyayinevi.com.tr\/index.php\/urun\/dark-polisiye-besinci-kitap\/","title":{"rendered":"Dark Polisiye Be\u015finci Kitap"},"content":{"rendered":"<p>\u0130ntihar giri\u015fiminde bulunan otizmli ergen k\u0131z\u0131n cinsel istismar vakas\u0131n\u0131n \u00fcvey baban\u0131n terastan d\u00fc\u015fmesiyle sonu\u00e7lanan \u00f6l\u00fcm\u00fcn\u00fc yak\u0131ndan izleyerek \u00e7\u00f6zen \u015fahane dedektif; Beyo\u011flu\u2019ndaki paspal otel odas\u0131nda \u00f6l\u00fc bulunan naml\u0131 fahi\u015fenin s\u00fcrpriz katilinin yak\u0131ndaki meyhaneden olay yerine se\u011firten usta dedektifin tokat gibi \u00e7arpan hamlesiyle yakalanmas\u0131; Kumar bor\u00e7lar\u0131yla k\u0131vranan hayta gencin zengin ve mafyatik babas\u0131n\u0131n \u00f6lmesiyle ba\u015flayan zenginlik g\u00fcnleri hayalinin kand\u0131rarak yerine ge\u00e7irdi\u011fi dubl\u00f6r\u00fcn\u00fcn zaferine d\u00f6n\u00fc\u015fmesi; Tek tipte sar\u0131\u015f\u0131n gen\u00e7 kad\u0131nlar\u0131 kand\u0131rarak malik\u00e2nesinde \u00f6ld\u00fcrd\u00fc\u011f\u00fc d\u00fc\u015f\u00fcn\u00fclen robot yaz\u0131l\u0131mc\u0131s\u0131 seri katilin fantastik tasar\u0131mlarla dolu mikro d\u00fcnyas\u0131na d\u00fczenlenen polis operasyonu; Gece yata\u011f\u0131nda kalp krizi ge\u00e7irerek \u00f6len gen\u00e7 \u00e7evik kuvvet polisinin \u015f\u00fcpheli \u00f6l\u00fcm\u00fcn\u00fc kurcalayarak ac\u0131 ger\u00e7e\u011fe ula\u015fan usta polis dedektifi; Kendisini her ad\u0131mda izlemeyi s\u00fcrd\u00fcren kimli\u011fi bilinmeyen k\u00f6t\u00fc niyetli ki\u015filere yakalanmamak i\u00e7in m\u00fcthi\u015f numaralar \u00e7eken gen\u00e7 adam\u0131n \u00f6l\u00fcm tuza\u011f\u0131ndan k\u0131l pay\u0131 kurtulu\u015fu; Be\u015f ki\u015finin yanarak \u00f6ld\u00fc\u011f\u00fc evi kundaklayan yoksul gen\u00e7 k\u0131z\u0131 sorgulayan polis komiserinin y\u00fczle\u015fti\u011fi kirli ger\u00e7ekler kar\u015f\u0131s\u0131nda \u00e7\u0131ld\u0131rmas\u0131n\u0131n \u00f6l\u00fcmc\u00fcl sonu\u00e7lar\u0131; Kurbanl\u0131k bir koyun gibi boynu kesilerek \u00f6ld\u00fcr\u00fclen doktor aday\u0131 gencin katilini bulmak i\u00e7in felsefeci bir tarikat\u0131 soru\u015fturan dedektifin kar\u015f\u0131la\u015ft\u0131\u011f\u0131 \u00e7arp\u0131k ili\u015fkiler; \u0130ntihar eden sevgilisinin ac\u0131s\u0131yla Kar\u0131nde\u015fen Jack benzeri organ \u00e7alan bir seri katile d\u00f6n\u00fc\u015fen \u015fizofreni hastas\u0131 t\u0131p \u00f6\u011frencisi gencin cinayet nedenini ortaya \u00e7\u0131karan gazeteci kad\u0131n dedektif; Trafik kontrol\u00fcnde \u00f6ld\u00fcrd\u00fc\u011f\u00fc ki\u015filerin kulaklar\u0131n\u0131 kesen korkun\u00e7 seri katili yakalad\u0131klar\u0131n\u0131 sananlarla kimlik karga\u015fas\u0131n\u0131n i\u00e7ine d\u00fc\u015fen kumarbaz\u0131n yollar\u0131n\u0131n kesi\u015fmesi; \u0130kinci evlili\u011finde umdu\u011funu bulamayan zengin kad\u0131n\u0131n hayat\u0131n\u0131 doldurmay\u0131 umdu\u011fu cins yavru k\u00f6pe\u011fin e\u011fitimi i\u00e7in kocas\u0131yla beraber ba\u015fvurdu\u011fu evcil hayvan \u00e7iftli\u011finin esrar\u0131; Ya\u011fmurlu bir gecede koltu\u011funda \u00e7amura bulanm\u0131\u015f vaziyette uyanan gen\u00e7 adam\u0131n haf\u0131zas\u0131ndaki sorunlar\u0131n onu k\u0131yamete kadar s\u00fcrecek bir su\u00e7 girdab\u0131na s\u00fcr\u00fcklemesi; Otomobilinin i\u00e7inde ba\u015f\u0131ndan vurulmu\u015f olarak bulunan bilgisayar teknisyeninin cinayetini soru\u015fturan ekibin kendini bir anda i\u00e7inde buldu\u011fu yasad\u0131\u015f\u0131 al\u0131\u015fveri\u015fin karma\u015f\u0131k labirenti; Can\u0131ndan \u00e7ok sevdi\u011fi k\u0131z\u0131n\u0131 birlikte ya\u015fad\u0131klar\u0131 bir trafik kazas\u0131nda kaybeden avukat\u0131n gizemli bir ki\u015finin mihmandarl\u0131\u011f\u0131nda vicdan\u0131yla hesapla\u015fmas\u0131&#8230; <\/p>\n","protected":false},"excerpt":{"rendered":"<p>\u0130ntihar giri\u015fiminde bulunan otizmli ergen k\u0131z\u0131n cinsel istismar vakas\u0131n\u0131n \u00fcvey baban\u0131n terastan d\u00fc\u015fmesiyle sonu\u00e7lanan \u00f6l\u00fcm\u00fcn\u00fc yak\u0131ndan izleyerek \u00e7\u00f6zen \u015fahane dedektif; Beyo\u011flu\u2019ndaki paspal otel odas\u0131nda \u00f6l\u00fc bulunan<span class=\"excerpt-hellip\"> [\u2026]<\/span><\/p>\n","protected":false},"featured_media":0,"template":"","meta":{"_monsterinsights_skip_tracking":false,"_monsterinsights_sitenote_active":false,"_monsterinsights_sitenote_note":"","_monsterinsights_sitenote_category":0},"product_brand":[],"product_cat":[12291,18202],"product_tag":[],"class_list":{"0":"post-751369","1":"product","2":"type-product","3":"status-publish","5":"product_cat-edebiyat","6":"product_cat-hikaye","7":"pa_cilt-ciltsiz","8":"pa_tur-kitap","9":"pa_yayinevi-dark-istanbul-yayinlari","10":"pa_yazar-kolektif","12":"first","13":"instock","14":"sale","15":"shipping-taxable","16":"purchasable","17":"product-type-simple"},"_links":{"self":[{"href":"https:\/\/roveyayinevi.com.tr\/index.php\/wp-json\/wp\/v2\/product\/751369","targetHints":{"allow":["GET"]}}],"collection":[{"href":"https:\/\/roveyayinevi.com.tr\/index.php\/wp-json\/wp\/v2\/product"}],"about":[{"href":"https:\/\/roveyayinevi.com.tr\/index.php\/wp-json\/wp\/v2\/types\/product"}],"wp:attachment":[{"href":"https:\/\/roveyayinevi.com.tr\/index.php\/wp-json\/wp\/v2\/media?parent=751369"}],"wp:term":[{"taxonomy":"product_brand","embeddable":true,"href":"https:\/\/roveyayinevi.com.tr\/index.php\/wp-json\/wp\/v2\/product_brand?post=751369"},{"taxonomy":"product_cat","embeddable":true,"href":"https:\/\/roveyayinevi.com.tr\/index.php\/wp-json\/wp\/v2\/product_cat?post=751369"},{"taxonomy":"product_tag","embeddable":true,"href":"https:\/\/roveyayinevi.com.tr\/index.php\/wp-json\/wp\/v2\/product_tag?post=751369"}],"curies":[{"name":"wp","href":"https:\/\/api.w.org\/{rel}","templated":true}]}}