{"id":751348,"date":"2025-08-28T04:46:42","date_gmt":"2025-08-28T01:46:42","guid":{"rendered":"https:\/\/roveyayinevi.com.tr\/index.php\/urun\/edebiyatta-isyan\/"},"modified":"2026-04-16T03:04:44","modified_gmt":"2026-04-16T00:04:44","slug":"edebiyatta-isyan","status":"publish","type":"product","link":"https:\/\/roveyayinevi.com.tr\/index.php\/urun\/edebiyatta-isyan\/","title":{"rendered":"Edebiyatta \u0130syan"},"content":{"rendered":"<p>Edebiyat ve \u0130syan \u015eerif Temurta\u015f\u2019\u0131n dergilere g\u00f6nderdi\u011fi \u015fiir sanat\u0131na ili\u015fkin yaz\u0131lar\u0131 i\u00e7eriyor. Eserde yan\u0131tlanan ana soru \u201c\u015fairlerin sorumluluklar\u0131 nelerdir,\u201d sorusu. \u015eerif Temurta\u015f\u2019a g\u00f6re \u015fairin, her co\u011frafyada ve her d\u00f6nemde hem ba\u011fl\u0131 bulundu\u011fu topluma hem de insanl\u0131\u011fa ili\u015fkin sorumluluklar\u0131 vard\u0131r. S\u0131rt\u0131n\u0131 ya\u015fad\u0131\u011f\u0131 toplumun sorunlar\u0131na d\u00f6nerek, d\u00fcnyada ya\u015fanan olumsuzluklar\u0131 g\u00f6rmezden gelerek \u015fiir yazmak kabul edilebilir bir \u015fiirsel duru\u015f de\u011fildir. \u015eair yazar\u0131n \u00fcreterek topluma kar\u015f\u0131 sorumlulu\u011funu yerine getirirken ger\u00e7eklerden ka\u00e7madan ya\u015fanan\u0131 yazmal\u0131d\u0131r. \u015eerif Temurta\u015f s\u00f6ze \u201cneye yarar edebiyat bir itiraz bir isyan bar\u0131nd\u0131rm\u0131yorsa!\u201d diyerek ba\u015fl\u0131yor. \u015eairin g\u00f6revi; s\u00f6ylenemeyeni s\u00f6ylemek, kar\u015f\u0131 durulamayana kar\u015f\u0131 durmak, i\u00e7inde ya\u015fad\u0131\u011f\u0131 toplumdan ve d\u00fcnyadan \u00e7ok daha \u00f6nde y\u00fcr\u00fcmektir. \u00c7\u00fcnk\u00fc edebiyat ba\u015ftan ba\u015fa isyan etmektir. Eser boyunca toplumcu ger\u00e7ek\u00e7i \u015fiir ve edebiyat gelene\u011fine hakl\u0131 \u00f6vg\u00fcler yer almakta. Enver G\u00f6k\u00e7e, A. Kadir, G\u00fclten Ak\u0131n, Hasan H\u00fcseyin, Refik Durba\u015f, Veysel \u00c7olak, Ya\u015far Kemal, Ahmet Erhan gibi ustalar\u0131n adlar\u0131 an\u0131lmakta. Toplumcu ger\u00e7ek\u00e7i gelenek insandan, ezilenden, s\u00f6m\u00fcr\u00fclenden yana tav\u0131r alarak ben de\u011fil, biz diyebilmeyi ba\u015farabilmi\u015ftir. \u201cHaks\u0131zl\u0131\u011fa ba\u015fkald\u0131rmayan \u015fair, yazar olamaz.\u201d diyen \u015faire biz de selam olsun diyelim. S\u00f6yledikleriyle de yazd\u0131klar\u0131yla da yaraya merhem olmaya \u00e7al\u0131\u015fan di\u011fer b\u00fct\u00fcn sorumluluk sahibi sanat\u00e7\u0131lara oldu\u011fu gibi\u2026 Hatice E\u011filmez Kaya   <\/p>\n","protected":false},"excerpt":{"rendered":"<p>Edebiyat ve \u0130syan \u015eerif Temurta\u015f\u2019\u0131n dergilere g\u00f6nderdi\u011fi \u015fiir sanat\u0131na ili\u015fkin yaz\u0131lar\u0131 i\u00e7eriyor. Eserde yan\u0131tlanan ana soru \u201c\u015fairlerin sorumluluklar\u0131 nelerdir,\u201d sorusu. \u015eerif Temurta\u015f\u2019a g\u00f6re \u015fairin, her co\u011frafyada<span class=\"excerpt-hellip\"> [\u2026]<\/span><\/p>\n","protected":false},"featured_media":0,"template":"","meta":{"_monsterinsights_skip_tracking":false,"_monsterinsights_sitenote_active":false,"_monsterinsights_sitenote_note":"","_monsterinsights_sitenote_category":0},"product_brand":[],"product_cat":[12291],"product_tag":[],"class_list":{"0":"post-751348","1":"product","2":"type-product","3":"status-publish","5":"product_cat-edebiyat","6":"pa_cilt-ciltsiz","7":"pa_tur-kitap","8":"pa_yayinevi-somut-yayinlari","9":"pa_yazar-serif-temurtas","11":"first","12":"instock","13":"sale","14":"shipping-taxable","15":"purchasable","16":"product-type-simple"},"_links":{"self":[{"href":"https:\/\/roveyayinevi.com.tr\/index.php\/wp-json\/wp\/v2\/product\/751348","targetHints":{"allow":["GET"]}}],"collection":[{"href":"https:\/\/roveyayinevi.com.tr\/index.php\/wp-json\/wp\/v2\/product"}],"about":[{"href":"https:\/\/roveyayinevi.com.tr\/index.php\/wp-json\/wp\/v2\/types\/product"}],"wp:attachment":[{"href":"https:\/\/roveyayinevi.com.tr\/index.php\/wp-json\/wp\/v2\/media?parent=751348"}],"wp:term":[{"taxonomy":"product_brand","embeddable":true,"href":"https:\/\/roveyayinevi.com.tr\/index.php\/wp-json\/wp\/v2\/product_brand?post=751348"},{"taxonomy":"product_cat","embeddable":true,"href":"https:\/\/roveyayinevi.com.tr\/index.php\/wp-json\/wp\/v2\/product_cat?post=751348"},{"taxonomy":"product_tag","embeddable":true,"href":"https:\/\/roveyayinevi.com.tr\/index.php\/wp-json\/wp\/v2\/product_tag?post=751348"}],"curies":[{"name":"wp","href":"https:\/\/api.w.org\/{rel}","templated":true}]}}