{"id":751347,"date":"2025-08-28T04:46:41","date_gmt":"2025-08-28T01:46:41","guid":{"rendered":"https:\/\/roveyayinevi.com.tr\/index.php\/urun\/tuhaflar-kulubu\/"},"modified":"2026-04-16T03:04:44","modified_gmt":"2026-04-16T00:04:44","slug":"tuhaflar-kulubu","status":"publish","type":"product","link":"https:\/\/roveyayinevi.com.tr\/index.php\/urun\/tuhaflar-kulubu\/","title":{"rendered":"Tuhaflar Kul\u00fcb\u00fc"},"content":{"rendered":"<p>\u0130spanyol edebiyat\u0131n\u0131n \u00e7ok \u00f6d\u00fcll\u00fc yazarlar\u0131ndan Jordi Sierra i Fabra, farkl\u0131l\u0131klar\u0131n ve empatinin birle\u015ftirici etkisini y\u00fcrekleri \u0131s\u0131tan bir hik\u00e2yeyle resmediyor. Her insan\u0131n, biricik ya\u015fam\u0131n\u0131n de\u011ferini hat\u0131rlatan roman, \u00e7ocuklar\u0131n kayg\u0131lar\u0131n\u0131 y\u0131k\u0131yor, samimi bir de\u011fi\u015fimin yolunu \u00e7iziyor. Kendini tuhaf, farkl\u0131 ya da yaln\u0131z hisseden herkesi d\u00fcnyan\u0131n en ilgin\u00e7, en naif, en dost canl\u0131s\u0131 kul\u00fcb\u00fcne davet ediyor. Farkl\u0131l\u0131klar\u0131n sundu\u011fu renklili\u011fin, insan\u0131n kendine g\u00fclmeyi \u00f6\u011frenmesinin ve kendisiyle bar\u0131\u015fmas\u0131n\u0131n g\u00fcc\u00fcn\u00fc, yal\u0131n anlat\u0131m\u0131yla duyumsat\u0131yor. Hugo kekeme, Bernardo disleksilidir. S\u0131n\u0131f\u0131n zorbas\u0131 Vicente, onlara hayat\u0131 dar etmektedir. Bir kul\u00fcp kurmaya karar veren \u00e7ocuklar, internette kendileri gibi &#8220;tuhaf&#8221; \u00fcnl\u00fcleri ke\u015ffederler. Mozart, John Lennon, Scarlet Johansson, Da Vinci, Picasso, Edison, Napolyon, Tom Cruise ve daha nicesi miyop, k\u0131sa boylu ya da kekemedir. Yaln\u0131z olmad\u0131klar\u0131n\u0131 anlayan ikili \u00f6nce pek sevinir. Ancak Tuhaflar Kul\u00fcb\u00fc&#8217;n\u00fcn \u00fcyeleri artt\u0131k\u00e7a i\u015fler \u00e7\u0131\u011fr\u0131ndan \u00e7\u0131kmaya, tuhafl\u0131klar sorgulanmaya ba\u015flan\u0131r&#8230;<\/p>\n","protected":false},"excerpt":{"rendered":"<p>\u0130spanyol edebiyat\u0131n\u0131n \u00e7ok \u00f6d\u00fcll\u00fc yazarlar\u0131ndan Jordi Sierra i Fabra, farkl\u0131l\u0131klar\u0131n ve empatinin birle\u015ftirici etkisini y\u00fcrekleri \u0131s\u0131tan bir hik\u00e2yeyle resmediyor. Her insan\u0131n, biricik ya\u015fam\u0131n\u0131n de\u011ferini hat\u0131rlatan roman,<span class=\"excerpt-hellip\"> [\u2026]<\/span><\/p>\n","protected":false},"featured_media":0,"template":"","meta":{"_monsterinsights_skip_tracking":false,"_monsterinsights_sitenote_active":false,"_monsterinsights_sitenote_note":"","_monsterinsights_sitenote_category":0},"product_brand":[],"product_cat":[12275,12274],"product_tag":[],"class_list":{"0":"post-751347","1":"product","2":"type-product","3":"status-publish","5":"product_cat-6-12-yas-kitaplari","6":"product_cat-cocuk-ve-genclik-kitaplari","7":"pa_cilt-ciltsiz","8":"pa_tur-kitap","9":"pa_yayinevi-gunisigi-kitapligi","10":"pa_yazar-jordi-sierra-i-fabra","12":"first","13":"instock","14":"sale","15":"shipping-taxable","16":"purchasable","17":"product-type-simple"},"_links":{"self":[{"href":"https:\/\/roveyayinevi.com.tr\/index.php\/wp-json\/wp\/v2\/product\/751347","targetHints":{"allow":["GET"]}}],"collection":[{"href":"https:\/\/roveyayinevi.com.tr\/index.php\/wp-json\/wp\/v2\/product"}],"about":[{"href":"https:\/\/roveyayinevi.com.tr\/index.php\/wp-json\/wp\/v2\/types\/product"}],"wp:attachment":[{"href":"https:\/\/roveyayinevi.com.tr\/index.php\/wp-json\/wp\/v2\/media?parent=751347"}],"wp:term":[{"taxonomy":"product_brand","embeddable":true,"href":"https:\/\/roveyayinevi.com.tr\/index.php\/wp-json\/wp\/v2\/product_brand?post=751347"},{"taxonomy":"product_cat","embeddable":true,"href":"https:\/\/roveyayinevi.com.tr\/index.php\/wp-json\/wp\/v2\/product_cat?post=751347"},{"taxonomy":"product_tag","embeddable":true,"href":"https:\/\/roveyayinevi.com.tr\/index.php\/wp-json\/wp\/v2\/product_tag?post=751347"}],"curies":[{"name":"wp","href":"https:\/\/api.w.org\/{rel}","templated":true}]}}