{"id":751340,"date":"2025-08-28T04:46:30","date_gmt":"2025-08-28T01:46:30","guid":{"rendered":"https:\/\/roveyayinevi.com.tr\/index.php\/urun\/eksik-parca\/"},"modified":"2026-04-15T03:14:42","modified_gmt":"2026-04-15T00:14:42","slug":"eksik-parca","status":"publish","type":"product","link":"https:\/\/roveyayinevi.com.tr\/index.php\/urun\/eksik-parca\/","title":{"rendered":"Eksik Par\u00e7a"},"content":{"rendered":"<p>\u00d6ks\u00fcz ve yetim olan H\u00fcseyin isimli kimsesiz bir \u00e7ocu\u011fun hayat\u0131, Harput\u2019ta ya\u015fayan amcas\u0131 Ali A\u011fa\u2019n\u0131n yan\u0131na ta\u015f\u0131nmas\u0131yla bir anda de\u011fi\u015fir. \u0130\u00e7inde k\u00f6t\u00fcl\u00fc\u011fe dair hi\u00e7bir \u015fey ta\u015f\u0131mayan, saf kalpli H\u00fcseyin, Ali A\u011fa\u2019n\u0131n c\u00f6mertli\u011fi ve bilgeli\u011fi ile varolu\u015fundaki eksik par\u00e7ay\u0131 ararken, bir yandan da insanlar\u0131n i\u00e7indeki haset ve d\u00fc\u015fmanl\u0131kla m\u00fccadele eder. Beklenmedik bir anda kar\u015f\u0131s\u0131na \u00e7\u0131kan Emine ise H\u00fcseyin\u2019in bu zorlu yolculu\u011fundaki tek dura\u011f\u0131 olacakt\u0131r. Selahattin \u015eim\u015fek, \u201cEksik Par\u00e7a\u201d isimli kitab\u0131nda Elaz\u0131\u011f\u2019\u0131n efsanelere konu olan antik kenti Harput\u2019ta ge\u00e7en s\u0131cak bir a\u015fk hik\u00e2yesini, \u00f6nce ve sonras\u0131yla ele al\u0131yor. Ku\u015faklar boyunca devam eden anlam aray\u0131\u015f\u0131n\u0131 toplumsal ger\u00e7ek\u00e7i bir dille sayfalara d\u00f6ken \u015eim\u015fek, k\u00f6y ve \u015fehir hayat\u0131n\u0131n \u00e7at\u0131\u015fmalar\u0131n\u0131, nesiller aras\u0131ndaki kopuklu\u011fu ve en sonunda yine \u00f6z\u00fcne d\u00f6nen insanl\u0131\u011f\u0131 \u00e7arp\u0131c\u0131 bir \u00fcslupla anlat\u0131yor. <\/p>\n","protected":false},"excerpt":{"rendered":"<p>\u00d6ks\u00fcz ve yetim olan H\u00fcseyin isimli kimsesiz bir \u00e7ocu\u011fun hayat\u0131, Harput\u2019ta ya\u015fayan amcas\u0131 Ali A\u011fa\u2019n\u0131n yan\u0131na ta\u015f\u0131nmas\u0131yla bir anda de\u011fi\u015fir. \u0130\u00e7inde k\u00f6t\u00fcl\u00fc\u011fe dair hi\u00e7bir \u015fey ta\u015f\u0131mayan,<span class=\"excerpt-hellip\"> [\u2026]<\/span><\/p>\n","protected":false},"featured_media":0,"template":"","meta":{"_monsterinsights_skip_tracking":false,"_monsterinsights_sitenote_active":false,"_monsterinsights_sitenote_note":"","_monsterinsights_sitenote_category":0},"product_brand":[],"product_cat":[12291,12711],"product_tag":[],"class_list":{"0":"post-751340","1":"product","2":"type-product","3":"status-publish","5":"product_cat-edebiyat","6":"product_cat-roman-oyku","7":"pa_cilt-ciltsiz","8":"pa_tur-kitap","9":"pa_yayinevi-kitap-muptelasi-yayinlari","10":"pa_yazar-selahattin-simsek","12":"first","13":"instock","14":"sale","15":"shipping-taxable","16":"purchasable","17":"product-type-simple"},"_links":{"self":[{"href":"https:\/\/roveyayinevi.com.tr\/index.php\/wp-json\/wp\/v2\/product\/751340","targetHints":{"allow":["GET"]}}],"collection":[{"href":"https:\/\/roveyayinevi.com.tr\/index.php\/wp-json\/wp\/v2\/product"}],"about":[{"href":"https:\/\/roveyayinevi.com.tr\/index.php\/wp-json\/wp\/v2\/types\/product"}],"wp:attachment":[{"href":"https:\/\/roveyayinevi.com.tr\/index.php\/wp-json\/wp\/v2\/media?parent=751340"}],"wp:term":[{"taxonomy":"product_brand","embeddable":true,"href":"https:\/\/roveyayinevi.com.tr\/index.php\/wp-json\/wp\/v2\/product_brand?post=751340"},{"taxonomy":"product_cat","embeddable":true,"href":"https:\/\/roveyayinevi.com.tr\/index.php\/wp-json\/wp\/v2\/product_cat?post=751340"},{"taxonomy":"product_tag","embeddable":true,"href":"https:\/\/roveyayinevi.com.tr\/index.php\/wp-json\/wp\/v2\/product_tag?post=751340"}],"curies":[{"name":"wp","href":"https:\/\/api.w.org\/{rel}","templated":true}]}}