{"id":751333,"date":"2025-08-28T04:46:19","date_gmt":"2025-08-28T01:46:19","guid":{"rendered":"https:\/\/roveyayinevi.com.tr\/index.php\/urun\/terapistin-bir-gunu-bolunmus-zihinlerle\/"},"modified":"2026-04-16T03:04:44","modified_gmt":"2026-04-16T00:04:44","slug":"terapistin-bir-gunu-bolunmus-zihinlerle","status":"publish","type":"product","link":"https:\/\/roveyayinevi.com.tr\/index.php\/urun\/terapistin-bir-gunu-bolunmus-zihinlerle\/","title":{"rendered":"Terapistin Bir G\u00fcn\u00fc, B\u00f6l\u00fcnm\u00fc\u015f Zihinlerle"},"content":{"rendered":"<p>Terapistin Bir G\u00fcn\u00fc, disosiyatif kimlik bozuklu\u011fu ya\u015fayan hastalarla yakla\u015f\u0131k 30 y\u0131ld\u0131r \u00e7al\u0131\u015fan Prof. Dr. Medaim Yan\u0131k\u2019\u0131n kaleminden, insan\u0131n i\u00e7indeki dehlizlere fener tutan bir kitap\u2026 Yan\u0131k bu kitapta, insan zihninde ac\u0131yla ba\u015f edebilmek i\u00e7in \u00fcretilmi\u015f alter ki\u015filiklerle ortaya \u00e7\u0131kan zihin b\u00f6l\u00fcnmesi rahats\u0131zl\u0131\u011f\u0131n\u0131 farkl\u0131 \u00f6rneklerle i\u015fliyor. Terapistin Bir G\u00fcn\u00fc, terapistler taraf\u0131ndan yaz\u0131lan bir\u00e7ok kitab\u0131n aksine, dan\u0131\u015fanlar\u0131n ki\u015fisel bilgileri gizlenerek yaz\u0131lm\u0131\u015f bir \u00f6rnek vakalar kitab\u0131 de\u011fil. Yine de her okur bu kitapta kendinden bir \u015feyler bulabilecek\u2026<\/p>\n","protected":false},"excerpt":{"rendered":"<p>Terapistin Bir G\u00fcn\u00fc, disosiyatif kimlik bozuklu\u011fu ya\u015fayan hastalarla yakla\u015f\u0131k 30 y\u0131ld\u0131r \u00e7al\u0131\u015fan Prof. Dr. Medaim Yan\u0131k\u2019\u0131n kaleminden, insan\u0131n i\u00e7indeki dehlizlere fener tutan bir kitap\u2026 Yan\u0131k bu<span class=\"excerpt-hellip\"> [\u2026]<\/span><\/p>\n","protected":false},"featured_media":0,"template":"","meta":{"_monsterinsights_skip_tracking":false,"_monsterinsights_sitenote_active":false,"_monsterinsights_sitenote_note":"","_monsterinsights_sitenote_category":0},"product_brand":[],"product_cat":[12357],"product_tag":[],"class_list":{"0":"post-751333","1":"product","2":"type-product","3":"status-publish","5":"product_cat-psikoloji","6":"pa_cilt-ciltsiz","7":"pa_tur-kitap","8":"pa_yayinevi-erdem-yayinlari","9":"pa_yazar-medaim-yanik","11":"first","12":"instock","13":"sale","14":"shipping-taxable","15":"purchasable","16":"product-type-simple"},"_links":{"self":[{"href":"https:\/\/roveyayinevi.com.tr\/index.php\/wp-json\/wp\/v2\/product\/751333","targetHints":{"allow":["GET"]}}],"collection":[{"href":"https:\/\/roveyayinevi.com.tr\/index.php\/wp-json\/wp\/v2\/product"}],"about":[{"href":"https:\/\/roveyayinevi.com.tr\/index.php\/wp-json\/wp\/v2\/types\/product"}],"wp:attachment":[{"href":"https:\/\/roveyayinevi.com.tr\/index.php\/wp-json\/wp\/v2\/media?parent=751333"}],"wp:term":[{"taxonomy":"product_brand","embeddable":true,"href":"https:\/\/roveyayinevi.com.tr\/index.php\/wp-json\/wp\/v2\/product_brand?post=751333"},{"taxonomy":"product_cat","embeddable":true,"href":"https:\/\/roveyayinevi.com.tr\/index.php\/wp-json\/wp\/v2\/product_cat?post=751333"},{"taxonomy":"product_tag","embeddable":true,"href":"https:\/\/roveyayinevi.com.tr\/index.php\/wp-json\/wp\/v2\/product_tag?post=751333"}],"curies":[{"name":"wp","href":"https:\/\/api.w.org\/{rel}","templated":true}]}}