{"id":751319,"date":"2025-08-28T04:45:58","date_gmt":"2025-08-28T01:45:58","guid":{"rendered":"https:\/\/roveyayinevi.com.tr\/index.php\/urun\/bambaska-bir-sartre\/"},"modified":"2026-04-16T03:04:43","modified_gmt":"2026-04-16T00:04:43","slug":"bambaska-bir-sartre","status":"publish","type":"product","link":"https:\/\/roveyayinevi.com.tr\/index.php\/urun\/bambaska-bir-sartre\/","title":{"rendered":"Bamba\u015fka Bir Sartre"},"content":{"rendered":"<p>Jean Paul-Sartre\u2019\u0131n manevi k\u0131z\u0131nda bulunan \u015fahsi ar\u015fivinden ve kendisiyle yapt\u0131\u011f\u0131 g\u00f6r\u00fc\u015fmelerden hareketle bir ba\u015fka Sartre portresi \u00e7iziyor Fran\u00e7ois Noudelmann. \u201cBamba\u015fka Bir Sartre\u201d yay\u0131mlanmam\u0131\u015f mektuplar, ses-film kay\u0131tlar\u0131 ve notlardan olu\u015fan bu ar\u015fivin izinde Sartre\u2019\u0131n y\u00fczeysel bir turist olmay\u0131 sevdi\u011fini, g\u00f6nl\u00fcn\u00fcn \u00e7oke\u015flili\u011fe meyletti\u011fini, angaje yazar kimli\u011finin \u00fczerine yap\u0131\u015fmas\u0131ndan rahats\u0131z oldu\u011funu, m\u00fczikle olan ili\u015fkisini ve depresif anlar\u0131n\u0131 if\u015fa eden \u015fa\u015f\u0131rt\u0131c\u0131 bir \u00e7al\u0131\u015fma.   \u201cBir yazar\u0131n hayat\u0131na girmek i\u00e7in her \u015feye kar\u015f\u0131n bir yol se\u00e7mek gerekti\u011fine g\u00f6re, yan yollar\u0131 izleme stratejisi verimli olabilir. Bu strateji ba\u011flant\u0131lar \u00fczerinden yanlamas\u0131na d\u00fc\u015f\u00fcnmeyi, \u00e7evresi ve \u2013birlikte yeni, \u015fa\u015f\u0131rt\u0131c\u0131 bir y\u00f6ne girdi\u011fi\u2013 ki\u015filer \u00fczerinden bir bireyin izini s\u00fcrmeyi ama\u00e7l\u0131yor. \u0130nsan hayatlar\u0131n\u0131n anla\u015f\u0131lmas\u0131 i\u00e7in biraz epigeneti\u011fi devreye sokmak tekanlaml\u0131 nedenselcilikten ka\u00e7\u0131nmay\u0131, yerinde d\u00f6n\u00fc\u015f\u00fcmleri ve \u00e7evrenin yaratt\u0131\u011f\u0131 farkl\u0131la\u015fmalar\u0131 ortaya koymay\u0131 sa\u011fl\u0131yor. Raymond Aron ona Husserl\u2019den s\u00f6z etmeseydi ve onu Berlin\u2019e y\u00f6nlendirmeseydi, Sartre fenomenolog olur muydu? Peki ya Jean Genet ya da Frantz Fanon\u2019la kar\u015f\u0131la\u015fmasayd\u0131, K\u00f6t\u00fc kavram\u0131 \u00fczerinde d\u00fc\u015f\u00fcn\u00fcr ve s\u00f6m\u00fcrgecili\u011fe b\u00f6ylesine \u015fiddetle kar\u015f\u0131 \u00e7\u0131kar m\u0131yd\u0131?\u201d <\/p>\n","protected":false},"excerpt":{"rendered":"<p>Jean Paul-Sartre\u2019\u0131n manevi k\u0131z\u0131nda bulunan \u015fahsi ar\u015fivinden ve kendisiyle yapt\u0131\u011f\u0131 g\u00f6r\u00fc\u015fmelerden hareketle bir ba\u015fka Sartre portresi \u00e7iziyor Fran\u00e7ois Noudelmann. \u201cBamba\u015fka Bir Sartre\u201d yay\u0131mlanmam\u0131\u015f mektuplar, ses-film kay\u0131tlar\u0131<span class=\"excerpt-hellip\"> [\u2026]<\/span><\/p>\n","protected":false},"featured_media":0,"template":"","meta":{"_monsterinsights_skip_tracking":false,"_monsterinsights_sitenote_active":false,"_monsterinsights_sitenote_note":"","_monsterinsights_sitenote_category":0},"product_brand":[],"product_cat":[12389,12388],"product_tag":[],"class_list":{"0":"post-751319","1":"product","2":"type-product","3":"status-publish","5":"product_cat-diger-felsefe","6":"product_cat-felsefe","7":"pa_cilt-ciltsiz","8":"pa_tur-kitap","9":"pa_yayinevi-yapi-kredi-yayinlari","10":"pa_yazar-francois-noudelmann","12":"first","13":"instock","14":"sale","15":"shipping-taxable","16":"purchasable","17":"product-type-simple"},"_links":{"self":[{"href":"https:\/\/roveyayinevi.com.tr\/index.php\/wp-json\/wp\/v2\/product\/751319","targetHints":{"allow":["GET"]}}],"collection":[{"href":"https:\/\/roveyayinevi.com.tr\/index.php\/wp-json\/wp\/v2\/product"}],"about":[{"href":"https:\/\/roveyayinevi.com.tr\/index.php\/wp-json\/wp\/v2\/types\/product"}],"wp:attachment":[{"href":"https:\/\/roveyayinevi.com.tr\/index.php\/wp-json\/wp\/v2\/media?parent=751319"}],"wp:term":[{"taxonomy":"product_brand","embeddable":true,"href":"https:\/\/roveyayinevi.com.tr\/index.php\/wp-json\/wp\/v2\/product_brand?post=751319"},{"taxonomy":"product_cat","embeddable":true,"href":"https:\/\/roveyayinevi.com.tr\/index.php\/wp-json\/wp\/v2\/product_cat?post=751319"},{"taxonomy":"product_tag","embeddable":true,"href":"https:\/\/roveyayinevi.com.tr\/index.php\/wp-json\/wp\/v2\/product_tag?post=751319"}],"curies":[{"name":"wp","href":"https:\/\/api.w.org\/{rel}","templated":true}]}}