{"id":751292,"date":"2025-08-28T04:45:12","date_gmt":"2025-08-28T01:45:12","guid":{"rendered":"https:\/\/roveyayinevi.com.tr\/index.php\/urun\/aforizmalar-9\/"},"modified":"2026-04-16T03:04:43","modified_gmt":"2026-04-16T00:04:43","slug":"aforizmalar-9","status":"publish","type":"product","link":"https:\/\/roveyayinevi.com.tr\/index.php\/urun\/aforizmalar-9\/","title":{"rendered":"Aforizmalar"},"content":{"rendered":"<p>Sevgiyi \u015f\u00f6yle tarif edebilirim: Yo\u011funlu\u011fu, k\u00fctle ve hacim form\u00fclasyonuyla a\u00e7\u0131klanamayacak bir proses.  Karada u\u00e7abilmeyi, suda y\u00fczebilmeyi ve uzayda yer\u00e7ekimine kar\u015f\u0131 koyabilmeyi ba\u015farm\u0131\u015f bir ger\u00e7eklik.   *** Ekme\u011fini elinden almaya \u00e7al\u0131\u015fanlarla ekme\u011fini payla\u015fman seni korkak yapar, eme\u011fini yok sayanlarla anla\u015fman ise tutsak.   *** \u0130nsanlar\u0131n seni fark etmeye ba\u015flad\u0131\u011f\u0131n\u0131 d\u00fc\u015f\u00fcnmen daha \u00f6nce var olmad\u0131\u011f\u0131n anlam\u0131na gelmez. Varolu\u015f olgusal, fark edili\u015f ise alg\u0131sald\u0131r.   <\/p>\n","protected":false},"excerpt":{"rendered":"<p>Sevgiyi \u015f\u00f6yle tarif edebilirim: Yo\u011funlu\u011fu, k\u00fctle ve hacim form\u00fclasyonuyla a\u00e7\u0131klanamayacak bir proses. Karada u\u00e7abilmeyi, suda y\u00fczebilmeyi ve uzayda yer\u00e7ekimine kar\u015f\u0131 koyabilmeyi ba\u015farm\u0131\u015f bir ger\u00e7eklik. *** Ekme\u011fini<span class=\"excerpt-hellip\"> [\u2026]<\/span><\/p>\n","protected":false},"featured_media":0,"template":"","meta":{"_monsterinsights_skip_tracking":false,"_monsterinsights_sitenote_active":false,"_monsterinsights_sitenote_note":"","_monsterinsights_sitenote_category":0},"product_brand":[],"product_cat":[75065,12291],"product_tag":[],"class_list":{"0":"post-751292","1":"product","2":"type-product","3":"status-publish","5":"product_cat-aforizmalar","6":"product_cat-edebiyat","7":"pa_cilt-ciltsiz","8":"pa_tur-kitap","9":"pa_yayinevi-us-yayinlari","10":"pa_yazar-huseyin-yildirim","12":"first","13":"instock","14":"sale","15":"shipping-taxable","16":"purchasable","17":"product-type-simple"},"_links":{"self":[{"href":"https:\/\/roveyayinevi.com.tr\/index.php\/wp-json\/wp\/v2\/product\/751292","targetHints":{"allow":["GET"]}}],"collection":[{"href":"https:\/\/roveyayinevi.com.tr\/index.php\/wp-json\/wp\/v2\/product"}],"about":[{"href":"https:\/\/roveyayinevi.com.tr\/index.php\/wp-json\/wp\/v2\/types\/product"}],"wp:attachment":[{"href":"https:\/\/roveyayinevi.com.tr\/index.php\/wp-json\/wp\/v2\/media?parent=751292"}],"wp:term":[{"taxonomy":"product_brand","embeddable":true,"href":"https:\/\/roveyayinevi.com.tr\/index.php\/wp-json\/wp\/v2\/product_brand?post=751292"},{"taxonomy":"product_cat","embeddable":true,"href":"https:\/\/roveyayinevi.com.tr\/index.php\/wp-json\/wp\/v2\/product_cat?post=751292"},{"taxonomy":"product_tag","embeddable":true,"href":"https:\/\/roveyayinevi.com.tr\/index.php\/wp-json\/wp\/v2\/product_tag?post=751292"}],"curies":[{"name":"wp","href":"https:\/\/api.w.org\/{rel}","templated":true}]}}