{"id":751288,"date":"2025-08-28T04:45:06","date_gmt":"2025-08-28T01:45:06","guid":{"rendered":"https:\/\/roveyayinevi.com.tr\/index.php\/urun\/baska-turlu-cocuk-yetistirmek\/"},"modified":"2026-04-16T03:04:43","modified_gmt":"2026-04-16T00:04:43","slug":"baska-turlu-cocuk-yetistirmek","status":"publish","type":"product","link":"https:\/\/roveyayinevi.com.tr\/index.php\/urun\/baska-turlu-cocuk-yetistirmek\/","title":{"rendered":"Ba\u015fka T\u00fcrl\u00fc \u00c7ocuk Yeti\u015ftirmek"},"content":{"rendered":"<p>Bu kitapla belki de bug\u00fcne kadar sadece ufuk \u00e7izgisini g\u00f6rd\u00fc\u011f\u00fcn\u00fcz yeni bir k\u0131tay\u0131, t\u00fcm k\u0131y\u0131lar\u0131ndan ke\u015ffetmeye ba\u015flayacak ve \u00e7ocuk e\u011fitimine dair t\u00fcm al\u0131\u015fkanl\u0131klar\u0131 yeniden g\u00f6zden ge\u00e7ireceksiniz.   G\u00fcn\u00fcm\u00fczde yeteri kadar olmasa da \u00e7o\u011fu ebeveyn \u015fefkatli, g\u00fcvenli ve kol kanat geren bir ortam\u0131n \u00e7ocuk psikolojisi geli\u015fiminde ne kadar \u00f6nemli oldu\u011funun bilincindedir. Ancak bu ortam\u0131n sa\u011flanmas\u0131n\u0131n beyin geli\u015fimi i\u00e7in de zorunlu oldu\u011funu biliyorlar m\u0131?   Fransa\u2019n\u0131n \u00fcnl\u00fc pediatristlerinden Catherine Gueguen, beynin yap\u0131s\u0131 ve i\u015fleyi\u015fi hakk\u0131ndaki son geli\u015fmelerin e\u011fitim kavram\u0131 \u00fczerindeki \u00f6nemini vurgulayarak okuyucular\u0131na sinirbilime dair ihtiya\u00e7 duyulan her \u015feyi a\u00e7\u0131kl\u0131yor. \u0130nsan\u0131n kendisi hakk\u0131nda hissetti\u011fi duygular\u0131 tan\u0131mlayabilmesi ve y\u00f6netebilmesi konusunda bilgi vererek ki\u015finin empati becerisini de geli\u015ftirmeyi hedefliyor.  Ba\u015fka T\u00fcrl\u00fc \u00c7ocuk Yeti\u015ftirmek, \u00e7ocuklar\u0131 toplumsal ya\u015fama huzurla haz\u0131rlamaya yard\u0131mc\u0131 olacak t\u00fcm bilimsel geli\u015fmeleri e\u015fsiz bir bilgi birikimiyle sunan harika bir kaynak.<\/p>\n","protected":false},"excerpt":{"rendered":"<p>Bu kitapla belki de bug\u00fcne kadar sadece ufuk \u00e7izgisini g\u00f6rd\u00fc\u011f\u00fcn\u00fcz yeni bir k\u0131tay\u0131, t\u00fcm k\u0131y\u0131lar\u0131ndan ke\u015ffetmeye ba\u015flayacak ve \u00e7ocuk e\u011fitimine dair t\u00fcm al\u0131\u015fkanl\u0131klar\u0131 yeniden g\u00f6zden ge\u00e7ireceksiniz.<span class=\"excerpt-hellip\"> [\u2026]<\/span><\/p>\n","protected":false},"featured_media":0,"template":"","meta":{"_monsterinsights_skip_tracking":false,"_monsterinsights_sitenote_active":false,"_monsterinsights_sitenote_note":"","_monsterinsights_sitenote_category":0},"product_brand":[],"product_cat":[12679,12357],"product_tag":[],"class_list":{"0":"post-751288","1":"product","2":"type-product","3":"status-publish","5":"product_cat-cocuk-psikolojisi","6":"product_cat-psikoloji","7":"pa_cilt-ciltsiz","8":"pa_tur-kitap","9":"pa_yayinevi-epsilon-yayinlari","10":"pa_yazar-catherine-gueguen","12":"first","13":"instock","14":"sale","15":"shipping-taxable","16":"purchasable","17":"product-type-simple"},"_links":{"self":[{"href":"https:\/\/roveyayinevi.com.tr\/index.php\/wp-json\/wp\/v2\/product\/751288","targetHints":{"allow":["GET"]}}],"collection":[{"href":"https:\/\/roveyayinevi.com.tr\/index.php\/wp-json\/wp\/v2\/product"}],"about":[{"href":"https:\/\/roveyayinevi.com.tr\/index.php\/wp-json\/wp\/v2\/types\/product"}],"wp:attachment":[{"href":"https:\/\/roveyayinevi.com.tr\/index.php\/wp-json\/wp\/v2\/media?parent=751288"}],"wp:term":[{"taxonomy":"product_brand","embeddable":true,"href":"https:\/\/roveyayinevi.com.tr\/index.php\/wp-json\/wp\/v2\/product_brand?post=751288"},{"taxonomy":"product_cat","embeddable":true,"href":"https:\/\/roveyayinevi.com.tr\/index.php\/wp-json\/wp\/v2\/product_cat?post=751288"},{"taxonomy":"product_tag","embeddable":true,"href":"https:\/\/roveyayinevi.com.tr\/index.php\/wp-json\/wp\/v2\/product_tag?post=751288"}],"curies":[{"name":"wp","href":"https:\/\/api.w.org\/{rel}","templated":true}]}}