{"id":751277,"date":"2025-08-28T04:44:46","date_gmt":"2025-08-28T01:44:46","guid":{"rendered":"https:\/\/roveyayinevi.com.tr\/index.php\/urun\/yoga-felsefesi-ve-upanisadlari\/"},"modified":"2026-04-16T03:04:42","modified_gmt":"2026-04-16T00:04:42","slug":"yoga-felsefesi-ve-upanisadlari","status":"publish","type":"product","link":"https:\/\/roveyayinevi.com.tr\/index.php\/urun\/yoga-felsefesi-ve-upanisadlari\/","title":{"rendered":"Yoga Felsefesi ve Upani\u015fadlar\u0131"},"content":{"rendered":"<p>G\u00fcn\u00fcm\u00fcz G\u00fcney Asya K\u0131tas\u0131\u2019ndaki baz\u0131 devletlerin, halk\u0131n inand\u0131\u011f\u0131 ve ibadetlerini yerine getirdi\u011fi iki ana ak\u0131m dinin \u00e7ok \u00f6ncesinde; hen\u00fcz \u0130ndus Vadisi\u2019nde M.\u00d6. 2700 y\u0131l\u0131nda ba\u015flayan \u0130ndus Vadisi K\u00fclt\u00fcr\u00fc\u2019n\u00fcn bile daha \u00f6ncesinde yaz\u0131ld\u0131klar\u0131na inan\u0131lan Vedalar\u2019\u0131n s\u00fcz\u00fclm\u00fc\u015f halleri olarak kabul edilen kutsal metinlerdir. Upani\u015fatlar ne Budist ne de Hinduist inanc\u0131n dini metinleridir. Yaz\u0131l\u0131\u015f ama\u00e7lar\u0131 Vedalar\u2019\u0131 ve onlarda anlat\u0131lan \u201cTek Tanr\u0131l\u0131 Brahma Dini\u201dni anla\u015f\u0131l\u0131r ve anlat\u0131labilir k\u0131lmakt\u0131.Bu felsefeye g\u00f6re insan\u0131n yarat\u0131c\u0131s\u0131na, evrene, d\u00fcnyaya ve daha da \u00f6nemlisi kendisine kar\u015f\u0131 g\u00f6revlerini \u00f6\u011freten; kendini dolay\u0131s\u0131yla da yarat\u0131c\u0131s\u0131n\u0131 bulmas\u0131na yol g\u00f6steren ve bu yolda kendisinden ba\u015fkas\u0131na yani bir yol g\u00f6stericiye ihtiya\u00e7 duymad\u0131\u011f\u0131n\u0131 ifade eder.Nefsini yenmeyi ba\u015farabilen bir insan maddeden ibaret bedeninden i\u00e7eri bakt\u0131\u011f\u0131nda t\u00fcm evreni ve o evrenin i\u00e7inde de \u201cher \u015feyi kendinden yaratan\u201d yarat\u0131c\u0131y\u0131 yani Brahma\u2019y\u0131 g\u00f6r\u00fcr.Nefsini yenmeyi ba\u015farm\u0131\u015f insan mutlak ger\u00e7e\u011fin kendisi ile bir oldu\u011funu g\u00f6r\u00fcr ve korkmadan elini kalbine g\u00f6t\u00fcr\u00fcp \u201cEn-el Hak\u201d der.Nefsini yenmeyi ba\u015farm\u0131\u015f insan, hayalden ba\u015fka bir \u015fey olmayan bu d\u00fcnyaya s\u0131rt\u0131n\u0131 d\u00f6nerek maddenin ba\u011flar\u0131ndan kurtuldu\u011fu i\u00e7in i\u00e7inde ate\u015flerin yand\u0131\u011f\u0131, her \u015feyi yutan, ad\u0131na d\u00fcnya dedi\u011fimiz bu \u00e7ukurun i\u00e7ine bir daha d\u00fc\u015fmez.Nefsi yenmenin, bilinci uyand\u0131rman\u0131n ve hakikatin kendisine ula\u015fman\u0131n yolu ya d\u00fc\u015f\u00fcnce ya da ibadet ile m\u00fcmk\u00fcnd\u00fcr. Bu ibadetin ad\u0131 ise Yoga\u2019d\u0131r. \/ Ay\u00e2syaOnun ger\u00e7e\u011fin kendisi oldu\u011funu bilerekOnun d\u0131\u015f\u0131ndakilerin tezah\u00fcrden ba\u015fka bir \u015fey olmad\u0131\u011f\u0131n\u0131 bilerekDalarsan tefekk\u00fcre i\u00e7indeki \u00f6z\u00fc d\u00fc\u015f\u00fcnerekBil ki tek ger\u00e7ek ibadet budur!Mahanarayana Upani\u015fat\/Onuncu Anuvaka<\/p>\n","protected":false},"excerpt":{"rendered":"<p>G\u00fcn\u00fcm\u00fcz G\u00fcney Asya K\u0131tas\u0131\u2019ndaki baz\u0131 devletlerin, halk\u0131n inand\u0131\u011f\u0131 ve ibadetlerini yerine getirdi\u011fi iki ana ak\u0131m dinin \u00e7ok \u00f6ncesinde; hen\u00fcz \u0130ndus Vadisi\u2019nde M.\u00d6. 2700 y\u0131l\u0131nda ba\u015flayan \u0130ndus<span class=\"excerpt-hellip\"> [\u2026]<\/span><\/p>\n","protected":false},"featured_media":0,"template":"","meta":{"_monsterinsights_skip_tracking":false,"_monsterinsights_sitenote_active":false,"_monsterinsights_sitenote_note":"","_monsterinsights_sitenote_category":0},"product_brand":[],"product_cat":[19998,12388],"product_tag":[],"class_list":{"0":"post-751277","1":"product","2":"type-product","3":"status-publish","5":"product_cat-din-felsefesi","6":"product_cat-felsefe","7":"pa_cilt-ciltsiz","8":"pa_tur-kitap","9":"pa_yayinevi-vaveyla-yayincilik","10":"pa_yazar-ayasya","12":"first","13":"instock","14":"sale","15":"shipping-taxable","16":"purchasable","17":"product-type-simple"},"_links":{"self":[{"href":"https:\/\/roveyayinevi.com.tr\/index.php\/wp-json\/wp\/v2\/product\/751277","targetHints":{"allow":["GET"]}}],"collection":[{"href":"https:\/\/roveyayinevi.com.tr\/index.php\/wp-json\/wp\/v2\/product"}],"about":[{"href":"https:\/\/roveyayinevi.com.tr\/index.php\/wp-json\/wp\/v2\/types\/product"}],"wp:attachment":[{"href":"https:\/\/roveyayinevi.com.tr\/index.php\/wp-json\/wp\/v2\/media?parent=751277"}],"wp:term":[{"taxonomy":"product_brand","embeddable":true,"href":"https:\/\/roveyayinevi.com.tr\/index.php\/wp-json\/wp\/v2\/product_brand?post=751277"},{"taxonomy":"product_cat","embeddable":true,"href":"https:\/\/roveyayinevi.com.tr\/index.php\/wp-json\/wp\/v2\/product_cat?post=751277"},{"taxonomy":"product_tag","embeddable":true,"href":"https:\/\/roveyayinevi.com.tr\/index.php\/wp-json\/wp\/v2\/product_tag?post=751277"}],"curies":[{"name":"wp","href":"https:\/\/api.w.org\/{rel}","templated":true}]}}