{"id":751270,"date":"2025-08-28T04:44:33","date_gmt":"2025-08-28T01:44:33","guid":{"rendered":"https:\/\/roveyayinevi.com.tr\/index.php\/urun\/kizil-iblisin-donusu-1\/"},"modified":"2026-04-16T03:04:42","modified_gmt":"2026-04-16T00:04:42","slug":"kizil-iblisin-donusu-1","status":"publish","type":"product","link":"https:\/\/roveyayinevi.com.tr\/index.php\/urun\/kizil-iblisin-donusu-1\/","title":{"rendered":"K\u0131z\u0131l \u0130blis\u2019in D\u00f6n\u00fc\u015f\u00fc 1"},"content":{"rendered":"<p>K\u0131z\u0131l \u0130blis, bulundu\u011fu mistik evrenin en g\u00fc\u00e7l\u00fc adam\u0131 oldu\u011fu i\u00e7in, t\u00fcm d\u00fc\u015fmanlar\u0131 onun kar\u015f\u0131s\u0131nda korkuyla titrerdi. Ancak, lideri oldu\u011fu tarikat\u0131n di\u011fer ustalar\u0131, onun g\u00fcc\u00fcnden korktuklar\u0131 i\u00e7in birle\u015fip K\u0131z\u0131l \u0130blis\u2019i \u00f6ld\u00fcrd\u00fcler. Yine de bu, onun i\u00e7in son de\u011fildi. K\u0131z\u0131l \u0130blis, Jinho ad\u0131nda liseli bir gen\u00e7 olarak bu d\u00fcnyaya d\u00f6nd\u00fc. Hem de \u00f6teki evrende sahip oldu\u011fu g\u00fc\u00e7lerle! \u0130\u015fin garibi, K\u0131z\u0131l \u0130blis olmadan \u00f6nce de asl\u0131nda Jinho olarak bu d\u00fcnyada ya\u015fam\u0131\u015ft\u0131r. Fakat o deneyimi, b\u00fct\u00fcn ailesini kaybetti\u011fi, kendisinin de tekerlekli sandalyeye mahk\u00fbm oldu\u011fu trajik bir sonla biten Jinho, bu kez, sessizli\u011fe g\u00f6m\u00fcl\u00fcp sevdiklerini kaybetmeye izin vermeyecektir. Jinho art\u0131k emindir, canavarlar ger\u00e7ek hayatta da vard\u0131r ve onlar\u0131 durdurabilecek tek ki\u015fi kendisidir.   %100 HARB\u0130 B\u0130R \u0130BL\u0130S! Acaba iyilik mi, yoksa k\u00f6t\u00fcl\u00fck m\u00fc yapacak? <\/p>\n","protected":false},"excerpt":{"rendered":"<p>K\u0131z\u0131l \u0130blis, bulundu\u011fu mistik evrenin en g\u00fc\u00e7l\u00fc adam\u0131 oldu\u011fu i\u00e7in, t\u00fcm d\u00fc\u015fmanlar\u0131 onun kar\u015f\u0131s\u0131nda korkuyla titrerdi. Ancak, lideri oldu\u011fu tarikat\u0131n di\u011fer ustalar\u0131, onun g\u00fcc\u00fcnden korktuklar\u0131 i\u00e7in<span class=\"excerpt-hellip\"> [\u2026]<\/span><\/p>\n","protected":false},"featured_media":0,"template":"","meta":{"_monsterinsights_skip_tracking":false,"_monsterinsights_sitenote_active":false,"_monsterinsights_sitenote_note":"","_monsterinsights_sitenote_category":0},"product_brand":[],"product_cat":[12416,12291],"product_tag":[],"class_list":{"0":"post-751270","1":"product","2":"type-product","3":"status-publish","5":"product_cat-cizgi-roman","6":"product_cat-edebiyat","7":"pa_cilt-ciltsiz","8":"pa_tur-kitap","9":"pa_yayinevi-athica-yayinlari","10":"pa_yazar-azi-mayorang-wolbaek","12":"first","13":"instock","14":"sale","15":"shipping-taxable","16":"purchasable","17":"product-type-simple"},"_links":{"self":[{"href":"https:\/\/roveyayinevi.com.tr\/index.php\/wp-json\/wp\/v2\/product\/751270","targetHints":{"allow":["GET"]}}],"collection":[{"href":"https:\/\/roveyayinevi.com.tr\/index.php\/wp-json\/wp\/v2\/product"}],"about":[{"href":"https:\/\/roveyayinevi.com.tr\/index.php\/wp-json\/wp\/v2\/types\/product"}],"wp:attachment":[{"href":"https:\/\/roveyayinevi.com.tr\/index.php\/wp-json\/wp\/v2\/media?parent=751270"}],"wp:term":[{"taxonomy":"product_brand","embeddable":true,"href":"https:\/\/roveyayinevi.com.tr\/index.php\/wp-json\/wp\/v2\/product_brand?post=751270"},{"taxonomy":"product_cat","embeddable":true,"href":"https:\/\/roveyayinevi.com.tr\/index.php\/wp-json\/wp\/v2\/product_cat?post=751270"},{"taxonomy":"product_tag","embeddable":true,"href":"https:\/\/roveyayinevi.com.tr\/index.php\/wp-json\/wp\/v2\/product_tag?post=751270"}],"curies":[{"name":"wp","href":"https:\/\/api.w.org\/{rel}","templated":true}]}}