{"id":751269,"date":"2025-08-28T04:44:32","date_gmt":"2025-08-28T01:44:32","guid":{"rendered":"https:\/\/roveyayinevi.com.tr\/index.php\/urun\/istihbarat\/"},"modified":"2026-04-16T03:04:42","modified_gmt":"2026-04-16T00:04:42","slug":"istihbarat","status":"publish","type":"product","link":"https:\/\/roveyayinevi.com.tr\/index.php\/urun\/istihbarat\/","title":{"rendered":"\u0130stihbarat"},"content":{"rendered":"<p>\u201cSAVA\u015eLA KAZANILAN ZAFERDEN DAHA MAKBUL\u00dc, G\u0130ZL\u0130 OLANI G\u00d6R\u00dcP, BELL\u0130 OLMAYANI FARK EDEREK YENMEKT\u0130R!\u201d &#8211; SUN TZU Bilgi g\u00fc\u00e7t\u00fcr ve elinde bulundurana say\u0131s\u0131z imk\u00e2nlar sunar, fayda sa\u011flar. Bilginin elde edilmesi, do\u011fru \u015fekilde incelenmesi, i\u015flenmek suretiyle anlamland\u0131r\u0131lmas\u0131 ve amaca uygun \u015fekilde kullan\u0131lmas\u0131, \u00fclkeler a\u00e7\u0131s\u0131ndan \u00e7ok \u00f6nemlidir ki buna da istihbarat s\u00fcreci denir. \u00dclkelerin tehdit alg\u0131lar\u0131na, milli \u00fclk\u00fclerine, sosyal ve k\u00fclt\u00fcrel de\u011ferlerine, stratejik hedeflerine g\u00f6re de\u011fi\u015fen bilgi elde etme ihtiya\u00e7lar\u0131, istihbarat alan\u0131nda ekollerin ortaya \u00e7\u0131kmas\u0131na, rekabete ve \u00e7at\u0131\u015fmaya yol a\u00e7m\u0131\u015ft\u0131r. Bug\u00fcn h\u00e2l\u00e2 s\u00f6z konusu ekoller birbirlerine \u00fcst\u00fcnl\u00fck sa\u011flama yar\u0131\u015f\u0131na devam etmektedirler. D\u00fcnyada kullan\u0131lan istihbarat ekolleri, kurumlar ve askeri istihbarat hakk\u0131nda merak etti\u011finiz pek \u00e7ok sorunun cevab\u0131 bu kitapta&#8230; <\/p>\n","protected":false},"excerpt":{"rendered":"<p>\u201cSAVA\u015eLA KAZANILAN ZAFERDEN DAHA MAKBUL\u00dc, G\u0130ZL\u0130 OLANI G\u00d6R\u00dcP, BELL\u0130 OLMAYANI FARK EDEREK YENMEKT\u0130R!\u201d &#8211; SUN TZU Bilgi g\u00fc\u00e7t\u00fcr ve elinde bulundurana say\u0131s\u0131z imk\u00e2nlar sunar, fayda sa\u011flar.<span class=\"excerpt-hellip\"> [\u2026]<\/span><\/p>\n","protected":false},"featured_media":0,"template":"","meta":{"_monsterinsights_skip_tracking":false,"_monsterinsights_sitenote_active":false,"_monsterinsights_sitenote_note":"","_monsterinsights_sitenote_category":0},"product_brand":[],"product_cat":[12370,12304],"product_tag":[],"class_list":{"0":"post-751269","1":"product","2":"type-product","3":"status-publish","5":"product_cat-arastirma-inceleme","6":"product_cat-tarih","7":"pa_cilt-ciltsiz","8":"pa_tur-kitap","9":"pa_yayinevi-destek-yayinlari","10":"pa_yazar-ender-guner","12":"first","13":"instock","14":"sale","15":"shipping-taxable","16":"purchasable","17":"product-type-simple"},"_links":{"self":[{"href":"https:\/\/roveyayinevi.com.tr\/index.php\/wp-json\/wp\/v2\/product\/751269","targetHints":{"allow":["GET"]}}],"collection":[{"href":"https:\/\/roveyayinevi.com.tr\/index.php\/wp-json\/wp\/v2\/product"}],"about":[{"href":"https:\/\/roveyayinevi.com.tr\/index.php\/wp-json\/wp\/v2\/types\/product"}],"wp:attachment":[{"href":"https:\/\/roveyayinevi.com.tr\/index.php\/wp-json\/wp\/v2\/media?parent=751269"}],"wp:term":[{"taxonomy":"product_brand","embeddable":true,"href":"https:\/\/roveyayinevi.com.tr\/index.php\/wp-json\/wp\/v2\/product_brand?post=751269"},{"taxonomy":"product_cat","embeddable":true,"href":"https:\/\/roveyayinevi.com.tr\/index.php\/wp-json\/wp\/v2\/product_cat?post=751269"},{"taxonomy":"product_tag","embeddable":true,"href":"https:\/\/roveyayinevi.com.tr\/index.php\/wp-json\/wp\/v2\/product_tag?post=751269"}],"curies":[{"name":"wp","href":"https:\/\/api.w.org\/{rel}","templated":true}]}}