{"id":751267,"date":"2025-08-28T04:44:30","date_gmt":"2025-08-28T01:44:30","guid":{"rendered":"https:\/\/roveyayinevi.com.tr\/index.php\/urun\/liderlik-yaklasimlari-ve-one-cikan-liderler\/"},"modified":"2026-04-16T03:04:42","modified_gmt":"2026-04-16T00:04:42","slug":"liderlik-yaklasimlari-ve-one-cikan-liderler","status":"publish","type":"product","link":"https:\/\/roveyayinevi.com.tr\/index.php\/urun\/liderlik-yaklasimlari-ve-one-cikan-liderler\/","title":{"rendered":"Liderlik Yakla\u015f\u0131mlar\u0131 ve \u00d6ne \u00c7\u0131kan Liderler"},"content":{"rendered":"<p>\u0130\u00e7indekiler   B\u0130R\u0130NC\u0130 B\u00d6L\u00dcM GENEL HATLARIYLA L\u0130DERL\u0130K 1.1. Liderli\u011fin Tan\u0131m\u0131 1.2. Liderlere \u0130htiya\u00e7 Duyma Nedenleri 1.3. Liderlerin \u00d6zellikleri 1.4. Liderlerin G\u00fc\u00e7 Kaynaklar\u0131 1.5. Y\u00f6netici ve Lider Aras\u0131ndaki Farklar 1.6. Liderlik Teorilerinin Geli\u015fimi   \u0130K\u0130NC\u0130 B\u00d6L\u00dcM B\u00dcY\u00dcK ADAM TEOR\u0130S\u0130 2.1. B\u00fcy\u00fck Adam Teorisinin Do\u011fu\u015fu 2.2. B\u00fcy\u00fck Adamlar\u0131n S\u0131n\u0131fland\u0131r\u0131lmas\u0131 ve Teoriye Katk\u0131 Sunan Di\u011fer Bilim \u0130nsanlar\u0131 2.3. B\u00fcy\u00fck Adam Teorisine Y\u00f6neltilen Ele\u015ftiriler \u00dc\u00c7\u00dcNC\u00dc B\u00d6L\u00dcM \u00d6ZELL\u0130KLER TEOR\u0130S\u0130 3.1 Liderin Ortaya \u00c7\u0131kmas\u0131nda Etkili Olan \u00d6zellikler 3.2 \u00d6zellikler Teorisine Y\u00f6neltilen Ele\u015ftiriler   D\u00d6RD\u00dcNC\u00dc B\u00d6L\u00dcM DAVRANI\u015eSAL TEOR\u0130LER 4.1. Ohio Eyalet \u00dcniversitesi Liderlik Modeli 4.2. Michigan \u00dcniversitesi Liderlik Modeli 4.3. Blake ve Mouton\u2019un Y\u00f6netim Tarz\u0131 Matrisi 4.4. McGregor\u2019un X ve Y Teorisi 4.5. Likert\u2019in Sistem 4 Modeli   BE\u015e\u0130NC\u0130 B\u00d6L\u00dcM DURUMSAL TEOR\u0130LER 5.1. Etkin Liderlik Modeli 5.2. Yol-Ama\u00e7 Teorisi 5.3. Lider-\u00dcye Etkile\u015fim Teorisi 5.4. Vroom-Yetton-Jago Normatif Karar Modeli 5.5. \u00dc\u00e7 Boyutlu Liderlik Modeli 5.6. Ya\u015fam D\u00f6ng\u00fcs\u00fc Yakla\u015f\u0131m\u0131   ALTINCI B\u00d6L\u00dcM MODERN TEOR\u0130LER 6.1. Stratejik Liderlik 6.2. Etkile\u015fimci Liderlik 6.3. D\u00f6n\u00fc\u015f\u00fcmc\u00fc Liderlik 6.4. Karizmatik Liderlik 6.5. Etik Liderlik 6.6. Demokratik Liderlik 6.7. Hizmetk\u00e2r Liderlik 6.8. Otantik Liderlik 6.9. Babacan Liderlik 6.10. Tam Serbesti Tan\u0131yan Liderlik 6.11. Otoriter Liderlik 6.12. Narsist Liderlik   YED\u0130NC\u0130 B\u00d6L\u00dcM POSTMODERN TEOR\u0130LER 7.1. Dijital Liderlik 7.2. Kuantum Liderlik 7.3. Glokal Liderlik 7.4. \u00c7evik Liderlik 7.5. A\u00e7\u0131k Liderlik 7.6. Toksik Liderlik   SEK\u0130Z\u0130NC\u0130 B\u00d6L\u00dcM YAPICI VE YIKICI L\u0130DERLER 8.1. Yap\u0131c\u0131 Liderler 8.1.1. Abraham Lincoln 8.1.2. Che Guevara 8.1.3. Dalai Lama (Tenzin Gyatso) 8.1.4. Elon Musk 8.1.5. Fatih Sultan Mehmet 8.1.6. Hz. Muhammed 8.1.7. Julius Caesar 8.1.8. Mahatma Gandhi 8.1.9. Martin Luther King Jr. 8.1.10. Mustafa Kemal Atat\u00fcrk 8.1.11. Napolyon Bonapart 8.1.12. Nelson Mandela 8.1.13. Steve Jobs 8.1.14. Sun Tzu 8.1.15. Winston Churchill 8.2. Y\u0131k\u0131c\u0131 Liderler 8.2.1. II. Kim Sung 8.2.2. II. Leopold 8.2.3. Adolf Hitler 8.2.4. Caligula 8.2.5. Cengiz Han 8.2.6. \u0130di Amin 8.2.7. Josef Stalin 8.2.8. Mao Zedong 8.2.9. Pol Pot 8.2.10. Saddam H\u00fcseyin                 <\/p>\n","protected":false},"excerpt":{"rendered":"<p>\u0130\u00e7indekiler B\u0130R\u0130NC\u0130 B\u00d6L\u00dcM GENEL HATLARIYLA L\u0130DERL\u0130K 1.1. Liderli\u011fin Tan\u0131m\u0131 1.2. Liderlere \u0130htiya\u00e7 Duyma Nedenleri 1.3. Liderlerin \u00d6zellikleri 1.4. Liderlerin G\u00fc\u00e7 Kaynaklar\u0131 1.5. Y\u00f6netici ve Lider Aras\u0131ndaki<span class=\"excerpt-hellip\"> [\u2026]<\/span><\/p>\n","protected":false},"featured_media":0,"template":"","meta":{"_monsterinsights_skip_tracking":false,"_monsterinsights_sitenote_active":false,"_monsterinsights_sitenote_note":"","_monsterinsights_sitenote_category":0},"product_brand":[],"product_cat":[12573,12566],"product_tag":[],"class_list":{"0":"post-751267","1":"product","2":"type-product","3":"status-publish","5":"product_cat-akademik-kitaplar","6":"product_cat-egitim","7":"pa_cilt-ciltsiz","8":"pa_tur-kitap","9":"pa_yayinevi-gazi-kitabevi","10":"pa_yazar-erman-kilinc","12":"first","13":"instock","14":"sale","15":"shipping-taxable","16":"purchasable","17":"product-type-simple"},"_links":{"self":[{"href":"https:\/\/roveyayinevi.com.tr\/index.php\/wp-json\/wp\/v2\/product\/751267","targetHints":{"allow":["GET"]}}],"collection":[{"href":"https:\/\/roveyayinevi.com.tr\/index.php\/wp-json\/wp\/v2\/product"}],"about":[{"href":"https:\/\/roveyayinevi.com.tr\/index.php\/wp-json\/wp\/v2\/types\/product"}],"wp:attachment":[{"href":"https:\/\/roveyayinevi.com.tr\/index.php\/wp-json\/wp\/v2\/media?parent=751267"}],"wp:term":[{"taxonomy":"product_brand","embeddable":true,"href":"https:\/\/roveyayinevi.com.tr\/index.php\/wp-json\/wp\/v2\/product_brand?post=751267"},{"taxonomy":"product_cat","embeddable":true,"href":"https:\/\/roveyayinevi.com.tr\/index.php\/wp-json\/wp\/v2\/product_cat?post=751267"},{"taxonomy":"product_tag","embeddable":true,"href":"https:\/\/roveyayinevi.com.tr\/index.php\/wp-json\/wp\/v2\/product_tag?post=751267"}],"curies":[{"name":"wp","href":"https:\/\/api.w.org\/{rel}","templated":true}]}}