{"id":751259,"date":"2025-08-28T04:44:18","date_gmt":"2025-08-28T01:44:18","guid":{"rendered":"https:\/\/roveyayinevi.com.tr\/index.php\/urun\/der-amoklaufer-amok-kosucusu-almanca\/"},"modified":"2026-04-16T03:04:42","modified_gmt":"2026-04-16T00:04:42","slug":"der-amoklaufer-amok-kosucusu-almanca","status":"publish","type":"product","link":"https:\/\/roveyayinevi.com.tr\/index.php\/urun\/der-amoklaufer-amok-kosucusu-almanca\/","title":{"rendered":"Der Amoklaufer \/ Amok Ko\u015fucusu (Almanca)"},"content":{"rendered":"<p>\u201cIm M\u00e4rz des Jahres 1912 ereignete sich im Hafen von Neapel bei dem Ausladen eines gro\u00dfen \u00dcberseedampfers ein merkw\u00fcrdiger Unfall, \u00fcber den die Zeitungen umfangreiche, aber sehr phantastisch ausgeschm\u00fcckte Berichte brachten. Obzwar Passagier der \u201eOceania\u201c, war es mir ebensowenig wie den andern m\u00f6glich, Zeuge jenes seltsamen Vorfalles zu sein, weil er sich zur Nachtzeit w\u00e4hrend des Kohlenladens und der L\u00f6schung der Fracht abspielte, wir aber, um dem L\u00e4rm zu entgehen, alle an Land gegangen waren und dort in Kaffeeh\u00e4usern oder Theatern die Zeit verbrachten.\u201d Stefan Zweig&#8217;s zeitloses werk Der Amokl\u00e4ufer in der Originalsprache&#8230; <\/p>\n","protected":false},"excerpt":{"rendered":"<p>\u201cIm M\u00e4rz des Jahres 1912 ereignete sich im Hafen von Neapel bei dem Ausladen eines gro\u00dfen \u00dcberseedampfers ein merkw\u00fcrdiger Unfall, \u00fcber den die Zeitungen umfangreiche, aber<span class=\"excerpt-hellip\"> [\u2026]<\/span><\/p>\n","protected":false},"featured_media":0,"template":"","meta":{"_monsterinsights_skip_tracking":false,"_monsterinsights_sitenote_active":false,"_monsterinsights_sitenote_note":"","_monsterinsights_sitenote_category":0},"product_brand":[],"product_cat":[12291,12711],"product_tag":[],"class_list":{"0":"post-751259","1":"product","2":"type-product","3":"status-publish","5":"product_cat-edebiyat","6":"product_cat-roman-oyku","7":"pa_cilt-ciltsiz","8":"pa_tur-kitap","9":"pa_yayinevi-sapiens-yayinlari","10":"pa_yazar-stefan-zweig","12":"first","13":"instock","14":"sale","15":"shipping-taxable","16":"purchasable","17":"product-type-simple"},"_links":{"self":[{"href":"https:\/\/roveyayinevi.com.tr\/index.php\/wp-json\/wp\/v2\/product\/751259","targetHints":{"allow":["GET"]}}],"collection":[{"href":"https:\/\/roveyayinevi.com.tr\/index.php\/wp-json\/wp\/v2\/product"}],"about":[{"href":"https:\/\/roveyayinevi.com.tr\/index.php\/wp-json\/wp\/v2\/types\/product"}],"wp:attachment":[{"href":"https:\/\/roveyayinevi.com.tr\/index.php\/wp-json\/wp\/v2\/media?parent=751259"}],"wp:term":[{"taxonomy":"product_brand","embeddable":true,"href":"https:\/\/roveyayinevi.com.tr\/index.php\/wp-json\/wp\/v2\/product_brand?post=751259"},{"taxonomy":"product_cat","embeddable":true,"href":"https:\/\/roveyayinevi.com.tr\/index.php\/wp-json\/wp\/v2\/product_cat?post=751259"},{"taxonomy":"product_tag","embeddable":true,"href":"https:\/\/roveyayinevi.com.tr\/index.php\/wp-json\/wp\/v2\/product_tag?post=751259"}],"curies":[{"name":"wp","href":"https:\/\/api.w.org\/{rel}","templated":true}]}}