{"id":751245,"date":"2025-08-28T04:43:56","date_gmt":"2025-08-28T01:43:56","guid":{"rendered":"https:\/\/roveyayinevi.com.tr\/index.php\/urun\/a-turtle-needs-help-peapod-readers-16\/"},"modified":"2026-04-16T03:04:42","modified_gmt":"2026-04-16T00:04:42","slug":"a-turtle-needs-help-peapod-readers-16","status":"publish","type":"product","link":"https:\/\/roveyayinevi.com.tr\/index.php\/urun\/a-turtle-needs-help-peapod-readers-16\/","title":{"rendered":"A Turtle Needs Help -Peapod Readers -16"},"content":{"rendered":"<p>Ba\u015flang\u0131\u00e7 d\u00fczeyinde, 5 farkl\u0131 seviyede haz\u0131rlanan Peapod Readers&#8217;\u0131n 5 yeni kitab\u0131 daha \u0130ngilizceyi \u00f6\u011frenmeye ba\u015flayan \u00e7ocuklarla bulu\u015fuyor. Peapod Readers, Collins i\u015fbirli\u011fiyle, tecr\u00fcbeli dil uzmanlar\u0131 ve \u00f6\u011fretmenler taraf\u0131ndan yaz\u0131lan \u00f6yk\u00fcleri ve rengarenk \u00e7izimleriyle \u0130ngilizce \u00f6\u011frenmeyi e\u011flenceli bir yolculu\u011fa \u00e7eviriyor.   Kolaydan zora, 5 farkl\u0131 seviyede haz\u0131rlanan serinin ilk \u00fc\u00e7 seviyesi yeni ba\u015flayanlar i\u00e7in daha k\u0131sa ve basit c\u00fcmlelerden olu\u015furken, d\u00f6rd\u00fcnc\u00fc ve be\u015finci seviyedeki kitaplar geli\u015fmi\u015f bir olay \u00f6rg\u00fcs\u00fc ile daha uzun c\u00fcmlelerden olu\u015fuyor.   Serideki her kitap, okuma \u00f6ncesi ve sonras\u0131ndaki al\u0131\u015ft\u0131rmalar, ses kay\u0131tlar\u0131 ve resimli s\u00f6zl\u00fc\u011f\u00fc ile \u00e7ocuklara dinleme, okuma, konu\u015fma becerilerini ve kelime bilgilerini geli\u015ftirme f\u0131rsat\u0131 sunuyor.   Sayfalarda yer alan QR kodlar\u0131 tablet veya ak\u0131ll\u0131 telefonunuza okutarak dinleme al\u0131\u015ft\u0131rmalar\u0131na ula\u015fabilir, \u00f6yk\u00fcleri dinleyebilirsiniz. Her kitap ebeveynlere ve \u00f6\u011fretmenlere \u00e7ocuklar\u0131n \u00e7\u0131kt\u0131\u011f\u0131 bu yolculukta onlar\u0131n mutlu ve g\u00fcvenli bir okur olmas\u0131n\u0131 sa\u011flayacak etkinlikler i\u00e7eren okuma k\u0131lavuzu da sunuyor.   Serinin d\u00f6rd\u00fcnc\u00fc seviyesindeki A Turtle Needs Help Gezegeni Korumak (Saving the Planet) ve Do\u011fa (Nature) temalar\u0131n\u0131 i\u015fliyor.  <\/p>\n","protected":false},"excerpt":{"rendered":"<p>Ba\u015flang\u0131\u00e7 d\u00fczeyinde, 5 farkl\u0131 seviyede haz\u0131rlanan Peapod Readers&#8217;\u0131n 5 yeni kitab\u0131 daha \u0130ngilizceyi \u00f6\u011frenmeye ba\u015flayan \u00e7ocuklarla bulu\u015fuyor. Peapod Readers, Collins i\u015fbirli\u011fiyle, tecr\u00fcbeli dil uzmanlar\u0131 ve \u00f6\u011fretmenler<span class=\"excerpt-hellip\"> [\u2026]<\/span><\/p>\n","protected":false},"featured_media":0,"template":"","meta":{"_monsterinsights_skip_tracking":false,"_monsterinsights_sitenote_active":false,"_monsterinsights_sitenote_note":"","_monsterinsights_sitenote_category":0},"product_brand":[],"product_cat":[12274,15842],"product_tag":[],"class_list":{"0":"post-751245","1":"product","2":"type-product","3":"status-publish","5":"product_cat-cocuk-ve-genclik-kitaplari","6":"product_cat-egitici-kitaplar","7":"pa_cilt-ciltsiz","8":"pa_tur-kitap","9":"pa_yayinevi-redhouse-yayinlari","10":"pa_yazar-susannah-reed","12":"first","13":"instock","14":"sale","15":"shipping-taxable","16":"purchasable","17":"product-type-simple"},"_links":{"self":[{"href":"https:\/\/roveyayinevi.com.tr\/index.php\/wp-json\/wp\/v2\/product\/751245","targetHints":{"allow":["GET"]}}],"collection":[{"href":"https:\/\/roveyayinevi.com.tr\/index.php\/wp-json\/wp\/v2\/product"}],"about":[{"href":"https:\/\/roveyayinevi.com.tr\/index.php\/wp-json\/wp\/v2\/types\/product"}],"wp:attachment":[{"href":"https:\/\/roveyayinevi.com.tr\/index.php\/wp-json\/wp\/v2\/media?parent=751245"}],"wp:term":[{"taxonomy":"product_brand","embeddable":true,"href":"https:\/\/roveyayinevi.com.tr\/index.php\/wp-json\/wp\/v2\/product_brand?post=751245"},{"taxonomy":"product_cat","embeddable":true,"href":"https:\/\/roveyayinevi.com.tr\/index.php\/wp-json\/wp\/v2\/product_cat?post=751245"},{"taxonomy":"product_tag","embeddable":true,"href":"https:\/\/roveyayinevi.com.tr\/index.php\/wp-json\/wp\/v2\/product_tag?post=751245"}],"curies":[{"name":"wp","href":"https:\/\/api.w.org\/{rel}","templated":true}]}}