{"id":751239,"date":"2025-08-28T04:43:47","date_gmt":"2025-08-28T01:43:47","guid":{"rendered":"https:\/\/roveyayinevi.com.tr\/index.php\/urun\/son-sevismenden-baslayalim-mi\/"},"modified":"2026-04-16T03:04:41","modified_gmt":"2026-04-16T00:04:41","slug":"son-sevismenden-baslayalim-mi","status":"publish","type":"product","link":"https:\/\/roveyayinevi.com.tr\/index.php\/urun\/son-sevismenden-baslayalim-mi\/","title":{"rendered":"Son Sevi\u015fmenden Ba\u015flayal\u0131m m\u0131?"},"content":{"rendered":"<p>Y\u00dcRE\u011e\u0130N\u0130Z\u0130 A\u00c7IN VE A\u015eK HAYATINIZI \u0130Y\u0130LE\u015eT\u0130RMEY\u0130 \u00d6\u011eREN\u0130N   \u00dcnl\u00fc seks terapisti Dr. Ian Kerner\u2019a g\u00f6re, cinsel ya\u015famlar\u0131m\u0131zda nelerin iyi veya k\u00f6t\u00fc gitti\u011fini anlamam\u0131z ve kar\u015f\u0131l\u0131kl\u0131 zevk alabilece\u011fimiz yollar\u0131 ke\u015ffetmemiz i\u00e7in seks senaryolar\u0131m\u0131z\u0131 \u00f6\u011frenmeye ihtiyac\u0131m\u0131z var. Kerner, gerekirse ka\u011f\u0131d\u0131 kalemi elimize almam\u0131z\u0131 ve ya\u015fad\u0131\u011f\u0131m\u0131z cinsel deneyimlerin t\u00fcm a\u015famalar\u0131n\u0131 ve detaylar\u0131n\u0131 irdelememizi istiyor. Zira ba\u015far\u0131l\u0131 bir seks senaryosu, partnerlerin kar\u015f\u0131l\u0131kl\u0131 tatminine yol a\u00e7arken; ba\u015far\u0131s\u0131z olanlar ise s\u00fcrekli huzursuzluk ve mutsuzluk yarat\u0131yor. Son Sevi\u015fmenden Ba\u015flayal\u0131m m\u0131? klinik deneyimlerin ve g\u00fcncel seks ara\u015ft\u0131rmalar\u0131n\u0131n yard\u0131m\u0131yla, \u00e7iftlere seks hakk\u0131nda konu\u015fma becerisini \u00f6\u011fretmekle kalm\u0131yor, ayn\u0131 zamanda daha iyi seks i\u00e7in eyleme ge\u00e7me imkan\u0131 sunuyor. E\u011fer siz de cinsel ya\u015fam\u0131n\u0131z\u0131 yeniden ke\u015ffetmek ve daha tatmin edici bir birliktelik i\u00e7in ne yapabilece\u011finizi \u00f6\u011frenmek istiyorsan\u0131z, hi\u00e7 utan\u0131p s\u0131k\u0131lmay\u0131n ve bu kitab\u0131 sepetinize at\u0131n.   <\/p>\n","protected":false},"excerpt":{"rendered":"<p>Y\u00dcRE\u011e\u0130N\u0130Z\u0130 A\u00c7IN VE A\u015eK HAYATINIZI \u0130Y\u0130LE\u015eT\u0130RMEY\u0130 \u00d6\u011eREN\u0130N \u00dcnl\u00fc seks terapisti Dr. Ian Kerner\u2019a g\u00f6re, cinsel ya\u015famlar\u0131m\u0131zda nelerin iyi veya k\u00f6t\u00fc gitti\u011fini anlamam\u0131z ve kar\u015f\u0131l\u0131kl\u0131 zevk alabilece\u011fimiz<span class=\"excerpt-hellip\"> [\u2026]<\/span><\/p>\n","protected":false},"featured_media":0,"template":"","meta":{"_monsterinsights_skip_tracking":false,"_monsterinsights_sitenote_active":false,"_monsterinsights_sitenote_note":"","_monsterinsights_sitenote_category":0},"product_brand":[],"product_cat":[12357],"product_tag":[],"class_list":{"0":"post-751239","1":"product","2":"type-product","3":"status-publish","5":"product_cat-psikoloji","6":"pa_cilt-ciltsiz","7":"pa_tur-kitap","8":"pa_yayinevi-okuyan-us-yayin","9":"pa_yazar-ian-kerner","11":"first","12":"instock","13":"sale","14":"shipping-taxable","15":"purchasable","16":"product-type-simple"},"_links":{"self":[{"href":"https:\/\/roveyayinevi.com.tr\/index.php\/wp-json\/wp\/v2\/product\/751239","targetHints":{"allow":["GET"]}}],"collection":[{"href":"https:\/\/roveyayinevi.com.tr\/index.php\/wp-json\/wp\/v2\/product"}],"about":[{"href":"https:\/\/roveyayinevi.com.tr\/index.php\/wp-json\/wp\/v2\/types\/product"}],"wp:attachment":[{"href":"https:\/\/roveyayinevi.com.tr\/index.php\/wp-json\/wp\/v2\/media?parent=751239"}],"wp:term":[{"taxonomy":"product_brand","embeddable":true,"href":"https:\/\/roveyayinevi.com.tr\/index.php\/wp-json\/wp\/v2\/product_brand?post=751239"},{"taxonomy":"product_cat","embeddable":true,"href":"https:\/\/roveyayinevi.com.tr\/index.php\/wp-json\/wp\/v2\/product_cat?post=751239"},{"taxonomy":"product_tag","embeddable":true,"href":"https:\/\/roveyayinevi.com.tr\/index.php\/wp-json\/wp\/v2\/product_tag?post=751239"}],"curies":[{"name":"wp","href":"https:\/\/api.w.org\/{rel}","templated":true}]}}