{"id":751228,"date":"2025-08-28T04:42:57","date_gmt":"2025-08-28T01:42:57","guid":{"rendered":"https:\/\/roveyayinevi.com.tr\/index.php\/urun\/matos-kisinin-hayatindan-secilmis-uc-mayis-gunu-ucuncu-gun\/"},"modified":"2026-04-16T03:04:41","modified_gmt":"2026-04-16T00:04:41","slug":"matos-kisinin-hayatindan-secilmis-uc-mayis-gunu-ucuncu-gun","status":"publish","type":"product","link":"https:\/\/roveyayinevi.com.tr\/index.php\/urun\/matos-kisinin-hayatindan-secilmis-uc-mayis-gunu-ucuncu-gun\/","title":{"rendered":"Matos Ki\u015finin Hayat\u0131ndan Se\u00e7ilmi\u015f \u00dc\u00e7 May\u0131s G\u00fcn\u00fc &#8211; \u00dc\u00e7\u00fcnc\u00fc G\u00fcn"},"content":{"rendered":"<p>Bilindi\u011fi gibi \u0130kinci G\u00fcn\u2019\u00fcn sonunda Matos A\u011fao\u011flu o gece Arha\u00e7lar\u2019\u0131 gizlice terk ederek kay\u0131plara kar\u0131\u015f\u0131yordu. Serinin \u00fc\u00e7\u00fcnc\u00fc ve son kitab\u0131 \u00dc\u00e7\u00fcnc\u00fc G\u00fcn bu kaybolma olay\u0131ndan yakla\u015f\u0131k iki as\u0131r sonra Matos A\u011fao\u011flu\u2019nun hik\u00e2yesine yeniden d\u00f6n\u00fcyor.   Aradan ge\u00e7en zaman i\u00e7inde neler oldu? So\u011fuk bir k\u0131\u015f ak\u015fam\u0131 Man\u00e7urya\u2019da demiryolu i\u015f\u00e7isi Abbas Ali Agayev\u2019in kar\u015f\u0131s\u0131nda \u00e7\u0131kan, onu \u00f6l\u00fcmden kurtaran gizemli fig\u00fcr Mor Pelerinlinin kehanetleri ger\u00e7ekle\u015fti mi? Ve h\u00e2l\u00e2 kendisinden bir haber al\u0131namayan Matos A\u011fao\u011flu kimdi, ak\u0131beti ne oldu? Ger\u00e7ekten bir Mehdi miydi, yoksa bilinmeyen tanr\u0131sal g\u00fc\u00e7lerin g\u00f6nderdi\u011fi bir se\u00e7ilmi\u015f mi? \u0130lk iki kitapta ipu\u00e7lar\u0131 verilen b\u00fct\u00fcn bu ve benzeri sorular\u0131n yan\u0131t\u0131n\u0131 \u00dc\u00e7\u00fcnc\u00fc G\u00fcn\u2019de bulacaks\u0131n\u0131z.   \u00c7a\u011f\u0131m\u0131z, yapay zek\u00e2 \u00e7a\u011f\u0131 olmas\u0131 yan\u0131nda, b\u00fcy\u00fck felaketler \u00e7a\u011f\u0131d\u0131r da. Ekolojik dengenin bozulmas\u0131 ve ard\u0131ndan gelen iklim de\u011fi\u015fikli\u011finin neden oldu\u011fu do\u011fal felaketlerin ard\u0131 arkas\u0131 kesilmiyor. Ve insanlar gittik\u00e7e bu felaketler kar\u015f\u0131s\u0131nda daha \u00e7aresiz kal\u0131yor. En son Mara\u015f Depremi \u00f6rne\u011fi\u2026   \u015e\u00fcphesiz edebiyat \u00e7a\u011f\u0131n sorunlar\u0131 \u00e7\u00f6zecek sihirli bir g\u00fcce sahip de\u011fil, ama sorunlara dikkati \u00e7ekmesi ve ba\u015fka \u00e7\u00f6z\u00fcm yollar\u0131n\u0131n da olabilece\u011fini g\u00f6stermesi bak\u0131mdan \u00f6nemlidir. \u201c\u2026Zira insanl\u0131k tarihinin bu, o ana kadar g\u00f6r\u00fclmemi\u015f boyuttaki felaketi s\u0131ras\u0131nda d\u00fcnya n\u00fcfusunun hemen hemen yar\u0131s\u0131 (\u00fc\u00e7 milyar insan) telef olurken bunun b\u00fcy\u00fck bir b\u00f6l\u00fcm\u00fcn\u00fc d\u00fcnyan\u0131n belli ba\u015fl\u0131 metropollerinde ya\u015fayan n\u00fcfus olu\u015fturacakt\u0131. Bir k\u0131sm\u0131 yerle bir olan l\u00fcks rezidanslar\u0131n enkazlar\u0131 alt\u0131nda can verirken, sa\u011f kalanlar da kendilerini sudan \u00e7\u0131km\u0131\u015f bal\u0131k gibi hissedeceklerdi. Yeni ve a\u011f\u0131r ya\u015fam ko\u015fullar\u0131na ayak uyduramayarak a\u00e7l\u0131k, hastal\u0131k ve bak\u0131ms\u0131zl\u0131ktan telef olup gideceklerdi. Tufan sonras\u0131 merkeziyet\u00e7i toplum d\u00fczeninden, bug\u00fcnk\u00fc yerel toplum d\u00fczenine ge\u00e7i\u015f s\u00fcrecinde insanl\u0131k eski hatalardan s\u0131yr\u0131lmas\u0131n\u0131 bildi. \u201c\u00dc\u00e7 \u015feytan\u0131n\u201d: paran\u0131n, devletin ve b\u00fcy\u00fck metropollerin bireyi ezip ki\u015filiksizle\u015ftirerek s\u00f6m\u00fcren h\u00e2kimiyetine son verdi. Do\u011fayla i\u00e7 i\u00e7e, bar\u0131\u015f\u0131k h\u00e2lde ya\u015famay\u0131 kendine d\u00fcstur edindi.\u201d Zevkle okuyaca\u011f\u0131n\u0131z s\u00fcrprizlerle dolu fantastik bir kitap! <\/p>\n","protected":false},"excerpt":{"rendered":"<p>Bilindi\u011fi gibi \u0130kinci G\u00fcn\u2019\u00fcn sonunda Matos A\u011fao\u011flu o gece Arha\u00e7lar\u2019\u0131 gizlice terk ederek kay\u0131plara kar\u0131\u015f\u0131yordu. Serinin \u00fc\u00e7\u00fcnc\u00fc ve son kitab\u0131 \u00dc\u00e7\u00fcnc\u00fc G\u00fcn bu kaybolma olay\u0131ndan yakla\u015f\u0131k<span class=\"excerpt-hellip\"> [\u2026]<\/span><\/p>\n","protected":false},"featured_media":0,"template":"","meta":{"_monsterinsights_skip_tracking":false,"_monsterinsights_sitenote_active":false,"_monsterinsights_sitenote_note":"","_monsterinsights_sitenote_category":0},"product_brand":[],"product_cat":[12291,14777],"product_tag":[],"class_list":{"0":"post-751228","1":"product","2":"type-product","3":"status-publish","5":"product_cat-edebiyat","6":"product_cat-fantastik","7":"pa_cilt-ciltsiz","8":"pa_tur-kitap","9":"pa_yayinevi-favori-yayinlari","10":"pa_yazar-aynullah-akca","12":"first","13":"instock","14":"sale","15":"shipping-taxable","16":"purchasable","17":"product-type-simple"},"_links":{"self":[{"href":"https:\/\/roveyayinevi.com.tr\/index.php\/wp-json\/wp\/v2\/product\/751228","targetHints":{"allow":["GET"]}}],"collection":[{"href":"https:\/\/roveyayinevi.com.tr\/index.php\/wp-json\/wp\/v2\/product"}],"about":[{"href":"https:\/\/roveyayinevi.com.tr\/index.php\/wp-json\/wp\/v2\/types\/product"}],"wp:attachment":[{"href":"https:\/\/roveyayinevi.com.tr\/index.php\/wp-json\/wp\/v2\/media?parent=751228"}],"wp:term":[{"taxonomy":"product_brand","embeddable":true,"href":"https:\/\/roveyayinevi.com.tr\/index.php\/wp-json\/wp\/v2\/product_brand?post=751228"},{"taxonomy":"product_cat","embeddable":true,"href":"https:\/\/roveyayinevi.com.tr\/index.php\/wp-json\/wp\/v2\/product_cat?post=751228"},{"taxonomy":"product_tag","embeddable":true,"href":"https:\/\/roveyayinevi.com.tr\/index.php\/wp-json\/wp\/v2\/product_tag?post=751228"}],"curies":[{"name":"wp","href":"https:\/\/api.w.org\/{rel}","templated":true}]}}