{"id":751219,"date":"2025-08-28T04:42:42","date_gmt":"2025-08-28T01:42:42","guid":{"rendered":"https:\/\/roveyayinevi.com.tr\/index.php\/urun\/adan-zye-eglenceli-resimlerle-ingilizce-ilk-200-kelime\/"},"modified":"2026-04-16T03:04:41","modified_gmt":"2026-04-16T00:04:41","slug":"adan-zye-eglenceli-resimlerle-ingilizce-ilk-200-kelime","status":"publish","type":"product","link":"https:\/\/roveyayinevi.com.tr\/index.php\/urun\/adan-zye-eglenceli-resimlerle-ingilizce-ilk-200-kelime\/","title":{"rendered":"A&#8217;dan Z&#8217;ye E\u011flenceli Resimlerle \u0130ngilizce \u0130lk 200 Kelime"},"content":{"rendered":"<p>\u0130ngilizce konu\u015fman\u0131n temeli, kelime \u00f6\u011frenmekten ge\u00e7er. \u0130ngilizce \u0130lk 200 Kelime kitab\u0131, \u00e7ocuklar\u0131n kelime \u00f6\u011frenmesini daha keyifli ve e\u011flenceli hale getirir.   Birbirinden canl\u0131 ve sevimli resimler, \u00e7ocuklar\u0131n kelimeleri daha kolay \u00f6\u011frenmesini sa\u011flar.   \u0130ngilizce \u0130lk 200 Kelime kitab\u0131nda;   E\u011flenceli etkinlikler, g\u00f6rsellerle kelime \u00f6\u011fretimi, \u0130ngilizce alfabe ve harflerle kelime bilgisi, merak ve ke\u015ffetme duygusu yer al\u0131r. <\/p>\n","protected":false},"excerpt":{"rendered":"<p>\u0130ngilizce konu\u015fman\u0131n temeli, kelime \u00f6\u011frenmekten ge\u00e7er. \u0130ngilizce \u0130lk 200 Kelime kitab\u0131, \u00e7ocuklar\u0131n kelime \u00f6\u011frenmesini daha keyifli ve e\u011flenceli hale getirir. Birbirinden canl\u0131 ve sevimli resimler, \u00e7ocuklar\u0131n<span class=\"excerpt-hellip\"> [\u2026]<\/span><\/p>\n","protected":false},"featured_media":0,"template":"","meta":{"_monsterinsights_skip_tracking":false,"_monsterinsights_sitenote_active":false,"_monsterinsights_sitenote_note":"","_monsterinsights_sitenote_category":0},"product_brand":[],"product_cat":[12274,12284],"product_tag":[],"class_list":{"0":"post-751219","1":"product","2":"type-product","3":"status-publish","5":"product_cat-cocuk-ve-genclik-kitaplari","6":"product_cat-hikayeler","7":"pa_cilt-ciltsiz","8":"pa_tur-kitap","9":"pa_yayinevi-dikkat-atolyesi-yayinlari","10":"pa_yazar-iryna-pushkar","12":"first","13":"instock","14":"sale","15":"shipping-taxable","16":"purchasable","17":"product-type-simple"},"_links":{"self":[{"href":"https:\/\/roveyayinevi.com.tr\/index.php\/wp-json\/wp\/v2\/product\/751219","targetHints":{"allow":["GET"]}}],"collection":[{"href":"https:\/\/roveyayinevi.com.tr\/index.php\/wp-json\/wp\/v2\/product"}],"about":[{"href":"https:\/\/roveyayinevi.com.tr\/index.php\/wp-json\/wp\/v2\/types\/product"}],"wp:attachment":[{"href":"https:\/\/roveyayinevi.com.tr\/index.php\/wp-json\/wp\/v2\/media?parent=751219"}],"wp:term":[{"taxonomy":"product_brand","embeddable":true,"href":"https:\/\/roveyayinevi.com.tr\/index.php\/wp-json\/wp\/v2\/product_brand?post=751219"},{"taxonomy":"product_cat","embeddable":true,"href":"https:\/\/roveyayinevi.com.tr\/index.php\/wp-json\/wp\/v2\/product_cat?post=751219"},{"taxonomy":"product_tag","embeddable":true,"href":"https:\/\/roveyayinevi.com.tr\/index.php\/wp-json\/wp\/v2\/product_tag?post=751219"}],"curies":[{"name":"wp","href":"https:\/\/api.w.org\/{rel}","templated":true}]}}