{"id":751212,"date":"2025-08-28T04:42:30","date_gmt":"2025-08-28T01:42:30","guid":{"rendered":"https:\/\/roveyayinevi.com.tr\/index.php\/urun\/ve-sevdan-soyletir\/"},"modified":"2026-04-16T03:04:41","modified_gmt":"2026-04-16T00:04:41","slug":"ve-sevdan-soyletir","status":"publish","type":"product","link":"https:\/\/roveyayinevi.com.tr\/index.php\/urun\/ve-sevdan-soyletir\/","title":{"rendered":"&#8230;Ve Sevdan S\u00f6yletir"},"content":{"rendered":"<p>Bizi s\u00f6yleten sevdam\u0131zd\u0131r. Sevdam\u0131z insand\u0131r, \u00fclkedir, do\u011fad\u0131r, sevgilidir. Hi\u00e7biri birinden \u00f6nde ya da geride de\u011fildir. San\u0131r\u0131m her okurum kendi ya\u015fam\u0131 ve duygu d\u00fcnyas\u0131na g\u00f6re kendinden bir \u015feyler bulacakt\u0131r. \u015eiirlerimde en \u00e7ok \u00f6zendi\u011fim \u015fey sadelik, samimiyet ve \u015fiir kurallar\u0131n\u0131 g\u00f6z ard\u0131 etmeden g\u00fczel dilimizi do\u011fru kullanmak olmu\u015ftur. Sayg\u0131lar\u0131mla. <\/p>\n","protected":false},"excerpt":{"rendered":"<p>Bizi s\u00f6yleten sevdam\u0131zd\u0131r. Sevdam\u0131z insand\u0131r, \u00fclkedir, do\u011fad\u0131r, sevgilidir. Hi\u00e7biri birinden \u00f6nde ya da geride de\u011fildir. San\u0131r\u0131m her okurum kendi ya\u015fam\u0131 ve duygu d\u00fcnyas\u0131na g\u00f6re kendinden bir<span class=\"excerpt-hellip\"> [\u2026]<\/span><\/p>\n","protected":false},"featured_media":0,"template":"","meta":{"_monsterinsights_skip_tracking":false,"_monsterinsights_sitenote_active":false,"_monsterinsights_sitenote_note":"","_monsterinsights_sitenote_category":0},"product_brand":[],"product_cat":[12291,12509],"product_tag":[],"class_list":{"0":"post-751212","1":"product","2":"type-product","3":"status-publish","5":"product_cat-edebiyat","6":"product_cat-siir","7":"pa_cilt-ciltsiz","8":"pa_tur-kitap","9":"pa_yayinevi-gulnar-yayinlari","10":"pa_yazar-mehmet-ozcelebi","12":"first","13":"instock","14":"sale","15":"shipping-taxable","16":"purchasable","17":"product-type-simple"},"_links":{"self":[{"href":"https:\/\/roveyayinevi.com.tr\/index.php\/wp-json\/wp\/v2\/product\/751212","targetHints":{"allow":["GET"]}}],"collection":[{"href":"https:\/\/roveyayinevi.com.tr\/index.php\/wp-json\/wp\/v2\/product"}],"about":[{"href":"https:\/\/roveyayinevi.com.tr\/index.php\/wp-json\/wp\/v2\/types\/product"}],"wp:attachment":[{"href":"https:\/\/roveyayinevi.com.tr\/index.php\/wp-json\/wp\/v2\/media?parent=751212"}],"wp:term":[{"taxonomy":"product_brand","embeddable":true,"href":"https:\/\/roveyayinevi.com.tr\/index.php\/wp-json\/wp\/v2\/product_brand?post=751212"},{"taxonomy":"product_cat","embeddable":true,"href":"https:\/\/roveyayinevi.com.tr\/index.php\/wp-json\/wp\/v2\/product_cat?post=751212"},{"taxonomy":"product_tag","embeddable":true,"href":"https:\/\/roveyayinevi.com.tr\/index.php\/wp-json\/wp\/v2\/product_tag?post=751212"}],"curies":[{"name":"wp","href":"https:\/\/api.w.org\/{rel}","templated":true}]}}