{"id":751205,"date":"2025-08-28T04:42:20","date_gmt":"2025-08-28T01:42:20","guid":{"rendered":"https:\/\/roveyayinevi.com.tr\/index.php\/urun\/jeopolitik-firtina\/"},"modified":"2025-08-31T19:25:57","modified_gmt":"2025-08-31T16:25:57","slug":"jeopolitik-firtina","status":"publish","type":"product","link":"https:\/\/roveyayinevi.com.tr\/index.php\/urun\/jeopolitik-firtina\/","title":{"rendered":"Jeopolitik F\u0131rt\u0131na"},"content":{"rendered":"<p>Sovyet Rusya\u2019n\u0131n y\u0131k\u0131ld\u0131\u011f\u0131 g\u00fcnden bu yana k\u00fcresel, k\u0131tasal ve b\u00f6lgesel devletler yeni jeopolitik aray\u0131\u015flara girmi\u015f durumda. D\u00fcnya bug\u00fcn d\u00fcnden daha fazla \u00e7ok kutuplu d\u00fczene evrilmi\u015f halde. Truman Doktrini\u2019nden bu yana \u201cm\u00fcttefik\u201d ABD dostumuz mu d\u00fc\u015fman\u0131m\u0131z m\u0131 bilemiyoruz. AB ne kadar g\u00fcvenilir bilemiyoruz. Di\u011fer taraftan \u00c7in, Ku\u015fak ve Yol Giri\u015fimi ba\u015fta olmak \u00fczere \u00e7e\u015fitli yollarla Asya Pasifik\u2019ten Afrika ve Avrupa\u2019ya kadar g\u00fcn ge\u00e7tik\u00e7e sahnedeki rol\u00fcn\u00fc daha da geni\u015fletiyor. Rusya-Ukrayna Sava\u015f\u0131 sonras\u0131 t\u00fcm ta\u015flar\u0131n yerinden oynad\u0131\u011f\u0131 d\u00fcnyada herkes birbiriyle yar\u0131-dost yar\u0131-d\u00fc\u015fman (frenemy) halinde. Hibrid bir sava\u015f\u0131n s\u0131cak hatta kimilerine g\u00f6re n\u00fckleer bir \u00e7at\u0131\u015fmaya d\u00f6n\u00fc\u015fme olas\u0131l\u0131\u011f\u0131 h\u0131zla art\u0131yor&#8230; Peki bu ortamda T\u00fcrkiye ne yapmal\u0131, nas\u0131l davranmal\u0131? Amiral Cem G\u00fcrdeniz Jeopolitik F\u0131rt\u0131na adl\u0131 kitab\u0131nda, bug\u00fcn\u00fcn d\u00fcnyas\u0131n\u0131 tarihsel perspektiften de\u011ferlendirerek sorular soruyor ve cevaplar veriyor. T\u00fcrkiye\u2019nin ne yapmas\u0131 gerekti\u011fini, yap\u0131lan hatalar\u0131 ve bu hatalardan nas\u0131l ders al\u0131nabilece\u011fini en sade dille anlat\u0131yor. <\/p>\n","protected":false},"excerpt":{"rendered":"<p>Sovyet Rusya\u2019n\u0131n y\u0131k\u0131ld\u0131\u011f\u0131 g\u00fcnden bu yana k\u00fcresel, k\u0131tasal ve b\u00f6lgesel devletler yeni jeopolitik aray\u0131\u015flara girmi\u015f durumda. D\u00fcnya bug\u00fcn d\u00fcnden daha fazla \u00e7ok kutuplu d\u00fczene evrilmi\u015f halde.<span class=\"excerpt-hellip\"> [\u2026]<\/span><\/p>\n","protected":false},"featured_media":0,"template":"","meta":{"_monsterinsights_skip_tracking":false,"_monsterinsights_sitenote_active":false,"_monsterinsights_sitenote_note":"","_monsterinsights_sitenote_category":0},"product_brand":[],"product_cat":[13590,12337],"product_tag":[],"class_list":{"0":"post-751205","1":"product","2":"type-product","3":"status-publish","5":"product_cat-arastirma-inceleme-politika-siyaset","6":"product_cat-politika-siyaset","7":"pa_cilt-ciltsiz","8":"pa_tur-kitap","9":"pa_yayinevi-kirmizi-kedi-yayinevi","10":"pa_yazar-cem-gurdeniz","12":"first","13":"instock","14":"sale","15":"shipping-taxable","16":"purchasable","17":"product-type-simple"},"_links":{"self":[{"href":"https:\/\/roveyayinevi.com.tr\/index.php\/wp-json\/wp\/v2\/product\/751205","targetHints":{"allow":["GET"]}}],"collection":[{"href":"https:\/\/roveyayinevi.com.tr\/index.php\/wp-json\/wp\/v2\/product"}],"about":[{"href":"https:\/\/roveyayinevi.com.tr\/index.php\/wp-json\/wp\/v2\/types\/product"}],"wp:attachment":[{"href":"https:\/\/roveyayinevi.com.tr\/index.php\/wp-json\/wp\/v2\/media?parent=751205"}],"wp:term":[{"taxonomy":"product_brand","embeddable":true,"href":"https:\/\/roveyayinevi.com.tr\/index.php\/wp-json\/wp\/v2\/product_brand?post=751205"},{"taxonomy":"product_cat","embeddable":true,"href":"https:\/\/roveyayinevi.com.tr\/index.php\/wp-json\/wp\/v2\/product_cat?post=751205"},{"taxonomy":"product_tag","embeddable":true,"href":"https:\/\/roveyayinevi.com.tr\/index.php\/wp-json\/wp\/v2\/product_tag?post=751205"}],"curies":[{"name":"wp","href":"https:\/\/api.w.org\/{rel}","templated":true}]}}