{"id":751188,"date":"2025-08-28T04:41:57","date_gmt":"2025-08-28T01:41:57","guid":{"rendered":"https:\/\/roveyayinevi.com.tr\/index.php\/urun\/donustugumuz-sehir\/"},"modified":"2026-04-16T03:04:40","modified_gmt":"2026-04-16T00:04:40","slug":"donustugumuz-sehir","status":"publish","type":"product","link":"https:\/\/roveyayinevi.com.tr\/index.php\/urun\/donustugumuz-sehir\/","title":{"rendered":"D\u00f6n\u00fc\u015ft\u00fc\u011f\u00fcm\u00fcz \u015eehir"},"content":{"rendered":"<p>2020 BSFA En \u0130yi Roman \u00d6d\u00fcl\u00fc 2021 Locus En \u0130yi Fantastik Roman \u00d6d\u00fcl\u00fc   Her \u015fehrin bir ruhu vard\u0131r. Kimilerinin ruhu destanlar kadar eski, kimilerinin ruhu ise k\u00fc\u00e7\u00fck \u00e7ocuklar kadar yeni ve y\u0131k\u0131c\u0131d\u0131r. Peki ya New York\u2019un? \u0130\u015fte onun bir de\u011fil, tam be\u015f ruhu var.   Siyah bir gen\u00e7, Penn \u0130stasyonu\u2019na ad\u0131m atar atmaz kim oldu\u011funu unutur. Ba\u015f\u0131 d\u00f6nerek yere y\u0131\u011f\u0131ld\u0131\u011f\u0131nda \u015fehri oldu\u011fu gibi de\u011fil, kanl\u0131 canl\u0131 bir varl\u0131k olarak g\u00f6r\u00fcr. Ve \u015fehir onunla konu\u015fmakta, ondan yard\u0131m istemektedir. Yeni do\u011fan \u015fehirlerle beslenen kozmik bir ya\u015fam formu New York\u2019u hedef almaktad\u0131r. As\u0131l avatar\u0131 bir sald\u0131r\u0131 sonucunda komaya girdi\u011finde, New York be\u015f New Yorkluyu yeni koruyucusu olarak se\u00e7er. Penn \u0130stasyonu\u2019nda kendine Manny lakab\u0131n\u0131 takan gen\u00e7 de bu koruyuculardan biridir. \u015eimdi s\u0131ra di\u011fer d\u00f6rt koruyucuyu bulup D\u00fc\u015fman\u2019\u0131n yeni do\u011fan \u015fehri katletmesini engellemektedir.   \u201cM\u00fcthi\u015f bir fantastik roman.\u201d \u2013Neil Gaiman   \u201cNeslinin en \u00f6nemli spek\u00fclatif kurgu yazar\u0131\u2026 Jemisin o kadar iyi.\u201d \u2013John Scalzi   \u201cD\u00f6n\u00fc\u015ft\u00fc\u011f\u00fcm\u00fcz \u015eehir, New York\u2019a yaz\u0131lm\u0131\u015f yenilik\u00e7i bir a\u015fk mektubu.\u201d \u2013Rebecca Roanhorse   <\/p>\n","protected":false},"excerpt":{"rendered":"<p>2020 BSFA En \u0130yi Roman \u00d6d\u00fcl\u00fc 2021 Locus En \u0130yi Fantastik Roman \u00d6d\u00fcl\u00fc Her \u015fehrin bir ruhu vard\u0131r. Kimilerinin ruhu destanlar kadar eski, kimilerinin ruhu ise<span class=\"excerpt-hellip\"> [\u2026]<\/span><\/p>\n","protected":false},"featured_media":0,"template":"","meta":{"_monsterinsights_skip_tracking":false,"_monsterinsights_sitenote_active":false,"_monsterinsights_sitenote_note":"","_monsterinsights_sitenote_category":0},"product_brand":[],"product_cat":[12291,14777],"product_tag":[],"class_list":{"0":"post-751188","1":"product","2":"type-product","3":"status-publish","5":"product_cat-edebiyat","6":"product_cat-fantastik","7":"pa_cilt-ciltsiz","8":"pa_tur-kitap","9":"pa_yayinevi-ithaki-yayinlari","10":"pa_yazar-n-k-jemisin","12":"first","13":"instock","14":"sale","15":"shipping-taxable","16":"purchasable","17":"product-type-simple"},"_links":{"self":[{"href":"https:\/\/roveyayinevi.com.tr\/index.php\/wp-json\/wp\/v2\/product\/751188","targetHints":{"allow":["GET"]}}],"collection":[{"href":"https:\/\/roveyayinevi.com.tr\/index.php\/wp-json\/wp\/v2\/product"}],"about":[{"href":"https:\/\/roveyayinevi.com.tr\/index.php\/wp-json\/wp\/v2\/types\/product"}],"wp:attachment":[{"href":"https:\/\/roveyayinevi.com.tr\/index.php\/wp-json\/wp\/v2\/media?parent=751188"}],"wp:term":[{"taxonomy":"product_brand","embeddable":true,"href":"https:\/\/roveyayinevi.com.tr\/index.php\/wp-json\/wp\/v2\/product_brand?post=751188"},{"taxonomy":"product_cat","embeddable":true,"href":"https:\/\/roveyayinevi.com.tr\/index.php\/wp-json\/wp\/v2\/product_cat?post=751188"},{"taxonomy":"product_tag","embeddable":true,"href":"https:\/\/roveyayinevi.com.tr\/index.php\/wp-json\/wp\/v2\/product_tag?post=751188"}],"curies":[{"name":"wp","href":"https:\/\/api.w.org\/{rel}","templated":true}]}}