{"id":751176,"date":"2025-08-28T04:41:37","date_gmt":"2025-08-28T01:41:37","guid":{"rendered":"https:\/\/roveyayinevi.com.tr\/index.php\/urun\/alacali-fare-ve-tavsan-sisinin-tekerlemeleri\/"},"modified":"2026-04-16T03:04:40","modified_gmt":"2026-04-16T00:04:40","slug":"alacali-fare-ve-tavsan-sisinin-tekerlemeleri","status":"publish","type":"product","link":"https:\/\/roveyayinevi.com.tr\/index.php\/urun\/alacali-fare-ve-tavsan-sisinin-tekerlemeleri\/","title":{"rendered":"Alacal\u0131 Fare ve Tav\u015fan Sisi\u2019nin Tekerlemeleri"},"content":{"rendered":"<p>Tekerlemelere her zaman b\u00fcy\u00fck bir hayranl\u0131k duyan Beatrix Potter taraf\u0131ndan yaz\u0131lm\u0131\u015f ve resimlenmi\u015f Alacal\u0131 Fare ve Tav\u015fan Sisi\u2019nin Tekerlemeleri\u2019nde birbirinden sevimli karakterlerle tan\u0131\u015facaks\u0131n\u0131z.   Alacal\u0131 Fare, k\u00fc\u00e7\u00fck kahverengi fare, Gider bir yabanc\u0131n\u0131n evindeki b\u00fcfeye. Tav\u015fan Sisi bir kul\u00fcbede ya\u015far, Gen\u00e7lere leziz meyve sular\u0131 yapar. <\/p>\n","protected":false},"excerpt":{"rendered":"<p>Tekerlemelere her zaman b\u00fcy\u00fck bir hayranl\u0131k duyan Beatrix Potter taraf\u0131ndan yaz\u0131lm\u0131\u015f ve resimlenmi\u015f Alacal\u0131 Fare ve Tav\u015fan Sisi\u2019nin Tekerlemeleri\u2019nde birbirinden sevimli karakterlerle tan\u0131\u015facaks\u0131n\u0131z. Alacal\u0131 Fare, k\u00fc\u00e7\u00fck<span class=\"excerpt-hellip\"> [\u2026]<\/span><\/p>\n","protected":false},"featured_media":0,"template":"","meta":{"_monsterinsights_skip_tracking":false,"_monsterinsights_sitenote_active":false,"_monsterinsights_sitenote_note":"","_monsterinsights_sitenote_category":0},"product_brand":[],"product_cat":[12274,12631],"product_tag":[],"class_list":{"0":"post-751176","1":"product","2":"type-product","3":"status-publish","5":"product_cat-cocuk-ve-genclik-kitaplari","6":"product_cat-diger-cocuk-ve-genclik-kitaplari","7":"pa_cilt-ciltsiz","8":"pa_tur-kitap","9":"pa_yayinevi-cocuk-gelisimi-yayinlari","10":"pa_yazar-beatrix-potter","12":"first","13":"instock","14":"sale","15":"shipping-taxable","16":"purchasable","17":"product-type-simple"},"_links":{"self":[{"href":"https:\/\/roveyayinevi.com.tr\/index.php\/wp-json\/wp\/v2\/product\/751176","targetHints":{"allow":["GET"]}}],"collection":[{"href":"https:\/\/roveyayinevi.com.tr\/index.php\/wp-json\/wp\/v2\/product"}],"about":[{"href":"https:\/\/roveyayinevi.com.tr\/index.php\/wp-json\/wp\/v2\/types\/product"}],"wp:attachment":[{"href":"https:\/\/roveyayinevi.com.tr\/index.php\/wp-json\/wp\/v2\/media?parent=751176"}],"wp:term":[{"taxonomy":"product_brand","embeddable":true,"href":"https:\/\/roveyayinevi.com.tr\/index.php\/wp-json\/wp\/v2\/product_brand?post=751176"},{"taxonomy":"product_cat","embeddable":true,"href":"https:\/\/roveyayinevi.com.tr\/index.php\/wp-json\/wp\/v2\/product_cat?post=751176"},{"taxonomy":"product_tag","embeddable":true,"href":"https:\/\/roveyayinevi.com.tr\/index.php\/wp-json\/wp\/v2\/product_tag?post=751176"}],"curies":[{"name":"wp","href":"https:\/\/api.w.org\/{rel}","templated":true}]}}