{"id":751175,"date":"2025-08-28T04:41:35","date_gmt":"2025-08-28T01:41:35","guid":{"rendered":"https:\/\/roveyayinevi.com.tr\/index.php\/urun\/ataturkkarincalar-ve-cocuk\/"},"modified":"2026-04-16T03:04:40","modified_gmt":"2026-04-16T00:04:40","slug":"ataturkkarincalar-ve-cocuk","status":"publish","type":"product","link":"https:\/\/roveyayinevi.com.tr\/index.php\/urun\/ataturkkarincalar-ve-cocuk\/","title":{"rendered":"Atat\u00fcrk,Kar\u0131ncalar Ve \u00c7ocuk"},"content":{"rendered":"<p>Cumhuriyetimizin 100. y\u0131l\u0131na \u00f6zel &#8221;Atat\u00fcrk, Kar\u0131ncalar ve \u00c7ocuk&#8221; Y\u0131l 1921\u2026 Ulusal Kurtulu\u015f Sava\u015f\u0131m\u0131z\u0131n ilk y\u0131llar\u0131. Meclisteki \u00e7al\u0131\u015fmalar\u0131n\u0131 tamamlayan Atat\u00fcrk, yaveriyle birlikte \u00c7ankaya\u2019daki evine d\u00f6nmektedir. Atlar\u0131n\u0131n \u00fcst\u00fcnde \u00c7ankaya yoku\u015funu t\u0131rman\u0131rlarken, bir \u00e7ocukla kar\u015f\u0131la\u015f\u0131rlar. \u00c7ocuk \u00e7ok \u00f6fkelidir\u2026 \u00c7\u00fcnk\u00fc, kar\u0131ncalar i\u00e7in k\u00f6pr\u00fc yapm\u0131\u015ft\u0131r ama kar\u0131ncalar onun yapt\u0131\u011f\u0131 k\u00f6pr\u00fcn\u00fcn \u00fcst\u00fcnden ge\u00e7memektedir. Atat\u00fcrk at\u0131ndan inerek \u00e7ocu\u011fun yan\u0131na gelir. Daha sonra birlikte, kar\u0131ncalar\u0131n \u00fcst\u00fcnden ge\u00e7ebilece\u011fi bir k\u00f6pr\u00fcy\u00fc nas\u0131l kurabileceklerini d \u00fc\u015f\u00fcnmeye ba\u015flarlar\u2026 Sonra m\u0131?&#8230; Ger\u00e7ek bir olaydan S\u00fcleyman Bulut\u2019un \u00f6yk\u00fcle\u015ftirdi\u011fi Atat\u00fcrk, Kar\u0131ncalar ve \u00c7ocuk, Atat\u00fcrk\u2019\u00fcn \u00e7ocuklara yakla\u015f\u0131m\u0131n\u0131 g\u00f6steren \u00e7ok anlaml\u0131 ve farkl\u0131 bir \u00f6yk\u00fc\u2026<\/p>\n","protected":false},"excerpt":{"rendered":"<p>Cumhuriyetimizin 100. y\u0131l\u0131na \u00f6zel &#8221;Atat\u00fcrk, Kar\u0131ncalar ve \u00c7ocuk&#8221; Y\u0131l 1921\u2026 Ulusal Kurtulu\u015f Sava\u015f\u0131m\u0131z\u0131n ilk y\u0131llar\u0131. Meclisteki \u00e7al\u0131\u015fmalar\u0131n\u0131 tamamlayan Atat\u00fcrk, yaveriyle birlikte \u00c7ankaya\u2019daki evine d\u00f6nmektedir. Atlar\u0131n\u0131n \u00fcst\u00fcnde<span class=\"excerpt-hellip\"> [\u2026]<\/span><\/p>\n","protected":false},"featured_media":0,"template":"","meta":{"_monsterinsights_skip_tracking":false,"_monsterinsights_sitenote_active":false,"_monsterinsights_sitenote_note":"","_monsterinsights_sitenote_category":0},"product_brand":[],"product_cat":[12274,12284],"product_tag":[],"class_list":{"0":"post-751175","1":"product","2":"type-product","3":"status-publish","5":"product_cat-cocuk-ve-genclik-kitaplari","6":"product_cat-hikayeler","7":"pa_cilt-ciltsiz","8":"pa_tur-kitap","9":"pa_yayinevi-kelime-yayinlari","10":"pa_yazar-suleyman-bulut","12":"first","13":"instock","14":"sale","15":"shipping-taxable","16":"purchasable","17":"product-type-simple"},"_links":{"self":[{"href":"https:\/\/roveyayinevi.com.tr\/index.php\/wp-json\/wp\/v2\/product\/751175","targetHints":{"allow":["GET"]}}],"collection":[{"href":"https:\/\/roveyayinevi.com.tr\/index.php\/wp-json\/wp\/v2\/product"}],"about":[{"href":"https:\/\/roveyayinevi.com.tr\/index.php\/wp-json\/wp\/v2\/types\/product"}],"wp:attachment":[{"href":"https:\/\/roveyayinevi.com.tr\/index.php\/wp-json\/wp\/v2\/media?parent=751175"}],"wp:term":[{"taxonomy":"product_brand","embeddable":true,"href":"https:\/\/roveyayinevi.com.tr\/index.php\/wp-json\/wp\/v2\/product_brand?post=751175"},{"taxonomy":"product_cat","embeddable":true,"href":"https:\/\/roveyayinevi.com.tr\/index.php\/wp-json\/wp\/v2\/product_cat?post=751175"},{"taxonomy":"product_tag","embeddable":true,"href":"https:\/\/roveyayinevi.com.tr\/index.php\/wp-json\/wp\/v2\/product_tag?post=751175"}],"curies":[{"name":"wp","href":"https:\/\/api.w.org\/{rel}","templated":true}]}}