{"id":751153,"date":"2025-08-28T04:41:05","date_gmt":"2025-08-28T01:41:05","guid":{"rendered":"https:\/\/roveyayinevi.com.tr\/index.php\/urun\/iktisat-ve-toplum-dergisi-151-sayi-siyasal-sistem-ve-ekonomi\/"},"modified":"2026-04-16T03:04:40","modified_gmt":"2026-04-16T00:04:40","slug":"iktisat-ve-toplum-dergisi-151-sayi-siyasal-sistem-ve-ekonomi","status":"publish","type":"product","link":"https:\/\/roveyayinevi.com.tr\/index.php\/urun\/iktisat-ve-toplum-dergisi-151-sayi-siyasal-sistem-ve-ekonomi\/","title":{"rendered":"\u0130ktisat ve Toplum Dergisi 151. Say\u0131: Siyasal Sistem ve Ekonomi"},"content":{"rendered":"<p>Bu say\u0131da: Ba\u015fkanl\u0131k Parlamenter Sisteme Kar\u015f\u0131: Kurumlar ve Ekonomik Performans &#8211; Gu\u0308l\u00e7in \u00d6zkan Cumhurba\u015fkanl\u0131\u011f\u0131 Hu\u0308ku\u0308met Sistemi K\u0131skac\u0131nda Tu\u0308rkiye Ekonomisi: Sermayeyi \u0130hya Eden Benzersiz Bir B\u00f6lu\u0308\u015fu\u0308m \u015eoku &#8211; A. Erin\u00e7 Yeldan          Ekonomik Gidi\u015fat ve Se\u00e7imler &#8211; \u00d6zgu\u0308r Orhangazi      14 May\u0131s Sonras\u0131nda Tu\u0308rkiye Ekonomisi- Osman Aydo\u011fu\u015f                Tu\u0308rkiye\u2019de Servet 1: \u0130man\u0131n ve Paran\u0131n Kimde Oldu\u011fu Harbiden Bilinmiyor &#8211; Alper Duman          A.Suut Do\u011fruel An\u0131s\u0131na &#8211; Alpay Filiztekin, Ceyhun Elgin, Erin\u00e7 Yeldan, \u0130nsan Tunal\u0131, Kamil Y\u0131lmaz, \u00d6mer Faruk \u00c7olak, Refik Erzan, Sema Aksoy, Serdar Sayan, Sevil Acar Rant, Kapitalizm ve Politika &#8211; Hu\u0308seyin \u00d6zel     AKP D\u00f6nemi Ekonomi ve Maliye Politikalar\u0131n\u0131n Atatu\u0308rk D\u00f6nemiyle Kar\u015f\u0131la\u015ft\u0131r\u0131lmas\u0131 &#8211; Nurettin Bilici     Savrulan Hayatlar, Ku\u0308\u00e7u\u0308k Dokunu\u015flar, Bu\u0308yu\u0308k Sonu\u00e7lar: Hans Wolfgang Singer\u2019in Gizemli Tu\u0308rkiye Seru\u0308veni &#8211; Ercan Eren    6 \u015eubat Depremleri ve Sosyal Sermaye &#8211; Bilal Ba\u011f\u0131\u015f    Kalk\u0131nman\u0131n Politik Ekonomisi \u00dczerine &#8211; Vahap Samanl\u0131      Kamu Harcamalar\u0131: Kriz ve Se\u00e7im Etkileri &#8211; Ay\u015fegu\u0308l \u015eahin    R\u00f6portaj: Zarafetin Temsili Bale ve \u0130stanbul\u2019dan Yay\u0131lan Hint Esintisi \u2013 G\u00fcl\u00e7in Elif Y\u00fccel<\/p>\n","protected":false},"excerpt":{"rendered":"<p>Bu say\u0131da: Ba\u015fkanl\u0131k Parlamenter Sisteme Kar\u015f\u0131: Kurumlar ve Ekonomik Performans &#8211; Gu\u0308l\u00e7in \u00d6zkan Cumhurba\u015fkanl\u0131\u011f\u0131 Hu\u0308ku\u0308met Sistemi K\u0131skac\u0131nda Tu\u0308rkiye Ekonomisi: Sermayeyi \u0130hya Eden Benzersiz Bir B\u00f6lu\u0308\u015fu\u0308m \u015eoku<span class=\"excerpt-hellip\"> [\u2026]<\/span><\/p>\n","protected":false},"featured_media":0,"template":"","meta":{"_monsterinsights_skip_tracking":false,"_monsterinsights_sitenote_active":false,"_monsterinsights_sitenote_note":"","_monsterinsights_sitenote_category":0},"product_brand":[],"product_cat":[13527],"product_tag":[],"class_list":{"0":"post-751153","1":"product","2":"type-product","3":"status-publish","5":"product_cat-sureli-yayinlar","6":"pa_cilt-ciltsiz","7":"pa_tur-dergi","8":"pa_yayinevi-efil-yayinevi-dergi","9":"pa_yazar-kolektif","11":"first","12":"instock","13":"sale","14":"shipping-taxable","15":"purchasable","16":"product-type-simple"},"_links":{"self":[{"href":"https:\/\/roveyayinevi.com.tr\/index.php\/wp-json\/wp\/v2\/product\/751153","targetHints":{"allow":["GET"]}}],"collection":[{"href":"https:\/\/roveyayinevi.com.tr\/index.php\/wp-json\/wp\/v2\/product"}],"about":[{"href":"https:\/\/roveyayinevi.com.tr\/index.php\/wp-json\/wp\/v2\/types\/product"}],"wp:attachment":[{"href":"https:\/\/roveyayinevi.com.tr\/index.php\/wp-json\/wp\/v2\/media?parent=751153"}],"wp:term":[{"taxonomy":"product_brand","embeddable":true,"href":"https:\/\/roveyayinevi.com.tr\/index.php\/wp-json\/wp\/v2\/product_brand?post=751153"},{"taxonomy":"product_cat","embeddable":true,"href":"https:\/\/roveyayinevi.com.tr\/index.php\/wp-json\/wp\/v2\/product_cat?post=751153"},{"taxonomy":"product_tag","embeddable":true,"href":"https:\/\/roveyayinevi.com.tr\/index.php\/wp-json\/wp\/v2\/product_tag?post=751153"}],"curies":[{"name":"wp","href":"https:\/\/api.w.org\/{rel}","templated":true}]}}