{"id":751147,"date":"2025-08-28T04:40:57","date_gmt":"2025-08-28T01:40:57","guid":{"rendered":"https:\/\/roveyayinevi.com.tr\/index.php\/urun\/olaganustu-anlar-icin-ev-yapimi-mucizeler\/"},"modified":"2026-04-15T03:14:20","modified_gmt":"2026-04-15T00:14:20","slug":"olaganustu-anlar-icin-ev-yapimi-mucizeler","status":"publish","type":"product","link":"https:\/\/roveyayinevi.com.tr\/index.php\/urun\/olaganustu-anlar-icin-ev-yapimi-mucizeler\/","title":{"rendered":"Ola\u011fan\u00fcst\u00fc Anlar \u0130\u00e7in Ev Yap\u0131m\u0131 Mucizeler"},"content":{"rendered":"<p>\u201cB\u00fcy\u00fck bir tutku, b\u00fcy\u00fc gibidir ve olaylar\u0131 istedi\u011fi y\u00f6nde de\u011fi\u015ftirebilir.\u201d \u2013 Carl Gustav Jung Ola\u011fan\u00fcst\u00fc anlarla kar\u015f\u0131la\u015fmaya haz\u0131r m\u0131s\u0131n\u0131z? Ayaklar\u0131n\u0131z\u0131n yerden kesilece\u011fi, karn\u0131n\u0131zda kelebeklerin u\u00e7u\u015faca\u011f\u0131, heyecandan yerinizde duramayaca\u011f\u0131n\u0131z ve hayat boyu hi\u00e7 unutamayaca\u011f\u0131n\u0131z anlar ya\u015famaya var m\u0131s\u0131n\u0131z? Ola\u011fan\u00fcst\u00fc anlar sihirli anahtarlard\u0131r ve her an\u0131n i\u00e7indedir. \u0130\u00e7ti\u011finiz suyun, soludu\u011funuz havan\u0131n, tatl\u0131 uykunuzun, k\u00f6p\u00fckl\u00fc kahvenizin, demli \u00e7ay\u0131n\u0131z\u0131n, yedi\u011finiz bir lokman\u0131n, bir telefon g\u00f6r\u00fc\u015fmenizin, saks\u0131daki bitkinizin, okudu\u011funuz kitab\u0131n enerjisini k\u00fc\u00e7\u00fcc\u00fck bir re\u00e7eteyle d\u00f6n\u00fc\u015ft\u00fcrerek ola\u011fan\u00fcst\u00fc anlar\u0131, kocaman zaferleriniz i\u00e7in biriktirmeye ba\u015flay\u0131n. Hayat, vermek i\u00e7in, fark edilmeyi bekliyor sadece&#8230; <\/p>\n","protected":false},"excerpt":{"rendered":"<p>\u201cB\u00fcy\u00fck bir tutku, b\u00fcy\u00fc gibidir ve olaylar\u0131 istedi\u011fi y\u00f6nde de\u011fi\u015ftirebilir.\u201d \u2013 Carl Gustav Jung Ola\u011fan\u00fcst\u00fc anlarla kar\u015f\u0131la\u015fmaya haz\u0131r m\u0131s\u0131n\u0131z? Ayaklar\u0131n\u0131z\u0131n yerden kesilece\u011fi, karn\u0131n\u0131zda kelebeklerin u\u00e7u\u015faca\u011f\u0131, heyecandan<span class=\"excerpt-hellip\"> [\u2026]<\/span><\/p>\n","protected":false},"featured_media":0,"template":"","meta":{"_monsterinsights_skip_tracking":false,"_monsterinsights_sitenote_active":false,"_monsterinsights_sitenote_note":"","_monsterinsights_sitenote_category":0},"product_brand":[],"product_cat":[12364,12376],"product_tag":[],"class_list":{"0":"post-751147","1":"product","2":"type-product","3":"status-publish","5":"product_cat-genel-konular","6":"product_cat-kisisel-gelisim","7":"pa_cilt-ciltsiz","8":"pa_tur-kitap","9":"pa_yayinevi-destek-yayinlari","10":"pa_yazar-bircan-yildirim","12":"first","13":"instock","14":"sale","15":"shipping-taxable","16":"purchasable","17":"product-type-simple"},"_links":{"self":[{"href":"https:\/\/roveyayinevi.com.tr\/index.php\/wp-json\/wp\/v2\/product\/751147","targetHints":{"allow":["GET"]}}],"collection":[{"href":"https:\/\/roveyayinevi.com.tr\/index.php\/wp-json\/wp\/v2\/product"}],"about":[{"href":"https:\/\/roveyayinevi.com.tr\/index.php\/wp-json\/wp\/v2\/types\/product"}],"wp:attachment":[{"href":"https:\/\/roveyayinevi.com.tr\/index.php\/wp-json\/wp\/v2\/media?parent=751147"}],"wp:term":[{"taxonomy":"product_brand","embeddable":true,"href":"https:\/\/roveyayinevi.com.tr\/index.php\/wp-json\/wp\/v2\/product_brand?post=751147"},{"taxonomy":"product_cat","embeddable":true,"href":"https:\/\/roveyayinevi.com.tr\/index.php\/wp-json\/wp\/v2\/product_cat?post=751147"},{"taxonomy":"product_tag","embeddable":true,"href":"https:\/\/roveyayinevi.com.tr\/index.php\/wp-json\/wp\/v2\/product_tag?post=751147"}],"curies":[{"name":"wp","href":"https:\/\/api.w.org\/{rel}","templated":true}]}}