{"id":751137,"date":"2025-08-28T04:40:39","date_gmt":"2025-08-28T01:40:39","guid":{"rendered":"https:\/\/roveyayinevi.com.tr\/index.php\/urun\/coban-kopegi-pan\/"},"modified":"2026-04-16T03:04:39","modified_gmt":"2026-04-16T00:04:39","slug":"coban-kopegi-pan","status":"publish","type":"product","link":"https:\/\/roveyayinevi.com.tr\/index.php\/urun\/coban-kopegi-pan\/","title":{"rendered":"\u00c7oban K\u00f6pe\u011fi Pan"},"content":{"rendered":"<p>Pan, yeni dogan yedi yavrudan biri. Bembeyaz, koca g\u00f6bekli, y\u00fcnden bir topa\u00e7 gibi! Pan b\u00fcy\u00fcd\u00fcg\u00fcnde t\u00fcm s\u00fcr\u00fcye kendisi bakacak. Ama \u00f6grenecek \u00e7ok \u015fey var, bu nas\u0131l olacak? \u00c7oban K\u00f6pegi Pan\u2019\u0131n hik\u00e2yesi k\u0131r \u00e7i\u00e7ekleriyle bezeli. Merak ediyor musun Pan b\u00fcy\u00fcrken ba\u015f\u0131na neler geldi? Hepsi bu kitab\u0131n i\u00e7inde gizli! <\/p>\n","protected":false},"excerpt":{"rendered":"<p>Pan, yeni dogan yedi yavrudan biri. Bembeyaz, koca g\u00f6bekli, y\u00fcnden bir topa\u00e7 gibi! Pan b\u00fcy\u00fcd\u00fcg\u00fcnde t\u00fcm s\u00fcr\u00fcye kendisi bakacak. Ama \u00f6grenecek \u00e7ok \u015fey var, bu nas\u0131l<span class=\"excerpt-hellip\"> [\u2026]<\/span><\/p>\n","protected":false},"featured_media":0,"template":"","meta":{"_monsterinsights_skip_tracking":false,"_monsterinsights_sitenote_active":false,"_monsterinsights_sitenote_note":"","_monsterinsights_sitenote_category":0},"product_brand":[],"product_cat":[12274,12284],"product_tag":[],"class_list":{"0":"post-751137","1":"product","2":"type-product","3":"status-publish","5":"product_cat-cocuk-ve-genclik-kitaplari","6":"product_cat-hikayeler","7":"pa_cilt-ciltsiz","8":"pa_tur-kitap","9":"pa_yayinevi-vakifbank-kultur-yayinlari","10":"pa_yazar-gonca-mine-celik","12":"first","13":"instock","14":"sale","15":"shipping-taxable","16":"purchasable","17":"product-type-simple"},"_links":{"self":[{"href":"https:\/\/roveyayinevi.com.tr\/index.php\/wp-json\/wp\/v2\/product\/751137","targetHints":{"allow":["GET"]}}],"collection":[{"href":"https:\/\/roveyayinevi.com.tr\/index.php\/wp-json\/wp\/v2\/product"}],"about":[{"href":"https:\/\/roveyayinevi.com.tr\/index.php\/wp-json\/wp\/v2\/types\/product"}],"wp:attachment":[{"href":"https:\/\/roveyayinevi.com.tr\/index.php\/wp-json\/wp\/v2\/media?parent=751137"}],"wp:term":[{"taxonomy":"product_brand","embeddable":true,"href":"https:\/\/roveyayinevi.com.tr\/index.php\/wp-json\/wp\/v2\/product_brand?post=751137"},{"taxonomy":"product_cat","embeddable":true,"href":"https:\/\/roveyayinevi.com.tr\/index.php\/wp-json\/wp\/v2\/product_cat?post=751137"},{"taxonomy":"product_tag","embeddable":true,"href":"https:\/\/roveyayinevi.com.tr\/index.php\/wp-json\/wp\/v2\/product_tag?post=751137"}],"curies":[{"name":"wp","href":"https:\/\/api.w.org\/{rel}","templated":true}]}}