{"id":751113,"date":"2025-08-28T04:39:59","date_gmt":"2025-08-28T01:39:59","guid":{"rendered":"https:\/\/roveyayinevi.com.tr\/index.php\/urun\/kucuk-dunya-2\/"},"modified":"2026-04-16T03:04:07","modified_gmt":"2026-04-16T00:04:07","slug":"kucuk-dunya-2","status":"publish","type":"product","link":"https:\/\/roveyayinevi.com.tr\/index.php\/urun\/kucuk-dunya-2\/","title":{"rendered":"K\u00fc\u00e7\u00fck D\u00fcnya"},"content":{"rendered":"<p>Jess, Jack\u2019in ard\u0131ndan s\u00f6ylediklerini bir s\u00fcre d\u00fc\u015f\u00fcnd\u00fc. B\u00fcy\u00fckannesi ger\u00e7ekten de bir \u015feyin pe\u015finde olabilir miydi? Peki onlar\u0131n bu eve ta\u015f\u0131naca\u011f\u0131n\u0131 tahmin etmi\u015f miydi? Jess\u2019in emin oldu\u011fu bir \u015fey vard\u0131ysa o da t\u00fcm bunlar\u0131n, b\u00fcy\u00fckannesinin torunlar\u0131na, hatta k\u0131z\u0131na bile anlatmaktan ka\u00e7\u0131nd\u0131\u011f\u0131 ge\u00e7mi\u015fiyle alakal\u0131 olmas\u0131yd\u0131.   Kendisini bir sis bulutunun i\u00e7inde gibi hissetti. \u015eimdi o burada yoktu ve ba\u015flar\u0131ndan tuhaf ve esrarengiz olaylar ge\u00e7iyordu. Tehlikeli \u015feyler. Kim bilir daha neler olacakt\u0131? Jen\u2019e anlatt\u0131\u011f\u0131 o korkun\u00e7 yarat\u0131k Deh\u015fetsa\u00e7an, uydurma de\u011fil de ger\u00e7ekten varsa ne olacakt\u0131? \u201cNeyse bunlar\u0131n hi\u00e7bir \u00f6nemi yok \u00e7\u00fcnk\u00fc gizli ge\u00e7ide ula\u015fman\u0131n bir yolunu bulamad\u0131k. Hen\u00fcz\u2026\u201d diye d\u00fc\u015f\u00fcnd\u00fc. <\/p>\n","protected":false},"excerpt":{"rendered":"<p>Jess, Jack\u2019in ard\u0131ndan s\u00f6ylediklerini bir s\u00fcre d\u00fc\u015f\u00fcnd\u00fc. B\u00fcy\u00fckannesi ger\u00e7ekten de bir \u015feyin pe\u015finde olabilir miydi? Peki onlar\u0131n bu eve ta\u015f\u0131naca\u011f\u0131n\u0131 tahmin etmi\u015f miydi? Jess\u2019in emin oldu\u011fu<span class=\"excerpt-hellip\"> [\u2026]<\/span><\/p>\n","protected":false},"featured_media":0,"template":"","meta":{"_monsterinsights_skip_tracking":false,"_monsterinsights_sitenote_active":false,"_monsterinsights_sitenote_note":"","_monsterinsights_sitenote_category":0},"product_brand":[],"product_cat":[12291,12711],"product_tag":[],"class_list":{"0":"post-751113","1":"product","2":"type-product","3":"status-publish","5":"product_cat-edebiyat","6":"product_cat-roman-oyku","7":"pa_cilt-ciltsiz","8":"pa_tur-kitap","9":"pa_yayinevi-luna-yayinlari","10":"pa_yazar-simay-kopmus","12":"first","13":"instock","14":"sale","15":"shipping-taxable","16":"purchasable","17":"product-type-simple"},"_links":{"self":[{"href":"https:\/\/roveyayinevi.com.tr\/index.php\/wp-json\/wp\/v2\/product\/751113","targetHints":{"allow":["GET"]}}],"collection":[{"href":"https:\/\/roveyayinevi.com.tr\/index.php\/wp-json\/wp\/v2\/product"}],"about":[{"href":"https:\/\/roveyayinevi.com.tr\/index.php\/wp-json\/wp\/v2\/types\/product"}],"wp:attachment":[{"href":"https:\/\/roveyayinevi.com.tr\/index.php\/wp-json\/wp\/v2\/media?parent=751113"}],"wp:term":[{"taxonomy":"product_brand","embeddable":true,"href":"https:\/\/roveyayinevi.com.tr\/index.php\/wp-json\/wp\/v2\/product_brand?post=751113"},{"taxonomy":"product_cat","embeddable":true,"href":"https:\/\/roveyayinevi.com.tr\/index.php\/wp-json\/wp\/v2\/product_cat?post=751113"},{"taxonomy":"product_tag","embeddable":true,"href":"https:\/\/roveyayinevi.com.tr\/index.php\/wp-json\/wp\/v2\/product_tag?post=751113"}],"curies":[{"name":"wp","href":"https:\/\/api.w.org\/{rel}","templated":true}]}}