{"id":751092,"date":"2025-08-28T04:39:26","date_gmt":"2025-08-28T01:39:26","guid":{"rendered":"https:\/\/roveyayinevi.com.tr\/index.php\/urun\/ermis-livaneli-kitapligi\/"},"modified":"2026-04-16T03:04:07","modified_gmt":"2026-04-16T00:04:07","slug":"ermis-livaneli-kitapligi","status":"publish","type":"product","link":"https:\/\/roveyayinevi.com.tr\/index.php\/urun\/ermis-livaneli-kitapligi\/","title":{"rendered":"Ermi\u015f &#8211; Livaneli kitapl\u0131\u011f\u0131"},"content":{"rendered":"<p>\u201cKendi \u015fafa\u011f\u0131n\u0131n arifesindeki se\u00e7ilmi\u015f ve sevgili Mustafa\u201d yani Ermi\u015f, s\u00fcrg\u00fcn hayat\u0131 ya\u015fad\u0131\u011f\u0131 Orphalese\u2019den ayr\u0131l\u0131k vakti geldi\u011finde hem h\u00fcz\u00fcn hem de sevin\u00e7 i\u00e7indedir. Bu \u015fehirden ayr\u0131lmak zordur; ve fakat mecburidir. Derken kentin halk\u0131 etraf\u0131nda toplan\u0131r. Ve Ermi\u015f\u2019e seslenirler: \u201cBizimle konu\u015f ve bize ger\u00e7e\u011fi s\u00f6yle. Bizi a\u00e7 ve bize, sana g\u00f6sterilmi\u015f olan do\u011fumla \u00f6l\u00fcm aras\u0131ndakini anlat.\u201d Kent halk\u0131 Ermi\u015f\u2019e; sevgi, dostluk, g\u00fczellik, yasalar, su\u00e7, ceza, \u00f6zg\u00fcrl\u00fck, ac\u0131 ve nihayet \u00f6l\u00fcm \u00fczerine sorular sorar. Onun yan\u0131tlar\u0131 ise sevginin ve ho\u015fg\u00f6r\u00fcn\u00fcn en yal\u0131n haliyle, insan olman\u0131n erdemleriyle y\u00fckl\u00fcd\u00fcr. L\u00fcbnan as\u0131ll\u0131 Amerikal\u0131 yazar ve ressam Halil Cibran\u2019\u0131n \u00fcnl\u00fc eseri Ermi\u015f, bir as\u0131rd\u0131r insanl\u0131\u011f\u0131n ba\u015fucu kitaplar\u0131 aras\u0131nda yer alan, klasik bir metin. Bu \u00f6l\u00fcms\u00fcz eseri edebiyat\u0131m\u0131z\u0131n usta kalemi Z\u00fclf\u00fc Livaneli\u2019nin \u00f6ns\u00f6z\u00fcyle okura sunuyoruz. <\/p>\n","protected":false},"excerpt":{"rendered":"<p>\u201cKendi \u015fafa\u011f\u0131n\u0131n arifesindeki se\u00e7ilmi\u015f ve sevgili Mustafa\u201d yani Ermi\u015f, s\u00fcrg\u00fcn hayat\u0131 ya\u015fad\u0131\u011f\u0131 Orphalese\u2019den ayr\u0131l\u0131k vakti geldi\u011finde hem h\u00fcz\u00fcn hem de sevin\u00e7 i\u00e7indedir. Bu \u015fehirden ayr\u0131lmak zordur;<span class=\"excerpt-hellip\"> [\u2026]<\/span><\/p>\n","protected":false},"featured_media":0,"template":"","meta":{"_monsterinsights_skip_tracking":false,"_monsterinsights_sitenote_active":false,"_monsterinsights_sitenote_note":"","_monsterinsights_sitenote_category":0},"product_brand":[],"product_cat":[12291,12711],"product_tag":[],"class_list":{"0":"post-751092","1":"product","2":"type-product","3":"status-publish","5":"product_cat-edebiyat","6":"product_cat-roman-oyku","7":"pa_cilt-ciltsiz","8":"pa_tur-kitap","9":"pa_yayinevi-inkilap-kitabevi","10":"pa_yazar-halil-cibran","12":"first","13":"instock","14":"sale","15":"shipping-taxable","16":"purchasable","17":"product-type-simple"},"_links":{"self":[{"href":"https:\/\/roveyayinevi.com.tr\/index.php\/wp-json\/wp\/v2\/product\/751092","targetHints":{"allow":["GET"]}}],"collection":[{"href":"https:\/\/roveyayinevi.com.tr\/index.php\/wp-json\/wp\/v2\/product"}],"about":[{"href":"https:\/\/roveyayinevi.com.tr\/index.php\/wp-json\/wp\/v2\/types\/product"}],"wp:attachment":[{"href":"https:\/\/roveyayinevi.com.tr\/index.php\/wp-json\/wp\/v2\/media?parent=751092"}],"wp:term":[{"taxonomy":"product_brand","embeddable":true,"href":"https:\/\/roveyayinevi.com.tr\/index.php\/wp-json\/wp\/v2\/product_brand?post=751092"},{"taxonomy":"product_cat","embeddable":true,"href":"https:\/\/roveyayinevi.com.tr\/index.php\/wp-json\/wp\/v2\/product_cat?post=751092"},{"taxonomy":"product_tag","embeddable":true,"href":"https:\/\/roveyayinevi.com.tr\/index.php\/wp-json\/wp\/v2\/product_tag?post=751092"}],"curies":[{"name":"wp","href":"https:\/\/api.w.org\/{rel}","templated":true}]}}