{"id":751090,"date":"2025-08-28T04:39:23","date_gmt":"2025-08-28T01:39:23","guid":{"rendered":"https:\/\/roveyayinevi.com.tr\/index.php\/urun\/mechul-bir-kadindan-mektup-livaneli-kitapligi\/"},"modified":"2026-04-16T03:04:07","modified_gmt":"2026-04-16T00:04:07","slug":"mechul-bir-kadindan-mektup-livaneli-kitapligi","status":"publish","type":"product","link":"https:\/\/roveyayinevi.com.tr\/index.php\/urun\/mechul-bir-kadindan-mektup-livaneli-kitapligi\/","title":{"rendered":"Me\u00e7hul Bir Kad\u0131ndan Mektup &#8211; Livaneli Kitapl\u0131\u011f\u0131"},"content":{"rendered":"<p>\u0130nk\u0131l\u00e2p Kitabevi, Z\u00fclf\u00fc Livaneli se\u00e7kisine d\u00fcnya edebiyat\u0131n\u0131n usta yazar\u0131 Stefan Zweig\u2019dan tesirli bir ba\u015fyap\u0131t daha ekliyor! Me\u00e7hul Bir Kad\u0131ndan Mektup, Zweig\u2019in \u00f6zg\u00fcn kaleminin zirve yapt\u0131\u011f\u0131 d\u00f6neme ait bir yap\u0131t. Adeta bir film sahnesi tad\u0131n\u0131 veren ba\u015far\u0131l\u0131 betimlemeleriyle, d\u00fcnya edebiyat\u0131na arma\u011fan edilen \u00f6l\u00fcms\u00fcz bir eser. \u00c7ocuklu\u011funa ait bir a\u015fk hat\u0131ras\u0131 ile b\u00fct\u00fcn \u00f6mr\u00fcn\u00fc \u00e7aresizce beklemek ve umut etmekle ge\u00e7iren bir kad\u0131n\u0131n mektubu, her okuyan\u0131n \u201ckar\u015f\u0131l\u0131ks\u0131z a\u015fk\u201d kavram\u0131n\u0131 sorgulamas\u0131na olanak veriyor. \u201cKar\u015f\u0131l\u0131ks\u0131z bir a\u015fk u\u011fruna, bir \u00f6m\u00fcr t\u00fcketilir mi?\u201d sorusu zihnimizde yank\u0131lan\u0131rken, bu \u00f6l\u00fcm\u00fcne \u00e2\u015f\u0131k ve \u00e7aresiz kad\u0131n\u0131n ya\u015fad\u0131klar\u0131 okurunu derinden etkiliyor. Me\u00e7hul Bir Kad\u0131ndan Mektup, bu kez kalemiyle edebiyat\u0131m\u0131za unutulmayacak bir imza atan Z\u00fclf\u00fc Livaneli\u2019nin \u00f6ns\u00f6z\u00fcyle okurlar\u0131yla bulu\u015fuyor. <\/p>\n","protected":false},"excerpt":{"rendered":"<p>\u0130nk\u0131l\u00e2p Kitabevi, Z\u00fclf\u00fc Livaneli se\u00e7kisine d\u00fcnya edebiyat\u0131n\u0131n usta yazar\u0131 Stefan Zweig\u2019dan tesirli bir ba\u015fyap\u0131t daha ekliyor! Me\u00e7hul Bir Kad\u0131ndan Mektup, Zweig\u2019in \u00f6zg\u00fcn kaleminin zirve yapt\u0131\u011f\u0131 d\u00f6neme<span class=\"excerpt-hellip\"> [\u2026]<\/span><\/p>\n","protected":false},"featured_media":0,"template":"","meta":{"_monsterinsights_skip_tracking":false,"_monsterinsights_sitenote_active":false,"_monsterinsights_sitenote_note":"","_monsterinsights_sitenote_category":0},"product_brand":[],"product_cat":[12291,12711],"product_tag":[],"class_list":{"0":"post-751090","1":"product","2":"type-product","3":"status-publish","5":"product_cat-edebiyat","6":"product_cat-roman-oyku","7":"pa_cilt-ciltsiz","8":"pa_tur-kitap","9":"pa_yayinevi-inkilap-kitabevi","10":"pa_yazar-stefan-zweig","12":"first","13":"instock","14":"sale","15":"shipping-taxable","16":"purchasable","17":"product-type-simple"},"_links":{"self":[{"href":"https:\/\/roveyayinevi.com.tr\/index.php\/wp-json\/wp\/v2\/product\/751090","targetHints":{"allow":["GET"]}}],"collection":[{"href":"https:\/\/roveyayinevi.com.tr\/index.php\/wp-json\/wp\/v2\/product"}],"about":[{"href":"https:\/\/roveyayinevi.com.tr\/index.php\/wp-json\/wp\/v2\/types\/product"}],"wp:attachment":[{"href":"https:\/\/roveyayinevi.com.tr\/index.php\/wp-json\/wp\/v2\/media?parent=751090"}],"wp:term":[{"taxonomy":"product_brand","embeddable":true,"href":"https:\/\/roveyayinevi.com.tr\/index.php\/wp-json\/wp\/v2\/product_brand?post=751090"},{"taxonomy":"product_cat","embeddable":true,"href":"https:\/\/roveyayinevi.com.tr\/index.php\/wp-json\/wp\/v2\/product_cat?post=751090"},{"taxonomy":"product_tag","embeddable":true,"href":"https:\/\/roveyayinevi.com.tr\/index.php\/wp-json\/wp\/v2\/product_tag?post=751090"}],"curies":[{"name":"wp","href":"https:\/\/api.w.org\/{rel}","templated":true}]}}