{"id":751082,"date":"2025-08-28T04:39:11","date_gmt":"2025-08-28T01:39:11","guid":{"rendered":"https:\/\/roveyayinevi.com.tr\/index.php\/urun\/mantik-2\/"},"modified":"2026-04-16T03:04:07","modified_gmt":"2026-04-16T00:04:07","slug":"mantik-2","status":"publish","type":"product","link":"https:\/\/roveyayinevi.com.tr\/index.php\/urun\/mantik-2\/","title":{"rendered":"Mant\u0131k"},"content":{"rendered":"<p>Mant\u0131k ve bilimin ilkeleri hakk\u0131nda \u00f6nemli \u00e7al\u0131\u015fmalar\u0131 bulunan William Stanley Jevons, 1 Eyl\u00fcl 1835 \u2013 13 A\u011fustos 1882 y\u0131llar\u0131 aras\u0131nda ya\u015fam\u0131\u015f \u0130ngiliz iktisat\u00e7\u0131 ve mant\u0131k\u00e7\u0131d\u0131r. \u00d6zellikle neoklasik iktisat alan\u0131n\u0131n en \u00f6nemli isimlerinden biri olan Jevons, matematik, fizik ve kimyay\u0131 do\u011fa bilimleri olarak ele alm\u0131\u015f ve teorik \u00e7al\u0131\u015fmalar\u0131n\u0131n yan\u0131 s\u0131ra bilimde \u00e7\u0131\u011f\u0131r a\u00e7an deney ve g\u00f6zlemler de yapm\u0131\u015ft\u0131r. G\u00f6k bilimi alan\u0131nda da \u00f6nemli \u00e7al\u0131\u015fmalar\u0131 bulunan Jevons, mant\u0131k ile matemati\u011fin aras\u0131ndaki b\u00fcy\u00fck benzerli\u011fin fark\u0131na varm\u0131\u015f ve bu do\u011frultuda teoriler geli\u015ftirmi\u015ftir. Ayr\u0131ca yapay zek\u00e2n\u0131n ve bilgisayar\u0131n ilk \u00f6rneklerinden say\u0131lan \u201cLogic Piano\u201d (Mant\u0131k Piyanosu) adl\u0131 icad\u0131n da mucididir. Ak\u0131l y\u00fcr\u00fctmeyle ilgili konular\u0131n detaylar\u0131yla ele al\u0131nd\u0131\u011f\u0131 bu kitapta terimlere, \u00f6nermelere, k\u0131yas t\u00fcrlerine, arg\u00fcmanlara, \u00e7\u0131kar\u0131mlara, g\u00f6zlem ve deneylere, olaylar\u0131n bile\u015fenlerine ve nedenlerine, mant\u0131k hatalar\u0131na ve anlam belirsizliklerine yer verilmi\u015ftir. William Stanley Jevons\u2019\u0131n bu eseri, yazar\u0131n T\u00fcrk\u00e7eye \u00e7evrilen ilk kitab\u0131 olma \u00f6zelli\u011fini de ta\u015f\u0131maktad\u0131r.<\/p>\n","protected":false},"excerpt":{"rendered":"<p>Mant\u0131k ve bilimin ilkeleri hakk\u0131nda \u00f6nemli \u00e7al\u0131\u015fmalar\u0131 bulunan William Stanley Jevons, 1 Eyl\u00fcl 1835 \u2013 13 A\u011fustos 1882 y\u0131llar\u0131 aras\u0131nda ya\u015fam\u0131\u015f \u0130ngiliz iktisat\u00e7\u0131 ve mant\u0131k\u00e7\u0131d\u0131r. \u00d6zellikle<span class=\"excerpt-hellip\"> [\u2026]<\/span><\/p>\n","protected":false},"featured_media":0,"template":"","meta":{"_monsterinsights_skip_tracking":false,"_monsterinsights_sitenote_active":false,"_monsterinsights_sitenote_note":"","_monsterinsights_sitenote_category":0},"product_brand":[],"product_cat":[13005,13006],"product_tag":[],"class_list":{"0":"post-751082","1":"product","2":"type-product","3":"status-publish","5":"product_cat-bilim-muhendislik","6":"product_cat-populer-bilim","7":"pa_cilt-ciltsiz","8":"pa_tur-kitap","9":"pa_yayinevi-efil-yayinevi","10":"pa_yazar-william-stanley-jevons","12":"first","13":"instock","14":"sale","15":"shipping-taxable","16":"purchasable","17":"product-type-simple"},"_links":{"self":[{"href":"https:\/\/roveyayinevi.com.tr\/index.php\/wp-json\/wp\/v2\/product\/751082","targetHints":{"allow":["GET"]}}],"collection":[{"href":"https:\/\/roveyayinevi.com.tr\/index.php\/wp-json\/wp\/v2\/product"}],"about":[{"href":"https:\/\/roveyayinevi.com.tr\/index.php\/wp-json\/wp\/v2\/types\/product"}],"wp:attachment":[{"href":"https:\/\/roveyayinevi.com.tr\/index.php\/wp-json\/wp\/v2\/media?parent=751082"}],"wp:term":[{"taxonomy":"product_brand","embeddable":true,"href":"https:\/\/roveyayinevi.com.tr\/index.php\/wp-json\/wp\/v2\/product_brand?post=751082"},{"taxonomy":"product_cat","embeddable":true,"href":"https:\/\/roveyayinevi.com.tr\/index.php\/wp-json\/wp\/v2\/product_cat?post=751082"},{"taxonomy":"product_tag","embeddable":true,"href":"https:\/\/roveyayinevi.com.tr\/index.php\/wp-json\/wp\/v2\/product_tag?post=751082"}],"curies":[{"name":"wp","href":"https:\/\/api.w.org\/{rel}","templated":true}]}}